Results for 4.0.0 testsuite on i686-slackware-linux-gnu
Marek Ruciński
jharod@wp.pl
Sat Apr 23 13:36:00 GMT 2005
These are the results of my build of gcc-4.0.0 on my Slackware 10.1
Best wishes
Marek 'Amazarak' RuciĂąski
LAST_UPDATED: Obtained from CVS: -rgcc_4_0_0_release
=== acats tests ===
=== acats Summary ===
# of expected passes 2320
# of unexpected failures 0
Native configuration is i686-slackware-linux-gnu
=== g++ tests ===
Running target unix
XPASS: g++.old-deja/g++.other/init5.C execution test
=== g++ Summary ===
# of expected passes 10901
# of unexpected successes 1
# of expected failures 69
# of unsupported tests 56
/gcc-b7d7d3c623503986fb7a4587f35fa394/gcc-objdir/gcc/testsuite/../g++
version 4.0.0
=== gcc tests ===
Running target unix
XPASS: gcc.dg/vect/vect-22.c scan-tree-dump-times vectorized 3 loops 1
=== gcc Summary ===
# of expected passes 33863
# of unexpected successes 1
# of expected failures 101
# of untested testcases 28
# of unsupported tests 324
/gcc-b7d7d3c623503986fb7a4587f35fa394/gcc-objdir/gcc/xgcc version 4.0.0
=== gfortran tests ===
Running target unix
XPASS: gfortran.dg/ret_pointer_1.f90 -O0 execution test
XPASS: gfortran.dg/ret_pointer_1.f90 -O1 execution test
XPASS: gfortran.dg/ret_pointer_1.f90 -O3 -fomit-frame-pointer execution
test
XPASS:
gfortran.dg/ret_pointer_1.f90 -O3 -fomit-frame-pointer -funroll-loops
execution test
XPASS:
gfortran.dg/ret_pointer_1.f90 -O3 -fomit-frame-pointer -funroll-all-loops -
finline-functions execution test
FAIL: gfortran.fortran-torture/execute/forall_3.f90 execution, -O1
=== gfortran Summary ===
# of expected passes 5817
# of unexpected failures 1
# of unexpected successes 5
# of expected failures 21
/gcc-b7d7d3c623503986fb7a4587f35fa394/gcc-objdir/gcc/testsuite/../gfortran
version 4.0.0
=== objc tests ===
Running target unix
=== objc Summary ===
# of expected passes 1534
# of unsupported tests 10
/gcc-b7d7d3c623503986fb7a4587f35fa394/gcc-objdir/gcc/xgcc version 4.0.0
=== libffi tests ===
Running target unix
=== libffi Summary ===
# of expected passes 219
# of unsupported tests 2
=== libjava tests ===
Running target unix
FAIL: Array_3 -O3 execution - bytecode->native test
=== libjava Summary ===
# of expected passes 3788
# of unexpected failures 1
# of expected failures 14
# of untested testcases 17
=== libmudflap tests ===
Running target unix
=== libmudflap Summary ===
# of expected passes 1288
=== libstdc++-v3 check-abi Summary ===
# of added symbols: 48
# of missing symbols: 0
# of incompatible symbols: 0
using:
/gcc-b7d7d3c623503986fb7a4587f35fa394/gcc-4.0.0/libstdc++-v3/config/abi/i486
-linux-gnu/baseline_symbols.txt
=== libstdc++ tests ===
Running target unix
XPASS: 22_locale/locale/cons/12658_thread-1.cc execution test
=== libstdc++ Summary ===
# of expected passes 3620
# of unexpected successes 1
# of expected failures 13
Compiler version: 4.0.0
Platform: i686-slackware-linux-gnu
configure
flags: --prefix=/usr --enable-shared --with-gnu-ld --verbose --target=i686-s
lackware-linux --host=i686-slackware-linux --enable-__cxa_atexit --disable-c
hecking --enable-languages=c,ada,c++,f95,java,objc
More information about the Gcc-testresults
mailing list