Results for 4.1.0 20050423 (experimental) testsuite on powerpc64-unknown-linux-gnu
Jon Grimm
jgrimm@uranus.ltc.austin.ibm.com
Sat Apr 23 08:01:00 GMT 2005
Linux 2.6.9-5.EL ppc64
GNU C Library stable release version 2.3.4
GNU ld version 2.15.94 20050124
GNU assembler 2.15.94 20050124
GNU Make 3.80
DejaGnu:
Expect version is 5.40.0
Tcl version is 8.4
Framework version is 1.4.4
64-bit biarch default64
Linux 2.6.9-1.849_EL ppc64
GNU C Library stable release version 2.3.3
GNU ld version 2.15.92
GNU assembler 2.15.92
GNU Make 3.80
DejaGnu:
Expect version is 5.42.1
Tcl version is 8.4.7
Framework version is 1.4.4
64-bit biarch default64
LAST_UPDATED: Sat Apr 23 03:54:47 UTC 2005
Native configuration is powerpc64-unknown-linux-gnu
=== g++ tests ===
Running target unix/-m32
FAIL: g++.dg/other/static11.C (test for excess errors)
=== g++ Summary for unix/-m32 ===
# of expected passes 11060
# of unexpected failures 1
# of expected failures 65
# of unsupported tests 81
Running target unix/-m64
FAIL: g++.dg/other/static11.C (test for excess errors)
=== g++ Summary for unix/-m64 ===
# of expected passes 11022
# of unexpected failures 1
# of expected failures 65
# of unsupported tests 84
=== g++ Summary ===
# of expected passes 22082
# of unexpected failures 2
# of expected failures 130
# of unsupported tests 165
/home/jgrimm/build/nightly/build-gcc-mline64/gcc/testsuite/../g++ version 4.1.0 20050423 (experimental)
=== gcc tests ===
Running target unix/-m32
XPASS: gcc.c-torture/execute/20020720-1.c compilation, -O1
UNRESOLVED: gcc.c-torture/execute/20020720-1.c execution, -O2
UNRESOLVED: gcc.c-torture/execute/20020720-1.c execution, -O3 -fomit-frame-pointer
UNRESOLVED: gcc.c-torture/execute/20020720-1.c execution, -O3 -g
UNRESOLVED: gcc.c-torture/execute/20020720-1.c execution, -Os
FAIL: gcc.dg/uninit-1.c uninitialized variable warning (test for bogus messages, line 16)
XPASS: gcc.dg/vect/vect-67.c scan-tree-dump-times vectorized 1 loops 1
FAIL: gcc.dg/vect/vect-92.c execution test
=== gcc Summary for unix/-m32 ===
# of expected passes 36894
# of unexpected failures 2
# of unexpected successes 2
# of expected failures 103
# of unresolved testcases 4
# of untested testcases 28
# of unsupported tests 439
Running target unix/-m64
UNRESOLVED: gcc.c-torture/execute/20020720-1.c execution, -O1
UNRESOLVED: gcc.c-torture/execute/20020720-1.c execution, -O2
UNRESOLVED: gcc.c-torture/execute/20020720-1.c execution, -O3 -fomit-frame-pointer
UNRESOLVED: gcc.c-torture/execute/20020720-1.c execution, -O3 -g
UNRESOLVED: gcc.c-torture/execute/20020720-1.c execution, -Os
FAIL: gcc.dg/altivec-21.c (test for errors, line 13)
FAIL: gcc.dg/altivec-21.c (test for errors, line 14)
FAIL: gcc.dg/long-long-typespec-1.c unsigned long long int int (test for errors, line 823)
FAIL: gcc.dg/long-long-typespec-1.c unsigned long long int long (test for errors, line 824)
FAIL: gcc.dg/long-long-typespec-1.c unsigned long long int float (test for errors, line 825)
FAIL: gcc.dg/long-long-typespec-1.c unsigned long long int double (test for errors, line 826)
FAIL: gcc.dg/long-long-typespec-1.c unsigned long long int signed (test for errors, line 827)
FAIL: gcc.dg/long-long-typespec-1.c unsigned long long int unsigned (test for errors, line 828)
FAIL: gcc.dg/ppc64-abi-2.c (test for excess errors)
WARNING: gcc.dg/ppc64-abi-2.c compilation failed to produce executable
FAIL: gcc.dg/uninit-1.c uninitialized variable warning (test for bogus messages, line 16)
XPASS: gcc.dg/tree-ssa/sra-2.c scan-tree-dump-times link_error 0
XPASS: gcc.dg/vect/vect-67.c scan-tree-dump-times vectorized 1 loops 1
=== gcc Summary for unix/-m64 ===
# of expected passes 36890
# of unexpected failures 10
# of unexpected successes 2
# of expected failures 110
# of unresolved testcases 5
# of untested testcases 28
# of unsupported tests 436
=== gcc Summary ===
# of expected passes 73784
# of unexpected failures 12
# of unexpected successes 4
# of expected failures 213
# of unresolved testcases 9
# of untested testcases 56
# of unsupported tests 875
/home/jgrimm/build/nightly/build-gcc-mline64/gcc/xgcc version 4.1.0 20050423 (experimental)
=== gfortran tests ===
Running target unix/-m32
FAIL: gfortran.dg/namelist_13.f90 -O0 execution test
FAIL: gfortran.dg/namelist_13.f90 -O1 execution test
FAIL: gfortran.dg/namelist_13.f90 -O2 execution test
FAIL: gfortran.dg/namelist_13.f90 -O3 -fomit-frame-pointer execution test
FAIL: gfortran.dg/namelist_13.f90 -O3 -fomit-frame-pointer -funroll-loops execution test
FAIL: gfortran.dg/namelist_13.f90 -O3 -fomit-frame-pointer -funroll-all-loops -finline-functions execution test
FAIL: gfortran.dg/namelist_13.f90 -O3 -g execution test
FAIL: gfortran.dg/namelist_13.f90 -Os execution test
XPASS: gfortran.dg/ret_pointer_1.f90 -O0 execution test
XPASS: gfortran.dg/ret_pointer_1.f90 -O1 execution test
FAIL: gfortran.fortran-torture/execute/forall_3.f90 execution, -O0
FAIL: gfortran.fortran-torture/execute/forall_3.f90 execution, -O1
FAIL: gfortran.fortran-torture/execute/forall_3.f90 execution, -O2
FAIL: gfortran.fortran-torture/execute/forall_3.f90 execution, -O3 -fomit-frame-pointer
FAIL: gfortran.fortran-torture/execute/forall_3.f90 execution, -O3 -fomit-frame-pointer -funroll-loops
FAIL: gfortran.fortran-torture/execute/forall_3.f90 execution, -O3 -fomit-frame-pointer -funroll-all-loops -finline-functions
FAIL: gfortran.fortran-torture/execute/forall_3.f90 execution, -O3 -g
FAIL: gfortran.fortran-torture/execute/forall_3.f90 execution, -Os
=== gfortran Summary for unix/-m32 ===
# of expected passes 6388
# of unexpected failures 16
# of unexpected successes 2
# of expected failures 30
# of unsupported tests 16
Running target unix/-m64
FAIL: gfortran.dg/namelist_14.f90 -O0 (test for excess errors)
WARNING: gfortran.dg/namelist_14.f90 -O0 compilation failed to produce executable
XPASS: gfortran.dg/ret_pointer_1.f90 -O0 execution test
XPASS: gfortran.dg/ret_pointer_1.f90 -O1 execution test
XPASS: gfortran.dg/ret_pointer_1.f90 -O2 execution test
XPASS: gfortran.dg/ret_pointer_1.f90 -O3 -fomit-frame-pointer execution test
XPASS: gfortran.dg/ret_pointer_1.f90 -O3 -fomit-frame-pointer -funroll-loops execution test
XPASS: gfortran.dg/ret_pointer_1.f90 -O3 -fomit-frame-pointer -funroll-all-loops -finline-functions execution test
XPASS: gfortran.dg/ret_pointer_1.f90 -O3 -g execution test
XPASS: gfortran.dg/ret_pointer_1.f90 -Os execution test
FAIL: gfortran.fortran-torture/execute/forall_3.f90 execution, -O0
FAIL: gfortran.fortran-torture/execute/forall_3.f90 execution, -O1
FAIL: gfortran.fortran-torture/execute/forall_3.f90 execution, -O2
FAIL: gfortran.fortran-torture/execute/forall_3.f90 execution, -O3 -fomit-frame-pointer
FAIL: gfortran.fortran-torture/execute/forall_3.f90 execution, -O3 -fomit-frame-pointer -funroll-loops
FAIL: gfortran.fortran-torture/execute/forall_3.f90 execution, -O3 -fomit-frame-pointer -funroll-all-loops -finline-functions
FAIL: gfortran.fortran-torture/execute/forall_3.f90 execution, -O3 -g
FAIL: gfortran.fortran-torture/execute/forall_3.f90 execution, -Os
=== gfortran Summary for unix/-m64 ===
# of expected passes 6391
# of unexpected failures 9
# of unexpected successes 8
# of expected failures 27
# of unsupported tests 16
=== gfortran Summary ===
# of expected passes 12779
# of unexpected failures 25
# of unexpected successes 10
# of expected failures 57
# of unsupported tests 32
/home/jgrimm/build/nightly/build-gcc-mline64/gcc/testsuite/../gfortran version 4.1.0 20050423 (experimental)
=== objc tests ===
Running target unix/-m32
=== objc Summary for unix/-m32 ===
# of expected passes 1534
# of unsupported tests 11
Running target unix/-m64
=== objc Summary for unix/-m64 ===
# of expected passes 1534
# of unsupported tests 11
=== objc Summary ===
# of expected passes 3068
# of unsupported tests 22
/home/jgrimm/build/nightly/build-gcc-mline64/gcc/xgcc version 4.1.0 20050423 (experimental)
=== libmudflap tests ===
Running target unix/-m32
FAIL: libmudflap.cth/pass40-frag.c execution test
FAIL: libmudflap.cth/pass40-frag.c output pattern test
FAIL: libmudflap.cth/pass40-frag.c (-O2) execution test
FAIL: libmudflap.cth/pass40-frag.c (-O2) output pattern test
FAIL: libmudflap.cth/pass40-frag.c (-O3) execution test
FAIL: libmudflap.cth/pass40-frag.c (-O3) output pattern test
=== libmudflap Summary for unix/-m32 ===
# of expected passes 1325
# of unexpected failures 6
Running target unix/-m64
FAIL: libmudflap.c/fail27-frag.c output pattern test
FAIL: libmudflap.c/fail27-frag.c (-O2) output pattern test
FAIL: libmudflap.c/fail27-frag.c (-O3) output pattern test
=== libmudflap Summary for unix/-m64 ===
# of expected passes 1328
# of unexpected failures 3
=== libmudflap Summary ===
# of expected passes 2653
# of unexpected failures 9
=== libstdc++ tests ===
Running target unix/-m32
FAIL: abi_check
FAIL: 22_locale/messages/members/char/1.cc execution test
FAIL: 22_locale/messages/members/char/2.cc execution test
FAIL: 22_locale/messages/members/char/wrapped_env.cc execution test
FAIL: 22_locale/messages/members/char/wrapped_locale.cc execution test
FAIL: 22_locale/messages_byname/named_equivalence.cc execution test
XPASS: 26_numerics/cmath/c99_classification_macros_c.cc (test for excess errors)
XPASS: ext/array_allocator/2.cc execution test
=== libstdc++ Summary for unix/-m32 ===
# of expected passes 3619
# of unexpected failures 6
# of unexpected successes 2
# of expected failures 12
Running target unix/-m64
FAIL: abi_check
XPASS: 26_numerics/cmath/c99_classification_macros_c.cc (test for excess errors)
FAIL: 27_io/fpos/1.cc (test for excess errors)
XPASS: 27_io/fpos/14320-1.cc execution test
XPASS: ext/array_allocator/2.cc execution test
=== libstdc++ Summary for unix/-m64 ===
# of expected passes 3623
# of unexpected failures 2
# of unexpected successes 3
# of expected failures 11
=== libstdc++ Summary ===
# of expected passes 7242
# of unexpected failures 8
# of unexpected successes 5
# of expected failures 23
Compiler version: 4.1.0 20050423 (experimental)
Platform: powerpc64-unknown-linux-gnu
configure flags: --prefix=/home/jgrimm/opt/gcc-nightly/mline64-20050423 --build=powerpc64-linux --host=powerpc64-linux --target=powerpc64-linux --with-cpu=default64 --with-as=/home/jgrimm/tools/binutils/bin/as --with-ld=/home/jgrimm/tools/binutils/bin/ld --enable-threads=posix --enable-shared --enable-__cxa_atexit --with-mpfr=/home/jgrimm/opt/gcc-nightly/gmp64 --enable-languages=c,c++,f95,objc
More information about the Gcc-testresults
mailing list