Results for 4.0.0 20050420 (prerelease) testsuite on x86_64-unknown-linux-gnu
Al Stone
ahs3@fc.hp.com
Wed Apr 20 22:36:00 GMT 2005
LAST_UPDATED: Thu Mar 10 07:51:30 UTC 2005
Native configuration is x86_64-unknown-linux-gnu
=== g++ tests ===
Running target unix
WARNING: program timed out.
WARNING: program timed out.
FAIL: g++.dg/template/shift1.C (test for excess errors)
WARNING: program timed out.
FAIL: g++.old-deja/g++.martin/new1.C (test for excess errors)
WARNING: program timed out.
FAIL: g++.old-deja/g++.robertl/eb54.C (test for excess errors)
=== g++ Summary ===
# of expected passes 10801
# of unexpected failures 3
# of expected failures 70
# of unsupported tests 90
/opt/toolchain/amd64/obj/upstream/gcc-4.0/gcc/testsuite/../g++ version 4.0.0 20050420 (prerelease)
=== gcc tests ===
Running target unix
WARNING: program timed out.
FAIL: gcc.c-torture/compile/20011229-2.c -O3 -fomit-frame-pointer -funroll-loops (test for excess errors)
WARNING: program timed out.
FAIL: gcc.c-torture/compile/20041026-1.c -O2 (test for excess errors)
WARNING: program timed out.
FAIL: gcc.c-torture/compile/931102-2.c -O2 (test for excess errors)
WARNING: program timed out.
FAIL: gcc.c-torture/execute/20000205-1.c compilation, -O2
UNRESOLVED: gcc.c-torture/execute/20000205-1.c execution, -O2
WARNING: program timed out.
FAIL: gcc.c-torture/execute/20030717-1.c compilation, -Os
UNRESOLVED: gcc.c-torture/execute/20030717-1.c execution, -Os
FAIL: gcc.dg/setjmp-2.c (test for excess errors)
WARNING: gcc.dg/setjmp-2.c compilation failed to produce executable
FAIL: gcc.dg/short-compare-1.c (test for excess errors)
WARNING: gcc.dg/short-compare-1.c compilation failed to produce executable
FAIL: gcc.dg/short-compare-2.c (test for excess errors)
WARNING: gcc.dg/short-compare-2.c compilation failed to produce executable
XPASS: gcc.dg/vect/vect-22.c scan-tree-dump-times vectorized 3 loops 1
=== gcc Summary ===
# of expected passes 33548
# of unexpected failures 8
# of unexpected successes 1
# of expected failures 105
# of unresolved testcases 2
# of untested testcases 28
# of unsupported tests 429
/opt/toolchain/amd64/obj/upstream/gcc-4.0/gcc/xgcc version 4.0.0 20050420 (prerelease)
=== libstdc++ tests ===
Running target unix
XPASS: 22_locale/locale/cons/12658_thread-1.cc execution test
WARNING: program timed out.
FAIL: 22_locale/num_put/put/wchar_t/3.cc (test for excess errors)
XPASS: 26_numerics/cmath/c99_classification_macros_c.cc (test for excess errors)
XPASS: 27_io/fpos/14320-1.cc execution test
=== libstdc++ Summary ===
# of expected passes 3609
# of unexpected failures 1
# of unexpected successes 3
# of expected failures 11
Compiler version: 4.0.0 20050420 (prerelease)
Platform: x86_64-unknown-linux-gnu
configure flags: --prefix=/opt/toolchain/amd64/tot --program-suffix=-4.0 --with-system-zlib --enable-nls --without-included-gettext --disable-multilib --enable-languages=c,c++
Counting all warnings,
there are 0 warnings in stage3 of this bootstrap.
Number of warnings per file:
Number of warning types:
More information about the Gcc-testresults
mailing list