Results for 3.4.4 20050414 (prerelease) testsuite on i386-pc-solaris2.10
Rainer Orth
ro@TechFak.Uni-Bielefeld.DE
Mon Apr 18 15:28:00 GMT 2005
LAST_UPDATED: Thu Apr 14 18:28:01 UTC 2005
=== acats tests ===
FAIL: c954026
=== acats Summary ===
# of expected passes 2321
# of unexpected failures 1
Native configuration is i386-pc-solaris2.10
=== g++ tests ===
Running target unix
FAIL: g++.dg/eh/simd-2.C (test for excess errors)
WARNING: g++.dg/eh/simd-2.C compilation failed to produce executable
XPASS: g++.dg/rtti/tinfo1.C scan-assembler _ZTIP9CTemplateIhE:
XPASS: g++.dg/rtti/tinfo1.C scan-assembler-not .globl[ \\t]+_ZTIP9CTemplateIhE
FAIL: g++.dg/special/conpr-1.C execution test
FAIL: g++.dg/special/conpr-3.C execution test
FAIL: g++.dg/special/conpr-4.C execution test
FAIL: g++.old-deja/g++.eh/badalloc1.C execution test
WARNING: g++.old-deja/g++.mike/p10769a.C compilation failed to produce executable
WARNING: g++.old-deja/g++.other/enum5.C compilation failed to produce executable
WARNING: g++.old-deja/g++.pt/friend44.C compilation failed to produce executable
=== g++ Summary ===
# of expected passes 9808
# of unexpected failures 5
# of unexpected successes 2
# of expected failures 74
# of unsupported tests 55
/amnt/figaro/volumes/obj-gcc/gcc/obj.sol86/gcc-3.4.4-20050414/10-gcc/gcc/testsuite/../g++ version 3.4.4 20050414 (prerelease)
=== g77 tests ===
Running target unix
=== g77 Summary ===
# of expected passes 1812
# of unsupported tests 6
/amnt/figaro/volumes/obj-gcc/gcc/obj.sol86/gcc-3.4.4-20050414/10-gcc/gcc/testsuite/../g77 version 3.4.4 20050414 (prerelease)
=== gcc tests ===
Running target unix
FAIL: gcc.c-torture/execute/va-arg-25.c execution, -Os
FAIL: gcc.dg/compat/vector-1 c_compat_x_tst.o compile
FAIL: gcc.dg/compat/vector-1 c_compat_y_tst.o compile
UNRESOLVED: gcc.dg/compat/vector-1 c_compat_x_tst.o-c_compat_y_tst.o link
UNRESOLVED: gcc.dg/compat/vector-1 c_compat_x_tst.o-c_compat_y_tst.o execute
FAIL: gcc.dg/compat/vector-2 c_compat_x_tst.o compile
FAIL: gcc.dg/compat/vector-2 c_compat_y_tst.o compile
UNRESOLVED: gcc.dg/compat/vector-2 c_compat_x_tst.o-c_compat_y_tst.o link
UNRESOLVED: gcc.dg/compat/vector-2 c_compat_x_tst.o-c_compat_y_tst.o execute
FAIL: gcc.dg/20011009-1.c (test for excess errors)
WARNING: gcc.dg/20011009-1.c compilation failed to produce executable
FAIL: gcc.dg/20020523-1.c (test for excess errors)
WARNING: gcc.dg/20020523-1.c compilation failed to produce executable
FAIL: gcc.dg/20020523-2.c (test for excess errors)
WARNING: gcc.dg/20020523-2.c compilation failed to produce executable
FAIL: gcc.dg/const-elim-1.c scan-assembler-not L\\\\\$?C[^A-Z]
FAIL: gcc.dg/visibility-1.c (test for excess errors)
FAIL: gcc.dg/visibility-1.c scan-assembler \\\\.hidden.*foo
FAIL: gcc.dg/visibility-2.c (test for excess errors)
FAIL: gcc.dg/visibility-2.c scan-assembler \\\\.hidden.*foo
FAIL: gcc.dg/visibility-3.c (test for excess errors)
FAIL: gcc.dg/visibility-3.c scan-assembler \\\\.hidden.*xyzzy
FAIL: gcc.dg/visibility-4.c (test for excess errors)
FAIL: gcc.dg/visibility-4.c scan-assembler \\\\.hidden.*xyzzy
FAIL: gcc.dg/visibility-5.c (test for excess errors)
FAIL: gcc.dg/visibility-5.c scan-assembler \\\\.hidden.*foo
FAIL: gcc.dg/visibility-6.c (test for excess errors)
FAIL: gcc.dg/visibility-6.c scan-assembler \\\\.hidden.*xyzzy
FAIL: gcc.dg/visibility-7.c (test for excess errors)
FAIL: gcc.dg/visibility-7.c scan-assembler \\\\.hidden.*xyzzy
FAIL: gcc.dg/visibility-8.c (test for excess errors)
FAIL: gcc.dg/visibility-8.c scan-assembler \\\\.hidden.*__GI_fputs_unlocked
=== gcc Summary ===
# of expected passes 24976
# of unexpected failures 25
# of expected failures 69
# of unresolved testcases 4
# of untested testcases 7
# of unsupported tests 218
/amnt/figaro/volumes/obj-gcc/gcc/obj.sol86/gcc-3.4.4-20050414/10-gcc/gcc/xgcc version 3.4.4 20050414 (prerelease)
=== objc tests ===
Running target unix
=== objc Summary ===
# of expected passes 1352
# of unsupported tests 8
/amnt/figaro/volumes/obj-gcc/gcc/obj.sol86/gcc-3.4.4-20050414/10-gcc/gcc/xgcc version 3.4.4 20050414 (prerelease)
=== libffi tests ===
Running target unix
=== libffi Summary ===
# of expected passes 212
# of unsupported tests 2
=== libjava tests ===
Running target unix
FAIL: FileHandleGcTest execution - source compiled test
FAIL: FileHandleGcTest execution - gij test
FAIL: FileHandleGcTest execution - bytecode->native test
FAIL: FileHandleGcTest -O3 execution - source compiled test
FAIL: FileHandleGcTest execution - gij test
FAIL: FileHandleGcTest -O3 execution - bytecode->native test
FAIL: Throw_2 execution - source compiled test
FAIL: Throw_2 execution - gij test
FAIL: Throw_2 execution - bytecode->native test
FAIL: Throw_2 -O3 execution - source compiled test
FAIL: Throw_2 execution - gij test
FAIL: Throw_2 -O3 execution - bytecode->native test
FAIL: /vol/gcc/obj/gcc-3.4.4-20050414/10-gcc/i386-pc-solaris2.10/libjava/testsuite/TestEarlyGC.exe execution - /vol/gcc/obj/gcc-3.4.4-20050414/10-gcc/i386-pc-solaris2.10/libjava/testsuite/TestEarlyGC.exe
FAIL: /vol/gcc/obj/gcc-3.4.4-20050414/10-gcc/i386-pc-solaris2.10/libjava/testsuite/TestLeak.exe execution - /vol/gcc/obj/gcc-3.4.4-20050414/10-gcc/i386-pc-solaris2.10/libjava/testsuite/TestLeak.exe
=== libjava Summary ===
# of expected passes 3243
# of unexpected failures 14
# of expected failures 10
# of untested testcases 22
=== libstdc++ tests ===
Running target unix
XPASS: 22_locale/locale/cons/12658_thread.cc execution test
FAIL: 22_locale/num_put/put/char/14220.cc execution test
FAIL: 22_locale/num_put/put/wchar_t/14220.cc execution test
FAIL: 26_numerics/c99_classification_macros_c++.cc (test for excess errors)
FAIL: 26_numerics/c99_classification_macros_c.cc (test for excess errors)
=== libstdc++ Summary ===
# of expected passes 2732
# of unexpected failures 4
# of unexpected successes 1
# of expected failures 5
Compiler version: 3.4.4 20050414 (prerelease)
Platform: i386-pc-solaris2.10
configure flags: --prefix=/vol/gcc --with-local-prefix=/vol/gcc --disable-nls --disable-multilib
More information about the Gcc-testresults
mailing list