Results for 4.0.0 20050413 (prerelease) testsuite on sparc-sun-solaris2.8
Joe Buck
Joe.Buck@synopsys.com
Thu Apr 14 00:37:00 GMT 2005
OS: Solaris 8 (or 2.8, or SunOS 5.8, you pick)
System: 4-way 400 MHz SUNW,UltraSPARC-II, 4GB RAM, 6.4GB swap
GNU as and GNU ld used (2.15 + patch from install/specific.html)
gcc 2.95.2 used for bootstrapping
Only C, C++, ObjC are tested (no Java).
LAST_UPDATED: Wed Apr 13 08:14:51 UTC 2005
Native configuration is sparc-sun-solaris2.8
=== g++ tests ===
Running target unix
XPASS: g++.dg/special/conpr-2.C execution test
XPASS: g++.dg/special/initp1.C execution test
=== g++ Summary for unix ===
# of expected passes 10820
# of unexpected successes 2
# of expected failures 70
# of unsupported tests 97
Running target unix/-m64
FAIL: g++.dg/debug/const1.C -gstabs1 (test for excess errors)
FAIL: g++.dg/debug/const1.C -gstabs1 -O2 (test for excess errors)
FAIL: g++.dg/debug/const1.C -gstabs1 -O3 (test for excess errors)
FAIL: g++.dg/debug/const1.C -gstabs (test for excess errors)
FAIL: g++.dg/debug/const1.C -gstabs -O2 (test for excess errors)
FAIL: g++.dg/debug/const1.C -gstabs -O3 (test for excess errors)
FAIL: g++.dg/debug/const1.C -gstabs3 (test for excess errors)
FAIL: g++.dg/debug/const1.C -gstabs3 -O2 (test for excess errors)
FAIL: g++.dg/debug/const1.C -gstabs3 -O3 (test for excess errors)
FAIL: g++.dg/debug/const1.C -gstabs+1 (test for excess errors)
FAIL: g++.dg/debug/const1.C -gstabs+1 -O2 (test for excess errors)
FAIL: g++.dg/debug/const1.C -gstabs+1 -O3 (test for excess errors)
FAIL: g++.dg/debug/const1.C -gstabs+ (test for excess errors)
FAIL: g++.dg/debug/const1.C -gstabs+ -O2 (test for excess errors)
FAIL: g++.dg/debug/const1.C -gstabs+ -O3 (test for excess errors)
FAIL: g++.dg/debug/const1.C -gstabs+3 (test for excess errors)
FAIL: g++.dg/debug/const1.C -gstabs+3 -O2 (test for excess errors)
FAIL: g++.dg/debug/const1.C -gstabs+3 -O3 (test for excess errors)
FAIL: g++.dg/debug/debug4.C -gstabs1 (test for excess errors)
FAIL: g++.dg/debug/debug4.C -gstabs1 -O2 (test for excess errors)
FAIL: g++.dg/debug/debug4.C -gstabs1 -O3 (test for excess errors)
FAIL: g++.dg/debug/debug4.C -gstabs (test for excess errors)
FAIL: g++.dg/debug/debug4.C -gstabs -O2 (test for excess errors)
FAIL: g++.dg/debug/debug4.C -gstabs -O3 (test for excess errors)
FAIL: g++.dg/debug/debug4.C -gstabs3 (test for excess errors)
FAIL: g++.dg/debug/debug4.C -gstabs3 -O2 (test for excess errors)
FAIL: g++.dg/debug/debug4.C -gstabs3 -O3 (test for excess errors)
FAIL: g++.dg/debug/debug4.C -gstabs+1 (test for excess errors)
FAIL: g++.dg/debug/debug4.C -gstabs+1 -O2 (test for excess errors)
FAIL: g++.dg/debug/debug4.C -gstabs+1 -O3 (test for excess errors)
FAIL: g++.dg/debug/debug4.C -gstabs+ (test for excess errors)
FAIL: g++.dg/debug/debug4.C -gstabs+ -O2 (test for excess errors)
FAIL: g++.dg/debug/debug4.C -gstabs+ -O3 (test for excess errors)
FAIL: g++.dg/debug/debug4.C -gstabs+3 (test for excess errors)
FAIL: g++.dg/debug/debug4.C -gstabs+3 -O2 (test for excess errors)
FAIL: g++.dg/debug/debug4.C -gstabs+3 -O3 (test for excess errors)
FAIL: g++.dg/debug/trivial.C -gstabs1 (test for excess errors)
WARNING: g++.dg/debug/trivial.C -gstabs1 compilation failed to produce executable
FAIL: g++.dg/debug/trivial.C -gstabs1 -O2 (test for excess errors)
WARNING: g++.dg/debug/trivial.C -gstabs1 -O2 compilation failed to produce executable
FAIL: g++.dg/debug/trivial.C -gstabs1 -O3 (test for excess errors)
WARNING: g++.dg/debug/trivial.C -gstabs1 -O3 compilation failed to produce executable
FAIL: g++.dg/debug/trivial.C -gstabs (test for excess errors)
WARNING: g++.dg/debug/trivial.C -gstabs compilation failed to produce executable
FAIL: g++.dg/debug/trivial.C -gstabs -O2 (test for excess errors)
WARNING: g++.dg/debug/trivial.C -gstabs -O2 compilation failed to produce executable
FAIL: g++.dg/debug/trivial.C -gstabs -O3 (test for excess errors)
WARNING: g++.dg/debug/trivial.C -gstabs -O3 compilation failed to produce executable
FAIL: g++.dg/debug/trivial.C -gstabs3 (test for excess errors)
WARNING: g++.dg/debug/trivial.C -gstabs3 compilation failed to produce executable
FAIL: g++.dg/debug/trivial.C -gstabs3 -O2 (test for excess errors)
WARNING: g++.dg/debug/trivial.C -gstabs3 -O2 compilation failed to produce executable
FAIL: g++.dg/debug/trivial.C -gstabs3 -O3 (test for excess errors)
WARNING: g++.dg/debug/trivial.C -gstabs3 -O3 compilation failed to produce executable
FAIL: g++.dg/debug/trivial.C -gstabs+1 (test for excess errors)
WARNING: g++.dg/debug/trivial.C -gstabs+1 compilation failed to produce executable
FAIL: g++.dg/debug/trivial.C -gstabs+1 -O2 (test for excess errors)
WARNING: g++.dg/debug/trivial.C -gstabs+1 -O2 compilation failed to produce executable
FAIL: g++.dg/debug/trivial.C -gstabs+1 -O3 (test for excess errors)
WARNING: g++.dg/debug/trivial.C -gstabs+1 -O3 compilation failed to produce executable
FAIL: g++.dg/debug/trivial.C -gstabs+ (test for excess errors)
WARNING: g++.dg/debug/trivial.C -gstabs+ compilation failed to produce executable
FAIL: g++.dg/debug/trivial.C -gstabs+ -O2 (test for excess errors)
WARNING: g++.dg/debug/trivial.C -gstabs+ -O2 compilation failed to produce executable
FAIL: g++.dg/debug/trivial.C -gstabs+ -O3 (test for excess errors)
WARNING: g++.dg/debug/trivial.C -gstabs+ -O3 compilation failed to produce executable
FAIL: g++.dg/debug/trivial.C -gstabs+3 (test for excess errors)
WARNING: g++.dg/debug/trivial.C -gstabs+3 compilation failed to produce executable
FAIL: g++.dg/debug/trivial.C -gstabs+3 -O2 (test for excess errors)
WARNING: g++.dg/debug/trivial.C -gstabs+3 -O2 compilation failed to produce executable
FAIL: g++.dg/debug/trivial.C -gstabs+3 -O3 (test for excess errors)
WARNING: g++.dg/debug/trivial.C -gstabs+3 -O3 compilation failed to produce executable
XPASS: g++.dg/special/conpr-2.C execution test
XPASS: g++.dg/special/initp1.C execution test
=== g++ Summary for unix/-m64 ===
# of expected passes 10716
# of unexpected failures 54
# of unexpected successes 2
# of expected failures 70
# of unsupported tests 99
=== g++ Summary ===
# of expected passes 21536
# of unexpected failures 54
# of unexpected successes 4
# of expected failures 140
# of unsupported tests 196
/remote/atg2/jbuck/solaris.tmp/4_0_branch/gcc/testsuite/../g++ version 4.0.0 20050413 (prerelease)
=== gcc tests ===
Running target unix
=== gcc Summary for unix ===
# of expected passes 33323
# of expected failures 102
# of untested testcases 28
# of unsupported tests 519
Running target unix/-m64
FAIL: gcc.dg/debug/20020220-1.c -gstabs1 (test for excess errors)
WARNING: gcc.dg/debug/20020220-1.c -gstabs1 compilation failed to produce executable
FAIL: gcc.dg/debug/20020220-1.c -gstabs1 -O (test for excess errors)
WARNING: gcc.dg/debug/20020220-1.c -gstabs1 -O compilation failed to produce executable
FAIL: gcc.dg/debug/20020220-1.c -gstabs1 -O3 (test for excess errors)
WARNING: gcc.dg/debug/20020220-1.c -gstabs1 -O3 compilation failed to produce executable
FAIL: gcc.dg/debug/20020220-1.c -gstabs (test for excess errors)
WARNING: gcc.dg/debug/20020220-1.c -gstabs compilation failed to produce executable
FAIL: gcc.dg/debug/20020220-1.c -gstabs -O (test for excess errors)
WARNING: gcc.dg/debug/20020220-1.c -gstabs -O compilation failed to produce executable
FAIL: gcc.dg/debug/20020220-1.c -gstabs -O3 (test for excess errors)
WARNING: gcc.dg/debug/20020220-1.c -gstabs -O3 compilation failed to produce executable
FAIL: gcc.dg/debug/20020220-1.c -gstabs3 (test for excess errors)
WARNING: gcc.dg/debug/20020220-1.c -gstabs3 compilation failed to produce executable
FAIL: gcc.dg/debug/20020220-1.c -gstabs3 -O (test for excess errors)
WARNING: gcc.dg/debug/20020220-1.c -gstabs3 -O compilation failed to produce executable
FAIL: gcc.dg/debug/20020220-1.c -gstabs3 -O3 (test for excess errors)
WARNING: gcc.dg/debug/20020220-1.c -gstabs3 -O3 compilation failed to produce executable
FAIL: gcc.dg/debug/20020220-1.c -gstabs+1 (test for excess errors)
WARNING: gcc.dg/debug/20020220-1.c -gstabs+1 compilation failed to produce executable
FAIL: gcc.dg/debug/20020220-1.c -gstabs+1 -O (test for excess errors)
WARNING: gcc.dg/debug/20020220-1.c -gstabs+1 -O compilation failed to produce executable
FAIL: gcc.dg/debug/20020220-1.c -gstabs+1 -O3 (test for excess errors)
WARNING: gcc.dg/debug/20020220-1.c -gstabs+1 -O3 compilation failed to produce executable
FAIL: gcc.dg/debug/20020220-1.c -gstabs+ (test for excess errors)
WARNING: gcc.dg/debug/20020220-1.c -gstabs+ compilation failed to produce executable
FAIL: gcc.dg/debug/20020220-1.c -gstabs+ -O (test for excess errors)
WARNING: gcc.dg/debug/20020220-1.c -gstabs+ -O compilation failed to produce executable
FAIL: gcc.dg/debug/20020220-1.c -gstabs+ -O3 (test for excess errors)
WARNING: gcc.dg/debug/20020220-1.c -gstabs+ -O3 compilation failed to produce executable
FAIL: gcc.dg/debug/20020220-1.c -gstabs+3 (test for excess errors)
WARNING: gcc.dg/debug/20020220-1.c -gstabs+3 compilation failed to produce executable
FAIL: gcc.dg/debug/20020220-1.c -gstabs+3 -O (test for excess errors)
WARNING: gcc.dg/debug/20020220-1.c -gstabs+3 -O compilation failed to produce executable
FAIL: gcc.dg/debug/20020220-1.c -gstabs+3 -O3 (test for excess errors)
WARNING: gcc.dg/debug/20020220-1.c -gstabs+3 -O3 compilation failed to produce executable
FAIL: gcc.dg/debug/20020327-1.c -gstabs1 (test for excess errors)
FAIL: gcc.dg/debug/20020327-1.c -gstabs1 -O (test for excess errors)
FAIL: gcc.dg/debug/20020327-1.c -gstabs1 -O3 (test for excess errors)
FAIL: gcc.dg/debug/20020327-1.c -gstabs (test for excess errors)
FAIL: gcc.dg/debug/20020327-1.c -gstabs -O (test for excess errors)
FAIL: gcc.dg/debug/20020327-1.c -gstabs -O3 (test for excess errors)
FAIL: gcc.dg/debug/20020327-1.c -gstabs3 (test for excess errors)
FAIL: gcc.dg/debug/20020327-1.c -gstabs3 -O (test for excess errors)
FAIL: gcc.dg/debug/20020327-1.c -gstabs3 -O3 (test for excess errors)
FAIL: gcc.dg/debug/20020327-1.c -gstabs+1 (test for excess errors)
FAIL: gcc.dg/debug/20020327-1.c -gstabs+1 -O (test for excess errors)
FAIL: gcc.dg/debug/20020327-1.c -gstabs+1 -O3 (test for excess errors)
FAIL: gcc.dg/debug/20020327-1.c -gstabs+ (test for excess errors)
FAIL: gcc.dg/debug/20020327-1.c -gstabs+ -O (test for excess errors)
FAIL: gcc.dg/debug/20020327-1.c -gstabs+ -O3 (test for excess errors)
FAIL: gcc.dg/debug/20020327-1.c -gstabs+3 (test for excess errors)
FAIL: gcc.dg/debug/20020327-1.c -gstabs+3 -O (test for excess errors)
FAIL: gcc.dg/debug/20020327-1.c -gstabs+3 -O3 (test for excess errors)
FAIL: gcc.dg/debug/trivial.c -gstabs1 (test for excess errors)
WARNING: gcc.dg/debug/trivial.c -gstabs1 compilation failed to produce executable
FAIL: gcc.dg/debug/trivial.c -gstabs1 -O (test for excess errors)
WARNING: gcc.dg/debug/trivial.c -gstabs1 -O compilation failed to produce executable
FAIL: gcc.dg/debug/trivial.c -gstabs1 -O3 (test for excess errors)
WARNING: gcc.dg/debug/trivial.c -gstabs1 -O3 compilation failed to produce executable
FAIL: gcc.dg/debug/trivial.c -gstabs (test for excess errors)
WARNING: gcc.dg/debug/trivial.c -gstabs compilation failed to produce executable
FAIL: gcc.dg/debug/trivial.c -gstabs -O (test for excess errors)
WARNING: gcc.dg/debug/trivial.c -gstabs -O compilation failed to produce executable
FAIL: gcc.dg/debug/trivial.c -gstabs -O3 (test for excess errors)
WARNING: gcc.dg/debug/trivial.c -gstabs -O3 compilation failed to produce executable
FAIL: gcc.dg/debug/trivial.c -gstabs3 (test for excess errors)
WARNING: gcc.dg/debug/trivial.c -gstabs3 compilation failed to produce executable
FAIL: gcc.dg/debug/trivial.c -gstabs3 -O (test for excess errors)
WARNING: gcc.dg/debug/trivial.c -gstabs3 -O compilation failed to produce executable
FAIL: gcc.dg/debug/trivial.c -gstabs3 -O3 (test for excess errors)
WARNING: gcc.dg/debug/trivial.c -gstabs3 -O3 compilation failed to produce executable
FAIL: gcc.dg/debug/trivial.c -gstabs+1 (test for excess errors)
WARNING: gcc.dg/debug/trivial.c -gstabs+1 compilation failed to produce executable
FAIL: gcc.dg/debug/trivial.c -gstabs+1 -O (test for excess errors)
WARNING: gcc.dg/debug/trivial.c -gstabs+1 -O compilation failed to produce executable
FAIL: gcc.dg/debug/trivial.c -gstabs+1 -O3 (test for excess errors)
WARNING: gcc.dg/debug/trivial.c -gstabs+1 -O3 compilation failed to produce executable
FAIL: gcc.dg/debug/trivial.c -gstabs+ (test for excess errors)
WARNING: gcc.dg/debug/trivial.c -gstabs+ compilation failed to produce executable
FAIL: gcc.dg/debug/trivial.c -gstabs+ -O (test for excess errors)
WARNING: gcc.dg/debug/trivial.c -gstabs+ -O compilation failed to produce executable
FAIL: gcc.dg/debug/trivial.c -gstabs+ -O3 (test for excess errors)
WARNING: gcc.dg/debug/trivial.c -gstabs+ -O3 compilation failed to produce executable
FAIL: gcc.dg/debug/trivial.c -gstabs+3 (test for excess errors)
WARNING: gcc.dg/debug/trivial.c -gstabs+3 compilation failed to produce executable
FAIL: gcc.dg/debug/trivial.c -gstabs+3 -O (test for excess errors)
WARNING: gcc.dg/debug/trivial.c -gstabs+3 -O compilation failed to produce executable
FAIL: gcc.dg/debug/trivial.c -gstabs+3 -O3 (test for excess errors)
WARNING: gcc.dg/debug/trivial.c -gstabs+3 -O3 compilation failed to produce executable
FAIL: gcc.dg/cleanup-5.c execution test
FAIL: gcc.dg/special/gcsec-1.c (test for excess errors)
WARNING: gcc.dg/special/gcsec-1.c compilation failed to produce executable
FAIL: gcc.dg/tls/alias-1.c (test for excess errors)
FAIL: gcc.dg/tls/opt-2.c (test for excess errors)
=== gcc Summary for unix/-m64 ===
# of expected passes 33223
# of unexpected failures 58
# of expected failures 102
# of untested testcases 28
# of unsupported tests 521
=== gcc Summary ===
# of expected passes 66546
# of unexpected failures 58
# of expected failures 204
# of untested testcases 56
# of unsupported tests 1040
/remote/atg2/jbuck/solaris.tmp/4_0_branch/gcc/xgcc version 4.0.0 20050413 (prerelease)
=== objc tests ===
Running target unix
=== objc Summary for unix ===
# of expected passes 1534
# of unsupported tests 10
Running target unix/-m64
=== objc Summary for unix/-m64 ===
# of expected passes 1534
# of unsupported tests 10
=== objc Summary ===
# of expected passes 3068
# of unsupported tests 20
/remote/atg2/jbuck/solaris.tmp/4_0_branch/gcc/xgcc version 4.0.0 20050413 (prerelease)
=== libstdc++ tests ===
Running target unix
=== libstdc++ Summary for unix ===
# of expected passes 3602
# of expected failures 14
# of unsupported tests 9
Running target unix/-m64
=== libstdc++ Summary for unix/-m64 ===
# of expected passes 3602
# of expected failures 14
# of unsupported tests 9
=== libstdc++ Summary ===
# of expected passes 7204
# of expected failures 28
# of unsupported tests 18
Compiler version: 4.0.0 20050413 (prerelease)
Platform: sparc-sun-solaris2.8
configure flags: --prefix=/u/jbuck/cvs.sol2/4_0_branch --with-gnu-as --with-as=/u/jbuck/gnu.sol2/bin/as --with-gnu-ld --with-ld=/u/jbuck/gnu.sol2/bin/ld --enable-languages=c,c++,objc
More information about the Gcc-testresults
mailing list