Results for 4.0.0 20050413 (prerelease) testsuite on x86_64-unknown-linux-gnu
Al Stone
ahs3@fc.hp.com
Wed Apr 13 15:39:00 GMT 2005
LAST_UPDATED: Thu Mar 10 07:51:30 UTC 2005
Native configuration is x86_64-unknown-linux-gnu
=== g++ tests ===
Running target unix
WARNING: program timed out.
WARNING: program timed out.
FAIL: g++.old-deja/g++.mike/misc14.C (test for excess errors)
=== g++ Summary ===
# of expected passes 10801
# of unexpected failures 1
# of expected failures 70
# of unsupported tests 90
/opt/toolchain/amd64/obj/upstream/gcc-4.0/gcc/testsuite/../g++ version 4.0.0 20050413 (prerelease)
=== gcc tests ===
Running target unix
WARNING: program timed out.
FAIL: gcc.c-torture/execute/20041218-2.c compilation, -O2
UNRESOLVED: gcc.c-torture/execute/20041218-2.c execution, -O2
WARNING: program timed out.
WARNING: program timed out.
FAIL: gcc.dg/debug/20011223-1.c -gdwarf-2 -O (test for excess errors)
WARNING: program timed out.
FAIL: gcc.dg/debug/crash1.c -gdwarf-21 (test for excess errors)
WARNING: program timed out.
FAIL: gcc.dg/debug/debug-7.c -gstabs1 -O3 (test for excess errors)
WARNING: program timed out.
FAIL: gcc.dg/debug/redecl-5.c -gstabs+1 -O3 (test for excess errors)
WARNING: program timed out.
FAIL: gcc.dg/20020115-1.c (test for excess errors)
FAIL: gcc.dg/setjmp-2.c (test for excess errors)
WARNING: gcc.dg/setjmp-2.c compilation failed to produce executable
FAIL: gcc.dg/short-compare-1.c (test for excess errors)
WARNING: gcc.dg/short-compare-1.c compilation failed to produce executable
FAIL: gcc.dg/short-compare-2.c (test for excess errors)
WARNING: gcc.dg/short-compare-2.c compilation failed to produce executable
XPASS: gcc.dg/vect/vect-22.c scan-tree-dump-times vectorized 3 loops 1
=== gcc Summary ===
# of expected passes 33519
# of unexpected failures 9
# of unexpected successes 1
# of expected failures 105
# of unresolved testcases 1
# of untested testcases 28
# of unsupported tests 428
/opt/toolchain/amd64/obj/upstream/gcc-4.0/gcc/xgcc version 4.0.0 20050413 (prerelease)
=== libstdc++ tests ===
Running target unix
WARNING: program timed out.
FAIL: 20_util/memory/auto_ptr/4.cc (test for excess errors)
XPASS: 22_locale/locale/cons/12658_thread-1.cc execution test
XPASS: 26_numerics/cmath/c99_classification_macros_c.cc (test for excess errors)
XPASS: 27_io/fpos/14320-1.cc execution test
=== libstdc++ Summary ===
# of expected passes 3609
# of unexpected failures 1
# of unexpected successes 3
# of expected failures 11
Compiler version: 4.0.0 20050413 (prerelease)
Platform: x86_64-unknown-linux-gnu
configure flags: --prefix=/opt/toolchain/amd64/tot --program-suffix=-4.0 --with-system-zlib --enable-nls --without-included-gettext --disable-multilib --enable-languages=c,c++
Counting all warnings,
there are 0 warnings in stage3 of this bootstrap.
Number of warnings per file:
Number of warning types:
More information about the Gcc-testresults
mailing list