Results for 4.1.0 20050413 (experimental) testsuite on ia64-unknown-linux-gnu
James Morrison
ja2morri@csclub.uwaterloo.ca
Wed Apr 13 12:03:00 GMT 2005
LAST_UPDATED: Wed Apr 13 03:01:44 UTC 2005
Native configuration is ia64-unknown-linux-gnu
=== g++ tests ===
Running target unix
FAIL: g++.dg/other/static11.C (test for excess errors)
FAIL: g++.dg/other/stdarg3.C (test for excess errors)
=== g++ Summary ===
# of expected passes 10514
# of unexpected failures 2
# of expected failures 66
# of unsupported tests 95
/home/jim/gcc/ia64-linux-20050412/gcc/testsuite/../g++ version 4.1.0 20050413 (experimental)
=== gcc tests ===
Running target unix
FAIL: gcc.c-torture/execute/20030928-1.c compilation, -O1
UNRESOLVED: gcc.c-torture/execute/20030928-1.c execution, -O1
FAIL: gcc.c-torture/execute/20030928-1.c compilation, -O2
UNRESOLVED: gcc.c-torture/execute/20030928-1.c execution, -O2
FAIL: gcc.c-torture/execute/20030928-1.c compilation, -O3 -fomit-frame-pointer
UNRESOLVED: gcc.c-torture/execute/20030928-1.c execution, -O3 -fomit-frame-pointer
FAIL: gcc.c-torture/execute/20030928-1.c compilation, -O3 -fomit-frame-pointer -funroll-loops
UNRESOLVED: gcc.c-torture/execute/20030928-1.c execution, -O3 -fomit-frame-pointer -funroll-loops
FAIL: gcc.c-torture/execute/20030928-1.c compilation, -O3 -fomit-frame-pointer -funroll-all-loops -finline-functions
UNRESOLVED: gcc.c-torture/execute/20030928-1.c execution, -O3 -fomit-frame-pointer -funroll-all-loops -finline-functions
FAIL: gcc.c-torture/execute/20030928-1.c compilation, -O3 -g
UNRESOLVED: gcc.c-torture/execute/20030928-1.c execution, -O3 -g
FAIL: gcc.c-torture/execute/20030928-1.c compilation, -Os
UNRESOLVED: gcc.c-torture/execute/20030928-1.c execution, -Os
XPASS: gcc.dg/cpp/cmdlne-dI-M.c scan-file (^|\\\\n)cmdlne-dI-M.*:[^\\\\n]*cmdlne-dI-M.c
XPASS: gcc.dg/cpp/cmdlne-dM-M.c scan-file (^|\\\\n)cmdlne-dM-M[^\\\\n]*:[^\\\\n]*cmdlne-dM-M.c
FAIL: gcc.dg/builtin-apply4.c execution test
FAIL: gcc.dg/uninit-1.c uninitialized variable warning (test for bogus messages, line 16)
FAIL: gcc.dg/torture/asm-subreg-1.c -O2 (test for excess errors)
FAIL: gcc.dg/torture/asm-subreg-1.c -O3 -fomit-frame-pointer (test for excess errors)
FAIL: gcc.dg/torture/asm-subreg-1.c -O3 -g (test for excess errors)
FAIL: gcc.dg/torture/asm-subreg-1.c -Os (test for excess errors)
XPASS: gcc.dg/tree-ssa/loop-1.c scan-assembler-times foo 5
FAIL: gcc.dg/tree-ssa/loop-4.c scan-tree-dump-times iter 0
XPASS: gcc.dg/vect/vect-22.c scan-tree-dump-times vectorized 3 loops 1
XPASS: gcc.dg/vect/vect-30.c scan-tree-dump-times vectorized 1 loops 2
XPASS: gcc.dg/vect/vect-67.c scan-tree-dump-times vectorized 1 loops 1
XPASS: gcc.dg/vect/vect-8.c scan-tree-dump-times vectorized 1 loops 1
FAIL: gcc.dg/vect/vect-92.c execution test
XPASS: gcc.dg/vect/vect-dv-2.c scan-tree-dump-times vectorized 2 loops 1
XPASS: gcc.dg/vect/vect-ifcvt-1.c scan-tree-dump-times vectorized 2 loops 1
FAIL: gcc.dg/vect/vect-ifcvt-2.c scan-tree-dump-times vectorized 1 loops 1
FAIL: gcc.dg/vect/vect-ifcvt-3.c scan-tree-dump-times vectorized 1 loops 1
FAIL: gcc.dg/vect/vect-ifcvt-4.c scan-tree-dump-times vectorized 1 loops 1
FAIL: gcc.dg/vect/vect-ifcvt-5.c scan-tree-dump-times vectorized 1 loops 1
FAIL: gcc.dg/vect/vect-ifcvt-6.c scan-tree-dump-times vectorized 1 loops 1
FAIL: gcc.dg/vect/vect-ifcvt-7.c scan-tree-dump-times vectorized 1 loops 1
FAIL: gcc.dg/vect/vect-ifcvt-9.c scan-tree-dump-times vectorized 1 loops 2
FAIL: gcc.dg/vect/vect-none.c scan-tree-dump-times vectorized 1 loops 1
FAIL: gcc.dg/vect/vect-none.c scan-tree-dump-times vectorized 0 loops 2
=== gcc Summary ===
# of expected passes 33424
# of unexpected failures 24
# of unexpected successes 9
# of expected failures 130
# of unresolved testcases 7
# of untested testcases 28
# of unsupported tests 479
/home/jim/gcc/ia64-linux-20050412/gcc/xgcc version 4.1.0 20050413 (experimental)
=== gfortran tests ===
Running target unix
XPASS: gfortran.dg/ret_pointer_1.f90 -O0 execution test
XPASS: gfortran.dg/ret_pointer_1.f90 -O1 execution test
XPASS: gfortran.dg/ret_pointer_1.f90 -O2 execution test
XPASS: gfortran.dg/ret_pointer_1.f90 -O3 -fomit-frame-pointer execution test
XPASS: gfortran.dg/ret_pointer_1.f90 -O3 -fomit-frame-pointer -funroll-loops execution test
XPASS: gfortran.dg/ret_pointer_1.f90 -O3 -fomit-frame-pointer -funroll-all-loops -finline-functions execution test
XPASS: gfortran.dg/ret_pointer_1.f90 -O3 -g execution test
XPASS: gfortran.dg/ret_pointer_1.f90 -Os execution test
FAIL: gfortran.fortran-torture/execute/forall_3.f90 execution, -O0
FAIL: gfortran.fortran-torture/execute/forall_3.f90 execution, -O1
FAIL: gfortran.fortran-torture/execute/forall_3.f90 execution, -O2
FAIL: gfortran.fortran-torture/execute/forall_3.f90 execution, -O3 -fomit-frame-pointer
FAIL: gfortran.fortran-torture/execute/forall_3.f90 execution, -O3 -fomit-frame-pointer -funroll-loops
FAIL: gfortran.fortran-torture/execute/forall_3.f90 execution, -O3 -fomit-frame-pointer -funroll-all-loops -finline-functions
FAIL: gfortran.fortran-torture/execute/forall_3.f90 execution, -O3 -g
FAIL: gfortran.fortran-torture/execute/forall_3.f90 execution, -Os
=== gfortran Summary ===
# of expected passes 6000
# of unexpected failures 8
# of unexpected successes 8
# of expected failures 30
# of unsupported tests 16
/home/jim/gcc/ia64-linux-20050412/gcc/testsuite/../gfortran version 4.1.0 20050413 (experimental)
=== objc tests ===
Running target unix
=== objc Summary ===
# of expected passes 1532
# of unsupported tests 11
/home/jim/gcc/ia64-linux-20050412/gcc/xgcc version 4.1.0 20050413 (experimental)
=== treelang tests ===
Running target unix
=== treelang Summary ===
# of expected passes 48
=== libffi tests ===
Running target unix
=== libffi Summary ===
# of expected passes 219
# of unsupported tests 2
=== libjava tests ===
Running target unix
FAIL: ArrayClass -O3 compilation from source
FAIL: PR12857 -O3 compilation from source
FAIL: PR13024 -O3 compilation from source
FAIL: PR13024 -O3 compilation from bytecode
FAIL: PR4766 -O3 compilation from source
FAIL: PR4766 -O3 compilation from bytecode
FAIL: ArrayStore -O3 compilation from source
FAIL: ArrayStore -O3 compilation from bytecode
FAIL: ArrayStore2 -O3 compilation from source
FAIL: ArrayStore2 -O3 compilation from bytecode
FAIL: Array_1 -O3 compilation from source
FAIL: Array_3 -O3 compilation from bytecode
FAIL: Class_1 execution - gij test
FAIL: Class_1 -O3 compilation from source
FAIL: Class_1 execution - gij test
FAIL: Divide_1 -O3 compilation from source
FAIL: Divide_1 -O3 compilation from bytecode
FAIL: Final -O3 compilation from source
FAIL: G19990302_02 -O3 compilation from source
FAIL: G19990302_02 -O3 compilation from bytecode
FAIL: G19990303_01 -O3 compilation from source
FAIL: G19990303_01 -O3 compilation from bytecode
FAIL: G19990303_02 -O3 compilation from source
FAIL: G19990303_02 -O3 compilation from bytecode
FAIL: G19990304_01 -O3 compilation from source
FAIL: G19990304_01 -O3 compilation from bytecode
FAIL: G19990310_01 -O3 compilation from source
FAIL: G19990310_01 -O3 compilation from bytecode
FAIL: InterfaceDispatch -O3 compilation from source
FAIL: InterfaceDispatch -O3 compilation from bytecode
FAIL: InvokeInterface execution - gij test
FAIL: InvokeInterface -O3 compilation from source
FAIL: InvokeInterface execution - gij test
FAIL: InvokeReturn -O3 compilation from source
FAIL: InvokeReturn -O3 compilation from bytecode
FAIL: Invoke_1 -O3 compilation from source
FAIL: Invoke_1 -O3 compilation from bytecode
FAIL: KeepInline -O3 compilation from source
FAIL: KeepInline -O3 compilation from bytecode
FAIL: LargeFile -O3 compilation from source
FAIL: LargeFile -O3 compilation from bytecode
FAIL: PR12350 execution - gij test
FAIL: PR12350 execution - gij test
FAIL: PR12416 execution - gij test
FAIL: PR12416 -O3 compilation from source
FAIL: PR12416 execution - gij test
FAIL: PR141 -O3 compilation from source
FAIL: PR141 -O3 compilation from bytecode
FAIL: PR218 -O3 compilation from source
FAIL: PR218 -O3 compilation from bytecode
FAIL: PR260 execution - gij test
FAIL: PR260 -O3 compilation from source
FAIL: PR260 execution - gij test
FAIL: Process_1 -O3 compilation from source
FAIL: Process_1 -O3 compilation from bytecode
FAIL: Process_2 -O3 compilation from source
FAIL: Process_2 -O3 compilation from bytecode
FAIL: Process_3 -O3 compilation from source
FAIL: Process_3 -O3 compilation from bytecode
FAIL: Process_4 -O3 compilation from source
FAIL: Process_4 -O3 compilation from bytecode
FAIL: Process_5 -O3 compilation from source
FAIL: Process_5 -O3 compilation from bytecode
FAIL: Process_6 -O3 compilation from source
FAIL: Process_6 -O3 compilation from bytecode
FAIL: Shazam -O3 compilation from bytecode
FAIL: StringBuffer_1 -O3 compilation from source
FAIL: StringBuffer_1 -O3 compilation from bytecode
FAIL: StringBuffer_overflow -O3 compilation from source
FAIL: StringBuffer_overflow -O3 compilation from bytecode
FAIL: String_overflow -O3 compilation from source
FAIL: String_overflow -O3 compilation from bytecode
FAIL: SyncGlobal -O3 compilation from source
FAIL: SyncGlobal -O3 compilation from bytecode
FAIL: SyncTest execution - gij test
FAIL: SyncTest -O3 compilation from source
FAIL: SyncTest execution - gij test
FAIL: SyncTest -O3 compilation from bytecode
FAIL: TLtest -O3 compilation from source
FAIL: TLtest -O3 compilation from bytecode
FAIL: TestProxy -O3 compilation from source
FAIL: TestProxy -O3 compilation from bytecode
FAIL: Thread_Alive -O3 compilation from source
FAIL: Thread_Alive -O3 compilation from bytecode
FAIL: Thread_HoldsLock -O3 compilation from source
FAIL: Thread_HoldsLock -O3 compilation from bytecode
FAIL: Thread_Interrupt -O3 compilation from source
FAIL: Thread_Interrupt -O3 compilation from bytecode
FAIL: Thread_Join -O3 compilation from source
FAIL: Thread_Join -O3 compilation from bytecode
FAIL: Thread_Monitor -O3 compilation from source
FAIL: Thread_Monitor -O3 compilation from bytecode
FAIL: Thread_Sleep -O3 compilation from source
FAIL: Thread_Sleep -O3 compilation from bytecode
FAIL: Thread_Wait -O3 compilation from source
FAIL: Thread_Wait -O3 compilation from bytecode
FAIL: Thread_Wait_2 -O3 compilation from source
FAIL: Thread_Wait_2 -O3 compilation from bytecode
FAIL: Thread_Wait_Interrupt -O3 compilation from source
FAIL: Thread_Wait_Interrupt -O3 compilation from bytecode
FAIL: Throw_1 -O3 compilation from source
FAIL: Throw_2 -O3 compilation from source
FAIL: Throw_2 -O3 compilation from bytecode
FAIL: assign2 -O3 compilation from source
FAIL: assign2 -O3 compilation from bytecode
FAIL: initexc -O3 compilation from source
FAIL: initexc -O3 compilation from bytecode
FAIL: instinit2 -O3 compilation from source
FAIL: instinit2 -O3 compilation from bytecode
FAIL: invokethrow execution - gij test
FAIL: invokethrow -O3 compilation from source
FAIL: invokethrow execution - gij test
FAIL: invokethrow -O3 compilation from bytecode
FAIL: md5test -O3 compilation from source
FAIL: md5test -O3 compilation from bytecode
FAIL: newarray_overflow -O3 compilation from source
FAIL: newarray_overflow -O3 compilation from bytecode
FAIL: pr13107_3 -O3 compilation from source
FAIL: pr13107_3 -O3 compilation from bytecode
FAIL: pr179 execution - gij test
FAIL: pr179 -O3 compilation from source
FAIL: pr179 execution - gij test
FAIL: pr184 -O3 compilation from source
FAIL: pr83 -O3 compilation from bytecode
FAIL: pr8415 execution - gij test
FAIL: pr8415 -O3 compilation from source
FAIL: pr8415 execution - gij test
FAIL: shatest -O3 compilation from source
FAIL: shatest -O3 compilation from bytecode
FAIL: stringconst2 output - gij test
FAIL: stringconst2 -O3 compilation from source
FAIL: stringconst2 output - gij test
FAIL: stringconst2 -O3 compilation from bytecode
=== libjava Summary ===
# of expected passes 3443
# of unexpected failures 133
# of expected failures 8
# of untested testcases 240
=== libmudflap tests ===
Running target unix
=== libmudflap Summary ===
# of expected passes 1331
=== libstdc++ tests ===
Running target unix
FAIL: abi_check
FAIL: 23_containers/vector/capacity/8230.cc execution test
XPASS: 26_numerics/cmath/c99_classification_macros_c.cc (test for excess errors)
XPASS: 27_io/fpos/14320-1.cc execution test
=== libstdc++ Summary ===
# of expected passes 3620
# of unexpected failures 2
# of unexpected successes 2
# of expected failures 11
Compiler version: 4.1.0 20050413 (experimental)
Platform: ia64-unknown-linux-gnu
configure flags: --prefix=/home/jim/var/ia64-linux --enable-threads=posix --disable-multilib --enable-languages=c,c++,f95,java,objc,treelang
More information about the Gcc-testresults
mailing list