Results for 4.0.0 20050412 (prerelease) testsuite on hppa2.0w-hp-hpux11.11
CodeSourcery Automatic Testing System
gcc@codesourcery.com
Tue Apr 12 18:19:00 GMT 2005
LAST_UPDATED: Tue Apr 12 07:42:44 UTC 2005
Native configuration is hppa2.0w-hp-hpux11.11
=== g++ tests ===
Running target unix
=== g++ Summary ===
# of expected passes 10535
# of expected failures 70
# of unsupported tests 128
/scratch/gcc/nightly-2005-04-12-4.0/hppa2.0w-hp-hpux11.11/build_gcc/build/gcc/testsuite/../g++ version 4.0.0 20050412 (prerelease)
=== gcc tests ===
Running target unix
XPASS: gcc.dg/const-elim-1.c scan-assembler-not L\\\\\$?C[^A-Z]
FAIL: gcc.dg/special/weak-1.c execution test
=== gcc Summary ===
# of expected passes 32508
# of unexpected failures 1
# of unexpected successes 1
# of expected failures 76
# of untested testcases 28
# of unsupported tests 557
/scratch/gcc/nightly-2005-04-12-4.0/hppa2.0w-hp-hpux11.11/build_gcc/build/gcc/xgcc version 4.0.0 20050412 (prerelease)
=== libstdc++ tests ===
Running target unix
=== libstdc++ Summary ===
# of expected passes 3584
# of expected failures 12
# of unsupported tests 19
Compiler version: 4.0.0 20050412 (prerelease)
Platform: hppa2.0w-hp-hpux11.11
configure flags: --prefix=/scratch/gcc/nightly-2005-04-12-4.0/hppa2.0w-hp-hpux11.11/build_gcc/install --enable-threads --disable-libmudflap --with-gnu-as --with-as=/usr/local/tools/gcc-3.3.1/bin/as --enable-languages=c,c++
More information about the Gcc-testresults
mailing list