Results for 4.0.0 20050410 (prerelease) testsuite on hppa2.0w-hp-hpux11.00
John David Anglin
dave@hiauly2.hia.nrc.ca
Tue Apr 12 00:29:00 GMT 2005
LAST_UPDATED: Sun Apr 10 02:56:51 UTC 2005
Native configuration is hppa2.0w-hp-hpux11.00
=== g++ tests ===
Running target unix
=== g++ Summary ===
# of expected passes 10535
# of expected failures 70
# of unsupported tests 128
/xxx/gnu/gcc-3.4/objdir/gcc/testsuite/../g++ version 4.0.0 20050410 (prerelease)
=== gcc tests ===
Running target unix
XPASS: gcc.dg/const-elim-1.c scan-assembler-not L\\\\\$?C[^A-Z]
FAIL: gcc.dg/special/weak-1.c execution test
=== gcc Summary ===
# of expected passes 32508
# of unexpected failures 1
# of unexpected successes 1
# of expected failures 76
# of untested testcases 28
# of unsupported tests 557
/xxx/gnu/gcc-3.4/objdir/gcc/xgcc version 4.0.0 20050410 (prerelease)
=== objc tests ===
Running target unix
=== objc Summary ===
# of expected passes 1532
# of unsupported tests 11
/xxx/gnu/gcc-3.4/objdir/gcc/xgcc version 4.0.0 20050410 (prerelease)
=== libstdc++ tests ===
Running target unix
=== libstdc++ Summary ===
# of expected passes 2521
# of expected failures 11
Compiler version: 4.0.0 20050410 (prerelease)
Platform: hppa2.0w-hp-hpux11.00
configure flags: --with-gnu-as --with-as=/opt/gnu/bin/as --enable-shared --with-local-prefix=/opt/gnu --prefix=/opt/gnu/gcc/gcc-4.0.0 --enable-debug=no --disable-nls --enable-languages=c,c++,java,objc
More information about the Gcc-testresults
mailing list