Results for 4.0.0 20050410 (prerelease) testsuite on i386-pc-solaris2.10
Brett Albertson
bretta@dev-zero.rdu.stratech.com
Mon Apr 11 20:31:00 GMT 2005
LAST_UPDATED: Obtained from CVS: -rgcc-4_0-branch
Native configuration is i386-pc-solaris2.10
=== g++ tests ===
Running target unix
ERROR: g++.dg/abi/rtti1.C: error executing dg-final: couldn't execute "c++filt": no such file or directory
UNRESOLVED: g++.dg/abi/rtti1.C: error executing dg-final: couldn't execute "c++filt": no such file or directory
=== g++ Summary ===
# of expected passes 10816
# of expected failures 70
# of unresolved testcases 1
# of unsupported tests 93
/var/tmp/gcc-4.0.0-20050410/obj/gcc/testsuite/../g++ version 4.0.0 20050410 (prerelease)
=== gcc tests ===
Running target unix
FAIL: largefile.c -O0 -g (test for excess errors)
FAIL: largefile.c -O0 (test for excess errors)
FAIL: largefile.c -O1 (test for excess errors)
FAIL: largefile.c -O2 (test for excess errors)
FAIL: largefile.c -O3 -fomit-frame-pointer (test for excess errors)
FAIL: largefile.c -O3 -g (test for excess errors)
FAIL: largefile.c -Os (test for excess errors)
XPASS: gcc.dg/tree-ssa/20040204-1.c scan-tree-dump-times link_error 0
FAIL: gcc.dg/vect/pr18400.c execution test
FAIL: gcc.dg/vect/pr20122.c execution test
FAIL: gcc.dg/vect/vect-17.c execution test
FAIL: gcc.dg/vect/vect-18.c execution test
FAIL: gcc.dg/vect/vect-19.c execution test
FAIL: gcc.dg/vect/vect-2.c execution test
FAIL: gcc.dg/vect/vect-20.c execution test
FAIL: gcc.dg/vect/vect-22.c execution test
XPASS: gcc.dg/vect/vect-22.c scan-tree-dump-times vectorized 3 loops 1
FAIL: gcc.dg/vect/vect-27.c execution test
FAIL: gcc.dg/vect/vect-3.c execution test
FAIL: gcc.dg/vect/vect-31.c execution test
FAIL: gcc.dg/vect/vect-32.c execution test
FAIL: gcc.dg/vect/vect-34.c execution test
FAIL: gcc.dg/vect/vect-36.c execution test
FAIL: gcc.dg/vect/vect-4.c execution test
FAIL: gcc.dg/vect/vect-40.c execution test
FAIL: gcc.dg/vect/vect-42.c execution test
FAIL: gcc.dg/vect/vect-43.c execution test
FAIL: gcc.dg/vect/vect-46.c execution test
FAIL: gcc.dg/vect/vect-48.c execution test
FAIL: gcc.dg/vect/vect-5.c execution test
FAIL: gcc.dg/vect/vect-52.c execution test
FAIL: gcc.dg/vect/vect-56.c execution test
FAIL: gcc.dg/vect/vect-6.c execution test
FAIL: gcc.dg/vect/vect-60.c execution test
FAIL: gcc.dg/vect/vect-62.c execution test
FAIL: gcc.dg/vect/vect-64.c execution test
FAIL: gcc.dg/vect/vect-65.c execution test
FAIL: gcc.dg/vect/vect-66.c execution test
FAIL: gcc.dg/vect/vect-68.c execution test
FAIL: gcc.dg/vect/vect-7.c execution test
FAIL: gcc.dg/vect/vect-72.c execution test
FAIL: gcc.dg/vect/vect-73.c execution test
FAIL: gcc.dg/vect/vect-97.c execution test
FAIL: gcc.dg/vect/vect-all.c execution test
FAIL: gcc.target/i386/abi-1.c scan-assembler xmm0
=== gcc Summary ===
# of expected passes 33730
# of unexpected failures 43
# of unexpected successes 2
# of expected failures 100
# of untested testcases 35
# of unsupported tests 349
/var/tmp/gcc-4.0.0-20050410/obj/gcc/xgcc version 4.0.0 20050410 (prerelease)
=== libstdc++ tests ===
Running target unix
FAIL: 22_locale/num_put/put/char/14220.cc execution test
FAIL: 22_locale/num_put/put/wchar_t/14220.cc execution test
=== libstdc++ Summary ===
# of expected passes 3620
# of unexpected failures 2
# of expected failures 12
Compiler version: 4.0.0 20050410 (prerelease)
Platform: i386-pc-solaris2.10
configure flags: --prefix=/opt/gcc-4.0 --with-gnu-as --with-as=/usr/sfw/bin/gas -with-ld=/usr/ccs/bin/ld --disable-nls --with-system-zlib --enable-languages=c,c++
More information about the Gcc-testresults
mailing list