Results for 4.1.0 20050411 (experimental) testsuite on x86_64-unknown-linux-gnu
Al Stone
ahs3@fc.hp.com
Mon Apr 11 12:59:00 GMT 2005
LAST_UPDATED:
Native configuration is x86_64-unknown-linux-gnu
=== g++ tests ===
Running target unix
=== g++ Summary ===
# of expected passes 10925
# of expected failures 66
# of unsupported tests 92
/opt/toolchain/amd64/obj/upstream/gcc/gcc/testsuite/../g++ version 4.1.0 20050411 (experimental)
=== gcc tests ===
Running target unix
WARNING: program timed out.
FAIL: gcc.c-torture/execute/20001124-1.c compilation, -O3 -fomit-frame-pointer
UNRESOLVED: gcc.c-torture/execute/20001124-1.c execution, -O3 -fomit-frame-pointer
WARNING: program timed out.
FAIL: gcc.c-torture/execute/20001203-2.c compilation, -O0
UNRESOLVED: gcc.c-torture/execute/20001203-2.c execution, -O0
WARNING: program timed out.
FAIL: gcc.c-torture/execute/20020219-1.c compilation, -O3 -g
UNRESOLVED: gcc.c-torture/execute/20020219-1.c execution, -O3 -g
WARNING: program timed out.
FAIL: gcc.c-torture/execute/920721-1.c compilation, -O1
UNRESOLVED: gcc.c-torture/execute/920721-1.c execution, -O1
WARNING: program timed out.
FAIL: gcc.c-torture/execute/va-arg-4.c compilation, -O3 -fomit-frame-pointer
UNRESOLVED: gcc.c-torture/execute/va-arg-4.c execution, -O3 -fomit-frame-pointer
WARNING: program timed out.
FAIL: tmpdir-gcc.dg-struct-layout-1/t003 c_compat_main_tst.o compile
FAIL: gcc.dg/setjmp-2.c (test for excess errors)
WARNING: gcc.dg/setjmp-2.c compilation failed to produce executable
FAIL: gcc.dg/short-compare-1.c (test for excess errors)
WARNING: gcc.dg/short-compare-1.c compilation failed to produce executable
FAIL: gcc.dg/short-compare-2.c (test for excess errors)
WARNING: gcc.dg/short-compare-2.c compilation failed to produce executable
FAIL: gcc.dg/uninit-1.c uninitialized variable warning (test for bogus messages, line 16)
FAIL: ./import-2.h -O0 -g (test for excess errors)
FAIL: ./import-2.h -O0 (test for excess errors)
FAIL: ./import-2.h -O1 (test for excess errors)
FAIL: ./import-2.h -O2 (test for excess errors)
FAIL: ./import-2.h -O3 -fomit-frame-pointer (test for excess errors)
FAIL: ./import-2.h -O3 -g (test for excess errors)
FAIL: ./import-2.h -Os (test for excess errors)
XPASS: gcc.dg/vect/vect-22.c scan-tree-dump-times vectorized 3 loops 1
XPASS: gcc.dg/vect/vect-67.c scan-tree-dump-times vectorized 1 loops 1
=== gcc Summary ===
# of expected passes 34058
# of unexpected failures 17
# of unexpected successes 2
# of expected failures 104
# of unresolved testcases 5
# of untested testcases 42
# of unsupported tests 442
/opt/toolchain/amd64/obj/upstream/gcc/gcc/xgcc version 4.1.0 20050411 (experimental)
=== libstdc++ tests ===
Running target unix
XPASS: 26_numerics/cmath/c99_classification_macros_c.cc (test for excess errors)
XPASS: 27_io/fpos/14320-1.cc execution test
=== libstdc++ Summary ===
# of expected passes 3487
# of unexpected successes 2
# of expected failures 4
Compiler version: 4.1.0 20050411 (experimental)
Platform: x86_64-unknown-linux-gnu
configure flags: --prefix=/opt/toolchain/amd64/tot --with-system-zlib --enable-nls --without-included-gettext --disable-multilib --enable-languages=c,c++
Counting all warnings,
there are 0 warnings in stage3 of this bootstrap.
Number of warnings per file:
Number of warning types:
More information about the Gcc-testresults
mailing list