Results for 4.1.0 20050410 (experimental) testsuite on i686-pc-cygwin
Tim Prince
tprince@computer.org
Mon Apr 11 05:09:00 GMT 2005
LAST_UPDATED: Obtained from CVS: -D2005-04-10 17:43 UTC
Native configuration is i686-pc-cygwin
=== g++ tests ===
Running target unix
FAIL: g++.dg/abi/local1.C execution test
FAIL: g++.dg/abi/rtti1.C scan-assembler-dem-not \\ntypeinfo for A[: \\t\\n]
FAIL: g++.dg/ext/dllexport-MI1.C scan-assembler-not -export:_ZN2D1C2ERKS_
FAIL: g++.dg/ext/dllexport-MI1.C scan-assembler-not -export:_ZN2D1D2Ev
FAIL: g++.dg/ext/dllimport2.C (test for warnings, line 18)
FAIL: g++.dg/ext/dllimport2.C (test for warnings, line 22)
FAIL: g++.dg/ext/dllimport2.C (test for warnings, line 23)
FAIL: g++.dg/ext/dllimport2.C (test for warnings, line 24)
FAIL: g++.dg/ext/dllimport3.C (test for warnings, line 18)
FAIL: g++.dg/opt/vt1.C scan-assembler-not
section[^\\n\\r]*_ZTV1S[^\\n\\r]*"[^w"\\n\\r]*"
FAIL: g++.dg/pch/externc-1.C -g assembly comparison
FAIL: g++.dg/pch/externc-1.C -O2 -g assembly comparison
FAIL: g++.dg/pch/static-1.C -g assembly comparison
FAIL: g++.dg/pch/static-1.C -O2 -g assembly comparison
FAIL: g++.dg/pch/system-1.C -g assembly comparison
FAIL: g++.dg/pch/system-1.C -O2 -g assembly comparison
FAIL: g++.dg/pch/system-2.C -g assembly comparison
FAIL: g++.dg/pch/system-2.C -O2 -g assembly comparison
FAIL: g++.dg/pch/uninst.C -g assembly comparison
FAIL: g++.dg/pch/uninst.C -O2 -g assembly comparison
FAIL: g++.dg/pch/wchar-1.C -g assembly comparison
FAIL: g++.dg/pch/wchar-1.C -O2 -g assembly comparison
FAIL: g++.old-deja/g++.eh/badalloc1.C execution test
XPASS: g++.old-deja/g++.ext/attrib5.C execution test
=== g++ Summary ===
# of expected passes 11165
# of unexpected failures 23
# of unexpected successes 1
# of expected failures 66
# of unsupported tests 106
/cygdrive/c/gnu/gcc-4.1-20050227/xp/gcc/testsuite/../g++ version 4.1.0
20050410 (experimental)
=== gcc tests ===
Running target unix
FAIL: gcc.dg/builtins-53.c (test for excess errors)
FAIL: gcc.dg/i386-pic-1.c (test for errors, line 10)
FAIL: gcc.dg/pr17957.c (test for excess errors)
FAIL: gcc.dg/uninit-1.c uninitialized variable warning (test for bogus
messages, line 16)
FAIL: gcc.dg/tree-ssa/loop-1.c scan-assembler-times foo 5
XPASS: gcc.dg/vect/vect-22.c scan-tree-dump-times vectorized 3 loops 1
XPASS: gcc.dg/vect/vect-67.c scan-tree-dump-times vectorized 1 loops 1
FAIL: compiler driver --coverage option(s) (compiler options)
=== gcc Summary ===
# of expected passes 35800
# of unexpected failures 6
# of unexpected successes 2
# of expected failures 99
# of untested testcases 28
# of unsupported tests 352
/cygdrive/c/gnu/gcc-4.1-20050227/xp/gcc/xgcc version 4.1.0 20050410
(experimental)
=== gfortran tests ===
Running target unix
FAIL: gfortran.dg/backspace.f execution test
ERROR: tcl error sourcing
/cygdrive/c/gnu/gcc-4.1-20050227/gcc/testsuite/gfortran.dg/dg.exp.
ERROR: rm: cannot remove \`./backspace.exe': Permission denied
FAIL: gfortran.fortran-torture/execute/forall_3.f90 execution, -O1
=== gfortran Summary ===
# of expected passes 2956
# of unexpected failures 2
# of expected failures 6
/cygdrive/c/gnu/gcc-4.1-20050227/xp/gcc/testsuite/../gfortran version
4.1.0 20050410 (experimental)
=== objc tests ===
Running target unix
=== objc Summary ===
# of expected passes 1534
# of unsupported tests 10
/cygdrive/c/gnu/gcc-4.1-20050227/xp/gcc/xgcc version 4.1.0 20050410
(experimental)
=== libstdc++ tests ===
Running target unix
FAIL: 26_numerics/complex/13450.cc (test for excess errors)
WARNING: 26_numerics/complex/13450.cc compilation failed to produce executable
FAIL: 26_numerics/complex/complex_value.cc (test for excess errors)
WARNING: 26_numerics/complex/complex_value.cc compilation failed to produce
executable
FAIL: 26_numerics/complex/pow.cc (test for excess errors)
WARNING: 26_numerics/complex/pow.cc compilation failed to produce executable
FAIL: 27_io/basic_filebuf/close/char/4879.cc execution test
FAIL: 27_io/basic_filebuf/close/char/4879.cc execution test
FAIL: 27_io/basic_filebuf/close/char/4879.cc execution test
FAIL: 27_io/basic_filebuf/close/char/9964.cc execution test
FAIL: 27_io/basic_filebuf/close/char/9964.cc execution test
FAIL: 27_io/basic_filebuf/close/char/9964.cc execution test
FAIL: 27_io/basic_filebuf/seekoff/char/1-io.cc execution test
ERROR: tcl error sourcing
/cygdrive/c/gnu/gcc-4.1-20050227/libstdc++-v3/testsuite/libstdc++-dg/normal.exp.
ERROR: rm: cannot remove \`./1-io.exe': Permission denied
=== libstdc++ Summary ===
# of expected passes 2542
# of unexpected failures 10
Compiler version: 4.1.0 20050410 (experimental)
Platform: i686-pc-cygwin
configure flags: --enable-threads=posix --enable-sjlj-exceptions
--disable-libmudflap --disable-shared '--enable-languages=c++ f95 objc'
--enable-languages=c,c++,f95,objc
Tim Prince
More information about the Gcc-testresults
mailing list