Results for 4.0.0 20050409 (prerelease) testsuite on hppa64-hp-hpux11.23
CodeSourcery Automatic Testing System
gcc@codesourcery.com
Sat Apr 9 17:22:00 GMT 2005
LAST_UPDATED: Sat Apr 9 08:09:43 UTC 2005
Native configuration is hppa64-hp-hpux11.23
=== g++ tests ===
Running target unix
=== g++ Summary ===
# of expected passes 10343
# of expected failures 70
# of unsupported tests 106
/scratch/gcc/nightly-2005-04-09-4.0/hppa64-hp-hpux11.23/build_gcc/build/gcc/testsuite/../g++ version 4.0.0 20050409 (prerelease)
=== gcc tests ===
Running target unix
FAIL: gcc.c-torture/execute/20000822-1.c execution, -O0
FAIL: gcc.c-torture/execute/20000822-1.c execution, -O1
FAIL: gcc.c-torture/execute/20000822-1.c execution, -O2
FAIL: gcc.c-torture/execute/20000822-1.c execution, -O3 -fomit-frame-pointer
FAIL: gcc.c-torture/execute/20000822-1.c execution, -O3 -g
FAIL: gcc.c-torture/execute/20000822-1.c execution, -Os
FAIL: gcc.c-torture/execute/nestfunc-3.c execution, -O0
FAIL: gcc.c-torture/execute/nestfunc-3.c execution, -O1
FAIL: gcc.c-torture/execute/nestfunc-3.c execution, -O2
FAIL: gcc.c-torture/execute/nestfunc-3.c execution, -O3 -fomit-frame-pointer
FAIL: gcc.c-torture/execute/nestfunc-3.c execution, -O3 -fomit-frame-pointer -funroll-loops
FAIL: gcc.c-torture/execute/nestfunc-3.c execution, -O3 -fomit-frame-pointer -funroll-all-loops -finline-functions
FAIL: gcc.c-torture/execute/nestfunc-3.c execution, -O3 -g
FAIL: gcc.c-torture/execute/nestfunc-3.c execution, -Os
FAIL: gcc.c-torture/execute/nestfunc-5.c execution, -O0
FAIL: gcc.c-torture/execute/nestfunc-5.c execution, -O1
FAIL: gcc.c-torture/execute/nestfunc-5.c execution, -O2
FAIL: gcc.c-torture/execute/nestfunc-5.c execution, -O3 -fomit-frame-pointer
FAIL: gcc.c-torture/execute/nestfunc-5.c execution, -O3 -g
FAIL: gcc.c-torture/execute/nestfunc-5.c execution, -Os
FAIL: gcc.c-torture/execute/nestfunc-6.c execution, -O0
FAIL: gcc.c-torture/execute/nestfunc-6.c execution, -O1
FAIL: gcc.c-torture/execute/nestfunc-6.c execution, -O2
FAIL: gcc.c-torture/execute/nestfunc-6.c execution, -O3 -fomit-frame-pointer
FAIL: gcc.c-torture/execute/nestfunc-6.c execution, -O3 -g
FAIL: gcc.c-torture/execute/nestfunc-6.c execution, -Os
WARNING: Could not compile gcc.dg/compat/struct-layout-1 generator
XPASS: gcc.dg/funcorder.c scan-assembler-not link_error,%r
FAIL: gcc.dg/trampoline-1.c execution test
FAIL: gcc.dg/torture/asm-subreg-1.c -O1 (test for excess errors)
FAIL: gcc.dg/torture/asm-subreg-1.c -O2 (test for excess errors)
FAIL: gcc.dg/torture/asm-subreg-1.c -O3 -fomit-frame-pointer (test for excess errors)
FAIL: gcc.dg/torture/asm-subreg-1.c -O3 -g (test for excess errors)
FAIL: gcc.dg/torture/asm-subreg-1.c -Os (test for excess errors)
=== gcc Summary ===
# of expected passes 32209
# of unexpected failures 32
# of unexpected successes 1
# of expected failures 78
# of untested testcases 28
# of unsupported tests 507
/scratch/gcc/nightly-2005-04-09-4.0/hppa64-hp-hpux11.23/build_gcc/build/gcc/xgcc version 4.0.0 20050409 (prerelease)
=== libstdc++ tests ===
Running target unix
WARNING: 22_locale/collate/compare/wchar_t/2.cc compilation failed to produce executable
WARNING: 22_locale/collate/compare/wchar_t/wrapped_env.cc compilation failed to produce executable
WARNING: 22_locale/collate/compare/wchar_t/wrapped_locale.cc compilation failed to produce executable
WARNING: 22_locale/collate/hash/wchar_t/2.cc compilation failed to produce executable
WARNING: 22_locale/collate/hash/wchar_t/wrapped_env.cc compilation failed to produce executable
WARNING: 22_locale/collate/hash/wchar_t/wrapped_locale.cc compilation failed to produce executable
WARNING: 22_locale/collate/transform/wchar_t/2.cc compilation failed to produce executable
WARNING: 22_locale/collate/transform/wchar_t/wrapped_env.cc compilation failed to produce executable
WARNING: 22_locale/collate/transform/wchar_t/wrapped_locale.cc compilation failed to produce executable
=== libstdc++ Summary ===
# of expected passes 3584
# of expected failures 21
# of unsupported tests 10
Compiler version: 4.0.0 20050409 (prerelease)
Platform: hppa64-hp-hpux11.23
configure flags: --prefix=/scratch/gcc/nightly-2005-04-09-4.0/hppa64-hp-hpux11.23/build_gcc/install --enable-threads --disable-libmudflap --host=hppa64-hp-hpux11.23 --target=hppa64-hp-hpux11.23 --disable-nls --with-gnu-as --with-as=/usr/local/tools/gcc-3.3.1/bin/hppa64-hp-hpux11.23-as --without-gnu-ld --with-ld=/usr/ccs/bin/ld --enable-languages=c,c++
More information about the Gcc-testresults
mailing list