Results for 3.4.4 20050405 (prerelease) testsuite on sparc64-sun-solaris2.9
Eric Botcazou
eric@linux.site
Wed Apr 6 12:18:00 GMT 2005
LAST_UPDATED: Tue Apr 5 05:19:41 UTC 2005
Native configuration is sparc64-sun-solaris2.9
=== g++ tests ===
Running target unix
WARNING: g++.dg/eh/simd-1.C compilation failed to produce executable
WARNING: g++.dg/eh/simd-2.C compilation failed to produce executable
XPASS: g++.dg/rtti/tinfo1.C scan-assembler _ZTIP9CTemplateIhE:
XPASS: g++.dg/rtti/tinfo1.C scan-assembler-not .globl[ \\t]+_ZTIP9CTemplateIhE
XPASS: g++.dg/special/conpr-2.C execution test
XPASS: g++.dg/special/initp1.C execution test
WARNING: g++.old-deja/g++.mike/p10769a.C compilation failed to produce executable
WARNING: g++.old-deja/g++.other/enum5.C compilation failed to produce executable
WARNING: g++.old-deja/g++.pt/friend44.C compilation failed to produce executable
=== g++ Summary ===
# of expected passes 9789
# of unexpected successes 4
# of expected failures 73
# of unsupported tests 79
/opt/build/eric/gcc-3_4-branch/gcc/testsuite/../g++ version 3.4.4 20050405 (prerelease)
=== g77 tests ===
Running target unix
=== g77 Summary ===
# of expected passes 1812
# of unsupported tests 6
/opt/build/eric/gcc-3_4-branch/gcc/testsuite/../g77 version 3.4.4 20050405 (prerelease)
=== gcc tests ===
Running target unix
UNRESOLVED: gcc.c-torture/execute/simd-4.c execution, -O0
UNRESOLVED: gcc.c-torture/execute/va-arg-25.c execution, -O0
UNRESOLVED: gcc.c-torture/execute/va-arg-25.c execution, -O1
UNRESOLVED: gcc.c-torture/execute/va-arg-25.c execution, -O2
UNRESOLVED: gcc.c-torture/execute/va-arg-25.c execution, -O3 -fomit-frame-pointer
UNRESOLVED: gcc.c-torture/execute/va-arg-25.c execution, -O3 -g
UNRESOLVED: gcc.c-torture/execute/va-arg-25.c execution, -Os
UNRESOLVED: gcc.dg/compat/vector-1 c_compat_x_tst.o-c_compat_y_tst.o link
UNRESOLVED: gcc.dg/compat/vector-1 c_compat_x_tst.o-c_compat_y_tst.o execute
UNRESOLVED: gcc.dg/compat/vector-2 c_compat_x_tst.o-c_compat_y_tst.o link
UNRESOLVED: gcc.dg/compat/vector-2 c_compat_x_tst.o-c_compat_y_tst.o execute
XPASS: gcc.dg/uninit-4.c uninitialized variable warning (test for bogus messages, line 26)
FAIL: gcc.dg/special/gcsec-1.c (test for excess errors)
WARNING: gcc.dg/special/gcsec-1.c compilation failed to produce executable
FAIL: gcc.dg/tls/alias-1.c unsupported (test for warnings, line 22)
FAIL: gcc.dg/tls/alias-1.c (test for excess errors)
FAIL: gcc.dg/tls/opt-2.c (test for excess errors)
=== gcc Summary ===
# of expected passes 24630
# of unexpected failures 4
# of unexpected successes 1
# of expected failures 91
# of unresolved testcases 11
# of untested testcases 7
# of unsupported tests 352
/opt/build/eric/gcc-3_4-branch/gcc/xgcc version 3.4.4 20050405 (prerelease)
=== objc tests ===
Running target unix
=== objc Summary ===
# of expected passes 1352
# of unsupported tests 8
/opt/build/eric/gcc-3_4-branch/gcc/xgcc version 3.4.4 20050405 (prerelease)
=== libffi tests ===
Running target unix
=== libffi Summary ===
# of expected passes 212
# of unsupported tests 2
=== libjava tests ===
Running target unix
FAIL: Array_3 execution - gij test
FAIL: Array_3 execution - gij test
FAIL: FileHandleGcTest execution - source compiled test
FAIL: FileHandleGcTest execution - gij test
FAIL: FileHandleGcTest execution - bytecode->native test
FAIL: FileHandleGcTest -O3 execution - source compiled test
FAIL: FileHandleGcTest execution - gij test
FAIL: FileHandleGcTest -O3 execution - bytecode->native test
=== libjava Summary ===
# of expected passes 3255
# of unexpected failures 8
# of expected failures 10
# of untested testcases 16
=== libstdc++ tests ===
Running target unix
XPASS: 22_locale/locale/cons/12658_thread.cc execution test
=== libstdc++ Summary ===
# of expected passes 2735
# of unexpected successes 1
# of expected failures 6
Compiler version: 3.4.4 20050405 (prerelease)
Platform: sparc64-sun-solaris2.9
configure flags: sparc64-sun-solaris2.9 --prefix=/opt/build/eric/local/gcc-3_4-branch --with-as=/opt/build/eric/binutils-2_16-branch/gas/as-new --with-gnu-as --with-ld=/opt/build/eric/binutils-2_16-branch/ld/ld-new --with-gnu-ld --enable-languages=c,c++,objc,f77,java --with-local-prefix=/opt/build/eric/local --disable-multilib
More information about the Gcc-testresults
mailing list