Results for 4.1.0 20050404 (experimental) testsuite on i686-pc-linux-gnu
Laurent GUERBY
laurent@guerby.net
Tue Apr 5 21:16:00 GMT 2005
LAST_UPDATED: Mon Apr 4 21:03:28 UTC 2005
=== acats tests ===
FAIL: c32001e
FAIL: c52011a
FAIL: c64105b
FAIL: c95086b
FAIL: cd2b11a
FAIL: cd2b11b
FAIL: cdd2a02
FAIL: cxa4006
FAIL: cxa4017
=== acats Summary ===
# of expected passes 2311
# of unexpected failures 9
Native configuration is i686-pc-linux-gnu
=== gcc tests ===
Running target unix
XPASS: gcc.dg/vect/vect-22.c scan-tree-dump-times vectorized 3 loops 1
XPASS: gcc.dg/vect/vect-67.c scan-tree-dump-times vectorized 1 loops 1
=== gcc Summary ===
# of expected passes 34191
# of unexpected successes 2
# of expected failures 100
# of untested testcases 28
# of unsupported tests 331
/home/guerby/work/gcc/build/build-20050405T075237/gcc/xgcc version 4.1.0 20050404 (experimental)
Compiler version: 4.1.0 20050404 (experimental)
Platform: i686-pc-linux-gnu
configure flags: --prefix=/home/guerby/work/gcc/install/install-20050405T075237 --enable-__cxa_atexit --disable-nls --enable-threads=posix --enable-checking --enable-languages=c,ada
More information about the Gcc-testresults
mailing list