Results for 4.1.0 20050404 (experimental) testsuite on powerpc-unknown-linux-gnu
Aldy Hernandez
aldyh@cure81.build.redhat.com
Mon Apr 4 10:46:00 GMT 2005
LAST_UPDATED:
Native configuration is powerpc-unknown-linux-gnu
=== g++ tests ===
Running target unix
FAIL: g++.dg/template/spec23.C (test for errors, line 22)
FAIL: g++.dg/template/spec23.C (test for excess errors)
FAIL: g++.old-deja/g++.other/init5.C execution test
=== g++ Summary ===
# of expected passes 11050
# of unexpected failures 3
# of expected failures 65
# of unsupported tests 82
/tmp/aldyh/nightly-builds/powerpc-linux-gnu/cure81.build.redhat.com/gcc/testsuite/../g++ version 4.1.0 20050404 (experimental)
=== gcc tests ===
Running target unix
XPASS: gcc.c-torture/execute/20020720-1.c compilation, -O1
UNRESOLVED: gcc.c-torture/execute/20020720-1.c execution, -O2
UNRESOLVED: gcc.c-torture/execute/20020720-1.c execution, -O3 -fomit-frame-pointer
UNRESOLVED: gcc.c-torture/execute/20020720-1.c execution, -O3 -g
UNRESOLVED: gcc.c-torture/execute/20020720-1.c execution, -Os
FAIL: gcc.dg/20020103-1.c scan-assembler-not LC
FAIL: gcc.dg/cleanup-10.c execution test
FAIL: gcc.dg/cleanup-11.c execution test
FAIL: gcc.dg/cleanup-9.c execution test
=== gcc Summary ===
# of expected passes 35799
# of unexpected failures 4
# of unexpected successes 1
# of expected failures 105
# of unresolved testcases 4
# of untested testcases 28
# of unsupported tests 428
/tmp/aldyh/nightly-builds/powerpc-linux-gnu/cure81.build.redhat.com/gcc/xgcc version 4.1.0 20050404 (experimental)
=== libmudflap tests ===
Running target unix
=== libmudflap Summary ===
# of expected passes 1308
=== libstdc++ tests ===
Running target unix
=== libstdc++ Summary ===
# of expected passes 1
Compiler version: 4.1.0 20050404 (experimental)
Platform: powerpc-unknown-linux-gnu
configure flags: --host=powerpc-linux-gnu --enable-languages=c,c++
More information about the Gcc-testresults
mailing list