Results for 4.0.0 20050403 (prerelease) testsuite on x86_64-unknown-linux-gnu
Laurent GUERBY
laurent@guerby.net
Mon Apr 4 07:16:00 GMT 2005
LAST_UPDATED: Sun Apr 3 17:09:00 UTC 2005
=== acats tests ===
FAIL: cdd2a02
FAIL: cxa4006
FAIL: cxa4017
FAIL: cxa5012
=== acats Summary ===
# of expected passes 2316
# of unexpected failures 4
Native configuration is x86_64-unknown-linux-gnu
=== gcc tests ===
Running target unix
XPASS: gcc.dg/vect/vect-22.c scan-tree-dump-times vectorized 3 loops 1
=== gcc Summary ===
# of expected passes 33388
# of unexpected successes 1
# of expected failures 105
# of untested testcases 28
# of unsupported tests 427
/home/guerby/work/gcc/build/build-20050404T003135/gcc/xgcc version 4.0.0 20050403 (prerelease)
Compiler version: 4.0.0 20050403 (prerelease)
Platform: x86_64-unknown-linux-gnu
configure flags: --prefix=/home/guerby/work/gcc/install/install-20050404T003135 --enable-__cxa_atexit --disable-nls --enable-threads=posix --enable-checking --enable-languages=c,ada
More information about the Gcc-testresults
mailing list