Results for 4.0.0 20040927 (experimental) objc testsuite on powerpc-apple-darwin7.4.1

Andrew Pinski pinskia@physics.uc.edu
Tue Sep 28 12:57:00 GMT 2004


LAST_UPDATED: Mon Sep 27 12:47:40 UTC 2004

Native configuration is powerpc-apple-darwin7.4.1

                 === objc tests ===


Running target unix/-fgnu-runtime
FAIL: objc.dg/bitfield-2.m execution test
FAIL: objc.dg/const-str-3.m (test for excess errors)
WARNING: objc.dg/const-str-3.m compilation failed to produce executable
FAIL: objc.dg/encode-1.m execution test
FAIL: objc.dg/image-info.m (test for excess errors)
ERROR: objc.dg/image-info.m: error executing dg-final: couldn't open 
"image-info.s": no such file or directory
UNRESOLVED: objc.dg/image-info.m: error executing dg-final: couldn't 
open "image-info.s": no such file or directory
FAIL: objc.dg/method-4.m scan-assembler _OBJC_CLASS_REFERENCES_0
FAIL: objc.dg/selector-1.m  (test for warnings, line 22)
FAIL: objc.dg/selector-1.m (test for excess errors)
FAIL: objc.dg/stret-2.m scan-assembler objc_msgSend_stret
FAIL: objc.dg/stret-2.m scan-assembler objc_msgSendSuper_stret
FAIL: objc.dg/zero-link-1.m scan-assembler objc_getClass
FAIL: objc.dg/zero-link-2.m scan-assembler _OBJC_CLASS_REFERENCES_0

                 === objc Summary for unix/-fgnu-runtime ===

# of expected passes            1425
# of unexpected failures        11
# of unresolved testcases       1

Running target unix
FAIL: objc.dg/const-str-3.m execution test
FAIL: objc.dg/const-str-4.m execution test

                 === objc Summary for unix ===

# of expected passes            1436
# of unexpected failures        2

                 === objc Summary ===

# of expected passes            2861
# of unexpected failures        13
# of unresolved testcases       1
/Users/pinskia/src/local/gcc/objdir.objc/gcc/xgcc  version 4.0.0 
20040927 (experimental)


Compiler version: 4.0.0 20040927 (experimental) objc
Platform: powerpc-apple-darwin7.4.1
configure flags: --enable-threads=posix 
--prefix=/Users/pinskia/local.objc --disable-mudflap 
--without-libmudflap --enable-languages=c,objc



More information about the Gcc-testresults mailing list