Results for 4.0.0 20040924 (experimental) testsuite on i686-pc-linux-gnu
Laurent GUERBY
laurent@guerby.net
Sat Sep 25 09:30:00 GMT 2004
LAST_UPDATED: Fri Sep 24 17:30:04 UTC 2004
(with Jan and Zdenek not yet submitted patches)
=== acats tests ===
FAIL: c330001
FAIL: c380004
FAIL: c43214c
FAIL: c45273a
FAIL: c45347a
FAIL: c45347b
FAIL: c45347c
FAIL: c74004a
FAIL: c95072a
FAIL: c95072b
FAIL: c97114a
FAIL: c97117a
FAIL: ca11005
FAIL: cc1221d
FAIL: cc3224a
FAIL: cd10002
FAIL: cd2a21e
FAIL: cd2a22i
FAIL: cd2a31a
FAIL: cxaa010
FAIL: cxaa017
FAIL: cxb4004
FAIL: cxh3002
=== acats Summary ===
# of expected passes 2294
# of unexpected failures 23
Native configuration is i686-pc-linux-gnu
=== gcc tests ===
Running target unix
XPASS: gcc.c-torture/execute/loop-2e.c execution, -Os
FAIL: tmpdir-gcc.dg-struct-layout-1/t026 c_compat_x_tst.o-c_compat_y_tst.o execute
FAIL: tmpdir-gcc.dg-struct-layout-1/t028 c_compat_x_tst.o-c_compat_y_tst.o execute
FAIL: gcc.dg/debug/dwarf2/dwarf-die7.c scan-assembler 1.*DW_AT_inline
FAIL: gcc.dg/c90-const-expr-3.c (test for excess errors)
FAIL: gcc.dg/c99-const-expr-3.c (test for excess errors)
FAIL: gcc.dg/tree-ssa/ifc-20040816-2.c scan-tree-dump-times Applying if-conversion 1
FAIL: gcc.dg/tree-ssa/loop-2.c scan-tree-dump-times arr_base.*= 0
FAIL: gcc.dg/tree-ssa/loop-4.c scan-tree-dump-times arr_base.*= 0
FAIL: gcc.misc-tests/bprob-1.c compilation, -O1 -fbranch-probabilities
UNRESOLVED: gcc.misc-tests/bprob-1.c execution, -O1 -fbranch-probabilities
FAIL: gcc.misc-tests/bprob-1.c compilation, -O2 -DPERFTIME -fbranch-probabilities
UNRESOLVED: gcc.misc-tests/bprob-1.c execution, -O2 -DPERFTIME -fbranch-probabilities
FAIL: gcc.misc-tests/bprob-1.c compilation, -O3 -DPERFTIME -fbranch-probabilities
UNRESOLVED: gcc.misc-tests/bprob-1.c execution, -O3 -DPERFTIME -fbranch-probabilities
FAIL: gcc.misc-tests/bprob-1.c compilation, -O3 -g -DPERFTIME -fbranch-probabilities
UNRESOLVED: gcc.misc-tests/bprob-1.c execution, -O3 -g -DPERFTIME -fbranch-probabilities
FAIL: gcc.misc-tests/bprob-1.c compilation, -Os -fbranch-probabilities
UNRESOLVED: gcc.misc-tests/bprob-1.c execution, -Os -fbranch-probabilities
FAIL: gcc.misc-tests/bprob-1.c compilation, -O1 -ftree-based-profiling -fbranch-probabilities
UNRESOLVED: gcc.misc-tests/bprob-1.c execution, -O1 -ftree-based-profiling -fbranch-probabilities
FAIL: 96:is -:should be 1
FAIL: gcc.misc-tests/gcov-4.c gcov: 1 failures in line counts, 0 in branch percentages, 0 in return percentages
=== gcc Summary ===
# of expected passes 30956
# of unexpected failures 16
# of unexpected successes 1
# of expected failures 114
# of unresolved testcases 6
# of untested testcases 28
# of unsupported tests 271
/home/guerby/work/gcc/build/build-20040925T003157/gcc/xgcc version 4.0.0 20040924 (experimental)
Compiler version: 4.0.0 20040924 (experimental)
Platform: i686-pc-linux-gnu
configure flags: --prefix=/home/guerby/work/gcc/install/install-20040925T003157 --enable-__cxa_atexit --disable-nls --enable-threads=posix --enable-languages=c,ada
More information about the Gcc-testresults
mailing list