Results for 4.0.0 20040924 (experimental) testsuite on x86_64-unknown-linux-gnu
H.J. Lu
hjl@gnu-64.sc.intel.com
Fri Sep 24 16:36:00 GMT 2004
LAST_UPDATED: Fri Sep 24 00:46:30 UTC 2004
Native configuration is x86_64-unknown-linux-gnu
=== gcc tests ===
Running target unix/-m32
FAIL: gcc.c-torture/execute/ieee/20010114-2.c execution, -O1
FAIL: gcc.c-torture/execute/ieee/20010114-2.c execution, -O2
FAIL: gcc.c-torture/execute/ieee/20010114-2.c execution, -Os
FAIL: gcc.c-torture/execute/ieee/20030331-1.c execution, -O1
FAIL: gcc.c-torture/execute/ieee/20030331-1.c execution, -O2
FAIL: gcc.c-torture/execute/ieee/20030331-1.c execution, -O3 -fomit-frame-pointer
FAIL: gcc.c-torture/execute/ieee/20030331-1.c execution, -O3 -g
FAIL: gcc.c-torture/execute/ieee/20030331-1.c execution, -Os
FAIL: gcc.c-torture/execute/ieee/980619-1.c execution, -O1
FAIL: gcc.c-torture/execute/ieee/980619-1.c execution, -O2
FAIL: gcc.c-torture/execute/ieee/980619-1.c execution, -O3 -fomit-frame-pointer
FAIL: gcc.c-torture/execute/ieee/980619-1.c execution, -O3 -fomit-frame-pointer -funroll-loops
FAIL: gcc.c-torture/execute/ieee/980619-1.c execution, -O3 -fomit-frame-pointer -funroll-all-loops -finline-functions
FAIL: gcc.c-torture/execute/ieee/980619-1.c execution, -O3 -g
FAIL: gcc.c-torture/execute/ieee/980619-1.c execution, -Os
FAIL: tmpdir-gcc.dg-struct-layout-1/t026 c_compat_x_tst.o-c_compat_y_tst.o execute
FAIL: tmpdir-gcc.dg-struct-layout-1/t028 c_compat_x_tst.o-c_compat_y_tst.o execute
FAIL: gcc.dg/debug/dwarf2/dwarf-die7.c scan-assembler 1.*DW_AT_inline
FAIL: gcc.dg/c90-const-expr-3.c (test for excess errors)
FAIL: gcc.dg/c99-const-expr-3.c (test for excess errors)
FAIL: gcc.dg/i386-local.c scan-assembler magic[^\\\\n]*edi
FAIL: gcc.dg/tree-ssa/ifc-20040816-2.c scan-tree-dump-times Applying if-conversion 1
FAIL: gcc.dg/tree-ssa/loop-2.c scan-tree-dump-times arr_base.*= 0
FAIL: gcc.dg/tree-ssa/loop-4.c scan-tree-dump-times arr_base.*= 0
FAIL: gcc.misc-tests/bprob-1.c compilation, -O1 -ftree-based-profiling -fbranch-probabilities
UNRESOLVED: gcc.misc-tests/bprob-1.c execution, -O1 -ftree-based-profiling -fbranch-probabilities
FAIL: 96:is -:should be 1
FAIL: gcc.misc-tests/gcov-4.c gcov: 1 failures in line counts, 0 in branch percentages, 0 in return percentages
=== gcc Summary for unix/-m32 ===
# of expected passes 30636
# of unexpected failures 27
# of expected failures 114
# of unresolved testcases 1
# of untested testcases 28
# of unsupported tests 379
Running target unix
FAIL: gcc.c-torture/compile/simd-5.c (test for excess errors)
FAIL: gcc.c-torture/execute/ieee/fp-cmp-4q.c compilation, -O0
UNRESOLVED: gcc.c-torture/execute/ieee/fp-cmp-4q.c execution, -O0
FAIL: gcc.c-torture/execute/ieee/fp-cmp-4q.c compilation, -O1
UNRESOLVED: gcc.c-torture/execute/ieee/fp-cmp-4q.c execution, -O1
FAIL: gcc.c-torture/execute/ieee/fp-cmp-4q.c compilation, -O2
UNRESOLVED: gcc.c-torture/execute/ieee/fp-cmp-4q.c execution, -O2
FAIL: gcc.c-torture/execute/ieee/fp-cmp-4q.c compilation, -O3 -fomit-frame-pointer
UNRESOLVED: gcc.c-torture/execute/ieee/fp-cmp-4q.c execution, -O3 -fomit-frame-pointer
FAIL: gcc.c-torture/execute/ieee/fp-cmp-4q.c compilation, -O3 -g
UNRESOLVED: gcc.c-torture/execute/ieee/fp-cmp-4q.c execution, -O3 -g
FAIL: gcc.c-torture/execute/ieee/fp-cmp-4q.c compilation, -Os
UNRESOLVED: gcc.c-torture/execute/ieee/fp-cmp-4q.c execution, -Os
FAIL: gcc.c-torture/execute/ieee/fp-cmp-8q.c compilation, -O0
UNRESOLVED: gcc.c-torture/execute/ieee/fp-cmp-8q.c execution, -O0
FAIL: gcc.c-torture/execute/ieee/fp-cmp-8q.c compilation, -O1
UNRESOLVED: gcc.c-torture/execute/ieee/fp-cmp-8q.c execution, -O1
FAIL: gcc.c-torture/execute/ieee/fp-cmp-8q.c compilation, -O2
UNRESOLVED: gcc.c-torture/execute/ieee/fp-cmp-8q.c execution, -O2
FAIL: gcc.c-torture/execute/ieee/fp-cmp-8q.c compilation, -O3 -fomit-frame-pointer
UNRESOLVED: gcc.c-torture/execute/ieee/fp-cmp-8q.c execution, -O3 -fomit-frame-pointer
FAIL: gcc.c-torture/execute/ieee/fp-cmp-8q.c compilation, -O3 -g
UNRESOLVED: gcc.c-torture/execute/ieee/fp-cmp-8q.c execution, -O3 -g
FAIL: gcc.c-torture/execute/ieee/fp-cmp-8q.c compilation, -Os
UNRESOLVED: gcc.c-torture/execute/ieee/fp-cmp-8q.c execution, -Os
FAIL: gcc.c-torture/unsorted/opout.c, -O1
FAIL: gcc.c-torture/unsorted/opout.c, -O2
FAIL: gcc.c-torture/unsorted/opout.c, -O3 -fomit-frame-pointer
FAIL: gcc.c-torture/unsorted/opout.c, -O3 -g
FAIL: gcc.c-torture/unsorted/opout.c, -Os
FAIL: gcc.dg/compat/vector-2 c_compat_x_tst.o compile
UNRESOLVED: gcc.dg/compat/vector-2 c_compat_x_tst.o-c_compat_y_tst.o link
UNRESOLVED: gcc.dg/compat/vector-2 c_compat_x_tst.o-c_compat_y_tst.o execute
FAIL: tmpdir-gcc.dg-struct-layout-1/t001 c_compat_x_tst.o compile
UNRESOLVED: tmpdir-gcc.dg-struct-layout-1/t001 c_compat_x_tst.o-c_compat_y_tst.o link
UNRESOLVED: tmpdir-gcc.dg-struct-layout-1/t001 c_compat_x_tst.o-c_compat_y_tst.o execute
FAIL: tmpdir-gcc.dg-struct-layout-1/t027 c_compat_x_tst.o-c_compat_y_tst.o execute
FAIL: gcc.dg/debug/dwarf2/dwarf-die7.c scan-assembler 1.*DW_AT_inline
FAIL: gcc.dg/c90-const-expr-3.c (test for excess errors)
FAIL: gcc.dg/c99-const-expr-3.c (test for excess errors)
FAIL: gcc.dg/ftrapv-1.c execution test
FAIL: gcc.dg/i386-sse-2.c (test for excess errors)
FAIL: gcc.dg/loop-3.c (test for excess errors)
FAIL: gcc.dg/uninit-H.c (test for bogus messages, line 20)
FAIL: gcc.dg/uninit-H.c (test for excess errors)
FAIL: gcc.dg/tree-ssa/ifc-20040816-2.c scan-tree-dump-times Applying if-conversion 1
FAIL: gcc.dg/tree-ssa/loop-2.c scan-tree-dump-times arr_base.*= 0
FAIL: gcc.dg/tree-ssa/loop-2.c scan-tree-dump-times 1700 1
FAIL: gcc.dg/tree-ssa/loop-2.c scan-tree-dump-times iter 0
FAIL: gcc.dg/tree-ssa/loop-4.c scan-tree-dump-times arr_base.*= 0
FAIL: gcc.dg/tree-ssa/loop-4.c scan-tree-dump-times iter 0
FAIL: gcc.dg/vect/vect-1.c (test for excess errors)
FAIL: gcc.dg/vect/vect-2.c (test for excess errors)
WARNING: gcc.dg/vect/vect-2.c compilation failed to produce executable
FAIL: gcc.dg/vect/vect-25.c (test for excess errors)
WARNING: gcc.dg/vect/vect-25.c compilation failed to produce executable
FAIL: gcc.dg/vect/vect-27a.c scan-tree-dump-times vectorized 1 loops 1
FAIL: gcc.dg/vect/vect-29a.c scan-tree-dump-times vectorized 1 loops 1
FAIL: gcc.dg/vect/vect-3.c (test for excess errors)
WARNING: gcc.dg/vect/vect-3.c compilation failed to produce executable
FAIL: gcc.dg/vect/vect-31.c (test for excess errors)
WARNING: gcc.dg/vect/vect-31.c compilation failed to produce executable
FAIL: gcc.dg/vect/vect-32.c (test for excess errors)
WARNING: gcc.dg/vect/vect-32.c compilation failed to produce executable
FAIL: gcc.dg/vect/vect-34.c (test for excess errors)
WARNING: gcc.dg/vect/vect-34.c compilation failed to produce executable
FAIL: gcc.dg/vect/vect-36.c (test for excess errors)
WARNING: gcc.dg/vect/vect-36.c compilation failed to produce executable
FAIL: gcc.dg/vect/vect-38.c (test for excess errors)
WARNING: gcc.dg/vect/vect-38.c compilation failed to produce executable
FAIL: gcc.dg/vect/vect-4.c (test for excess errors)
WARNING: gcc.dg/vect/vect-4.c compilation failed to produce executable
FAIL: gcc.dg/vect/vect-40.c scan-tree-dump-times vectorized 1 loops 1
FAIL: gcc.dg/vect/vect-42.c scan-tree-dump-times vectorized 1 loops 1
FAIL: gcc.dg/vect/vect-43.c scan-tree-dump-times vectorized 1 loops 1
FAIL: gcc.dg/vect/vect-48a.c scan-tree-dump-times vectorized 1 loops 1
FAIL: gcc.dg/vect/vect-5.c (test for excess errors)
WARNING: gcc.dg/vect/vect-5.c compilation failed to produce executable
FAIL: gcc.dg/vect/vect-56a.c scan-tree-dump-times vectorized 1 loops 1
FAIL: gcc.dg/vect/vect-6.c (test for excess errors)
WARNING: gcc.dg/vect/vect-6.c compilation failed to produce executable
FAIL: gcc.dg/vect/vect-64.c (test for excess errors)
WARNING: gcc.dg/vect/vect-64.c compilation failed to produce executable
FAIL: gcc.dg/vect/vect-65.c (test for excess errors)
WARNING: gcc.dg/vect/vect-65.c compilation failed to produce executable
FAIL: gcc.dg/vect/vect-66.c (test for excess errors)
WARNING: gcc.dg/vect/vect-66.c compilation failed to produce executable
FAIL: gcc.dg/vect/vect-68.c (test for excess errors)
WARNING: gcc.dg/vect/vect-68.c compilation failed to produce executable
FAIL: gcc.dg/vect/vect-69.c (test for excess errors)
WARNING: gcc.dg/vect/vect-69.c compilation failed to produce executable
FAIL: gcc.dg/vect/vect-7.c (test for excess errors)
WARNING: gcc.dg/vect/vect-7.c compilation failed to produce executable
FAIL: gcc.dg/vect/vect-72a.c scan-tree-dump-times vectorized 1 loops 1
FAIL: gcc.dg/vect/vect-73.c scan-tree-dump-times vectorized 1 loops 1
FAIL: gcc.dg/vect/vect-74.c scan-tree-dump-times vectorized 1 loops 1
FAIL: gcc.dg/vect/vect-75.c scan-tree-dump-times vectorized 1 loops 1
FAIL: gcc.dg/vect/vect-76.c (test for excess errors)
WARNING: gcc.dg/vect/vect-76.c compilation failed to produce executable
FAIL: gcc.dg/vect/vect-76.c scan-tree-dump-times vectorized 3 loops 1
FAIL: gcc.dg/vect/vect-77a.c scan-tree-dump-times vectorized 1 loops 1
FAIL: gcc.dg/vect/vect-all.c (test for excess errors)
WARNING: gcc.dg/vect/vect-all.c compilation failed to produce executable
FAIL: gcc.misc-tests/bprob-1.c compilation, -O1 -ftree-based-profiling -fbranch-probabilities
UNRESOLVED: gcc.misc-tests/bprob-1.c execution, -O1 -ftree-based-profiling -fbranch-probabilities
FAIL: 96:is -:should be 1
FAIL: gcc.misc-tests/gcov-4.c gcov: 1 failures in line counts, 0 in branch percentages, 0 in return percentages
WARNING: program timed out.
FAIL: gcc.misc-tests/gcov-8.c execution test
WARNING: program timed out.
FAIL: gcc.misc-tests/gcov-9.c (test for excess errors)
WARNING: program timed out.
FAIL: gcc.misc-tests/gcov-9.c gcov failed:
WARNING: program timed out.
FAIL: linkage.c
WARNING: program timed out.
FAIL: gcc.misc-tests/mg.c
=== gcc Summary for unix ===
# of expected passes 30552
# of unexpected failures 76
# of expected failures 114
# of unresolved testcases 17
# of untested testcases 28
# of unsupported tests 379
=== gcc Summary ===
# of expected passes 61188
# of unexpected failures 103
# of expected failures 228
# of unresolved testcases 18
# of untested testcases 56
# of unsupported tests 758
WARNING: program timed out.
=== gfortran tests ===
Running target unix/-m32
FAIL: gfortran.dg/assignment_1.f90 execution test
FAIL: gfortran.dg/assignment_1.f90 execution test
FAIL: gfortran.dg/assignment_1.f90 execution test
FAIL: gfortran.dg/assignment_1.f90 execution test
FAIL: gfortran.dg/assignment_1.f90 execution test
FAIL: gfortran.dg/assignment_1.f90 execution test
FAIL: gfortran.dg/assignment_1.f90 execution test
FAIL: gfortran.dg/assignment_1.f90 execution test
FAIL: gfortran.dg/auto_array_1.f90 execution test
FAIL: gfortran.dg/auto_array_1.f90 execution test
FAIL: gfortran.dg/auto_array_1.f90 execution test
FAIL: gfortran.dg/auto_array_1.f90 execution test
FAIL: gfortran.dg/auto_array_1.f90 execution test
FAIL: gfortran.dg/auto_array_1.f90 execution test
FAIL: gfortran.dg/auto_array_1.f90 execution test
FAIL: gfortran.dg/auto_array_1.f90 execution test
FAIL: gfortran.dg/blockdata_1.f90 execution test
FAIL: gfortran.dg/blockdata_1.f90 execution test
FAIL: gfortran.dg/blockdata_1.f90 execution test
FAIL: gfortran.dg/blockdata_1.f90 execution test
FAIL: gfortran.dg/blockdata_1.f90 execution test
FAIL: gfortran.dg/blockdata_1.f90 execution test
FAIL: gfortran.dg/blockdata_1.f90 execution test
FAIL: gfortran.dg/blockdata_1.f90 execution test
FAIL: gfortran.dg/common_pointer_1.f90 execution test
FAIL: gfortran.dg/common_pointer_1.f90 execution test
FAIL: gfortran.dg/common_pointer_1.f90 execution test
FAIL: gfortran.dg/common_pointer_1.f90 execution test
FAIL: gfortran.dg/common_pointer_1.f90 execution test
FAIL: gfortran.dg/common_pointer_1.f90 execution test
FAIL: gfortran.dg/common_pointer_1.f90 execution test
FAIL: gfortran.dg/common_pointer_1.f90 execution test
FAIL: gfortran.dg/contained_1.f90 execution test
FAIL: gfortran.dg/contained_1.f90 execution test
FAIL: gfortran.dg/contained_1.f90 execution test
FAIL: gfortran.dg/contained_1.f90 execution test
FAIL: gfortran.dg/contained_1.f90 execution test
FAIL: gfortran.dg/contained_1.f90 execution test
FAIL: gfortran.dg/contained_1.f90 execution test
FAIL: gfortran.dg/contained_1.f90 execution test
FAIL: gfortran.dg/der_array_1.f90 execution test
FAIL: gfortran.dg/der_array_1.f90 execution test
FAIL: gfortran.dg/der_array_1.f90 execution test
FAIL: gfortran.dg/der_array_1.f90 execution test
FAIL: gfortran.dg/der_array_1.f90 execution test
FAIL: gfortran.dg/der_array_1.f90 execution test
FAIL: gfortran.dg/der_array_1.f90 execution test
FAIL: gfortran.dg/der_array_1.f90 execution test
FAIL: gfortran.dg/der_array_io_1.f90 execution test
FAIL: gfortran.dg/der_array_io_1.f90 execution test
FAIL: gfortran.dg/der_array_io_1.f90 execution test
FAIL: gfortran.dg/der_array_io_1.f90 execution test
FAIL: gfortran.dg/der_array_io_1.f90 execution test
FAIL: gfortran.dg/der_array_io_1.f90 execution test
FAIL: gfortran.dg/der_array_io_1.f90 execution test
FAIL: gfortran.dg/der_array_io_1.f90 execution test
FAIL: gfortran.dg/der_array_io_2.f90 execution test
FAIL: gfortran.dg/der_array_io_2.f90 execution test
FAIL: gfortran.dg/der_array_io_2.f90 execution test
FAIL: gfortran.dg/der_array_io_2.f90 execution test
FAIL: gfortran.dg/der_array_io_2.f90 execution test
FAIL: gfortran.dg/der_array_io_2.f90 execution test
FAIL: gfortran.dg/der_array_io_2.f90 execution test
FAIL: gfortran.dg/der_array_io_2.f90 execution test
FAIL: gfortran.dg/der_array_io_3.f90 execution test
FAIL: gfortran.dg/der_array_io_3.f90 execution test
FAIL: gfortran.dg/der_array_io_3.f90 execution test
FAIL: gfortran.dg/der_array_io_3.f90 execution test
FAIL: gfortran.dg/der_array_io_3.f90 execution test
FAIL: gfortran.dg/der_array_io_3.f90 execution test
FAIL: gfortran.dg/der_array_io_3.f90 execution test
FAIL: gfortran.dg/der_array_io_3.f90 execution test
FAIL: gfortran.dg/dfloat_1.f90 execution test
FAIL: gfortran.dg/dfloat_1.f90 execution test
FAIL: gfortran.dg/dfloat_1.f90 execution test
FAIL: gfortran.dg/dfloat_1.f90 execution test
FAIL: gfortran.dg/dfloat_1.f90 execution test
FAIL: gfortran.dg/dfloat_1.f90 execution test
FAIL: gfortran.dg/dfloat_1.f90 execution test
FAIL: gfortran.dg/dfloat_1.f90 execution test
FAIL: gfortran.dg/edit_real_1.f90 execution test
FAIL: gfortran.dg/edit_real_1.f90 execution test
FAIL: gfortran.dg/edit_real_1.f90 execution test
FAIL: gfortran.dg/edit_real_1.f90 execution test
FAIL: gfortran.dg/edit_real_1.f90 execution test
FAIL: gfortran.dg/edit_real_1.f90 execution test
FAIL: gfortran.dg/edit_real_1.f90 execution test
FAIL: gfortran.dg/edit_real_1.f90 execution test
FAIL: gfortran.dg/eof_1.f90 execution test
FAIL: gfortran.dg/eof_1.f90 execution test
FAIL: gfortran.dg/eof_1.f90 execution test
FAIL: gfortran.dg/eof_1.f90 execution test
FAIL: gfortran.dg/eof_1.f90 execution test
FAIL: gfortran.dg/eof_1.f90 execution test
FAIL: gfortran.dg/eof_1.f90 execution test
FAIL: gfortran.dg/eof_1.f90 execution test
FAIL: gfortran.dg/eof_2.f90 execution test
FAIL: gfortran.dg/eof_2.f90 execution test
FAIL: gfortran.dg/eof_2.f90 execution test
FAIL: gfortran.dg/eof_2.f90 execution test
FAIL: gfortran.dg/eof_2.f90 execution test
FAIL: gfortran.dg/eof_2.f90 execution test
FAIL: gfortran.dg/eof_2.f90 execution test
FAIL: gfortran.dg/eof_2.f90 execution test
FAIL: gfortran.dg/func_derived_1.f90 execution test
FAIL: gfortran.dg/func_derived_1.f90 execution test
FAIL: gfortran.dg/func_derived_1.f90 execution test
FAIL: gfortran.dg/func_derived_1.f90 execution test
FAIL: gfortran.dg/func_derived_1.f90 execution test
FAIL: gfortran.dg/func_derived_1.f90 execution test
FAIL: gfortran.dg/func_derived_1.f90 execution test
FAIL: gfortran.dg/func_derived_1.f90 execution test
FAIL: gfortran.dg/list_read_1.f90 execution test
FAIL: gfortran.dg/list_read_1.f90 execution test
FAIL: gfortran.dg/list_read_1.f90 execution test
FAIL: gfortran.dg/list_read_1.f90 execution test
FAIL: gfortran.dg/list_read_1.f90 execution test
FAIL: gfortran.dg/list_read_1.f90 execution test
FAIL: gfortran.dg/list_read_1.f90 execution test
FAIL: gfortran.dg/list_read_1.f90 execution test
FAIL: gfortran.dg/list_read_2.f90 execution test
FAIL: gfortran.dg/list_read_2.f90 execution test
FAIL: gfortran.dg/list_read_2.f90 execution test
FAIL: gfortran.dg/list_read_2.f90 execution test
FAIL: gfortran.dg/list_read_2.f90 execution test
FAIL: gfortran.dg/list_read_2.f90 execution test
FAIL: gfortran.dg/list_read_2.f90 execution test
FAIL: gfortran.dg/list_read_2.f90 execution test
FAIL: gfortran.dg/merge_char_1.f90 execution test
FAIL: gfortran.dg/merge_char_1.f90 execution test
FAIL: gfortran.dg/merge_char_1.f90 execution test
FAIL: gfortran.dg/merge_char_1.f90 execution test
FAIL: gfortran.dg/merge_char_1.f90 execution test
FAIL: gfortran.dg/merge_char_1.f90 execution test
FAIL: gfortran.dg/merge_char_1.f90 execution test
FAIL: gfortran.dg/merge_char_1.f90 execution test
FAIL: gfortran.dg/pointer_init_1.f90 execution test
FAIL: gfortran.dg/pointer_init_1.f90 execution test
FAIL: gfortran.dg/pointer_init_1.f90 execution test
FAIL: gfortran.dg/pointer_init_1.f90 execution test
FAIL: gfortran.dg/pointer_init_1.f90 execution test
FAIL: gfortran.dg/pointer_init_1.f90 execution test
FAIL: gfortran.dg/pointer_init_1.f90 execution test
FAIL: gfortran.dg/pointer_init_1.f90 execution test
FAIL: gfortran.dg/pr15129.f90 execution test
FAIL: gfortran.dg/pr15129.f90 execution test
FAIL: gfortran.dg/pr15129.f90 execution test
FAIL: gfortran.dg/pr15129.f90 execution test
FAIL: gfortran.dg/pr15129.f90 execution test
FAIL: gfortran.dg/pr15129.f90 execution test
FAIL: gfortran.dg/pr15129.f90 execution test
FAIL: gfortran.dg/pr15129.f90 execution test
FAIL: gfortran.dg/pr15140.f90 execution test
FAIL: gfortran.dg/pr15140.f90 execution test
FAIL: gfortran.dg/pr15140.f90 execution test
FAIL: gfortran.dg/pr15140.f90 execution test
FAIL: gfortran.dg/pr15140.f90 execution test
FAIL: gfortran.dg/pr15140.f90 execution test
FAIL: gfortran.dg/pr15140.f90 execution test
FAIL: gfortran.dg/pr15140.f90 execution test
FAIL: gfortran.dg/pr15324.f90 execution test
FAIL: gfortran.dg/pr15324.f90 execution test
FAIL: gfortran.dg/pr15324.f90 execution test
FAIL: gfortran.dg/pr15324.f90 execution test
FAIL: gfortran.dg/pr15324.f90 execution test
FAIL: gfortran.dg/pr15324.f90 execution test
FAIL: gfortran.dg/pr15324.f90 execution test
FAIL: gfortran.dg/pr15324.f90 execution test
FAIL: gfortran.dg/pr15957.f90 execution test
FAIL: gfortran.dg/pr15957.f90 execution test
FAIL: gfortran.dg/pr15957.f90 execution test
FAIL: gfortran.dg/pr15957.f90 execution test
FAIL: gfortran.dg/pr15957.f90 execution test
FAIL: gfortran.dg/pr15957.f90 execution test
FAIL: gfortran.dg/pr15957.f90 execution test
FAIL: gfortran.dg/pr15957.f90 execution test
FAIL: gfortran.dg/pr16935.f90 execution test
FAIL: gfortran.dg/pr16935.f90 execution test
FAIL: gfortran.dg/pr16935.f90 execution test
FAIL: gfortran.dg/pr16935.f90 execution test
FAIL: gfortran.dg/pr16935.f90 execution test
FAIL: gfortran.dg/pr16935.f90 execution test
FAIL: gfortran.dg/pr16935.f90 execution test
FAIL: gfortran.dg/pr16935.f90 execution test
FAIL: gfortran.dg/pr17090.f90 execution test
FAIL: gfortran.dg/pr17090.f90 execution test
FAIL: gfortran.dg/pr17090.f90 execution test
FAIL: gfortran.dg/pr17090.f90 execution test
FAIL: gfortran.dg/pr17090.f90 execution test
FAIL: gfortran.dg/pr17090.f90 execution test
FAIL: gfortran.dg/pr17090.f90 execution test
FAIL: gfortran.dg/pr17090.f90 execution test
FAIL: gfortran.dg/reduction.f90 execution test
FAIL: gfortran.dg/reduction.f90 execution test
FAIL: gfortran.dg/reduction.f90 execution test
FAIL: gfortran.dg/reduction.f90 execution test
FAIL: gfortran.dg/reduction.f90 execution test
FAIL: gfortran.dg/reduction.f90 execution test
FAIL: gfortran.dg/reduction.f90 execution test
FAIL: gfortran.dg/reduction.f90 execution test
FAIL: gfortran.dg/ret_array_1.f90 execution test
FAIL: gfortran.dg/ret_array_1.f90 execution test
FAIL: gfortran.dg/ret_array_1.f90 execution test
FAIL: gfortran.dg/ret_array_1.f90 execution test
FAIL: gfortran.dg/ret_array_1.f90 execution test
FAIL: gfortran.dg/ret_array_1.f90 execution test
FAIL: gfortran.dg/ret_array_1.f90 execution test
FAIL: gfortran.dg/ret_array_1.f90 execution test
FAIL: gfortran.dg/rewind_1.f90 execution test
FAIL: gfortran.dg/rewind_1.f90 execution test
FAIL: gfortran.dg/rewind_1.f90 execution test
FAIL: gfortran.dg/rewind_1.f90 execution test
FAIL: gfortran.dg/rewind_1.f90 execution test
FAIL: gfortran.dg/rewind_1.f90 execution test
FAIL: gfortran.dg/rewind_1.f90 execution test
FAIL: gfortran.dg/rewind_1.f90 execution test
FAIL: gfortran.dg/simpleif_1.f90 execution test
FAIL: gfortran.dg/simpleif_1.f90 execution test
FAIL: gfortran.dg/simpleif_1.f90 execution test
FAIL: gfortran.dg/simpleif_1.f90 execution test
FAIL: gfortran.dg/simpleif_1.f90 execution test
FAIL: gfortran.dg/simpleif_1.f90 execution test
FAIL: gfortran.dg/simpleif_1.f90 execution test
FAIL: gfortran.dg/simpleif_1.f90 execution test
FAIL: gfortran.dg/string_ctor_1.f90 execution test
FAIL: gfortran.dg/string_ctor_1.f90 execution test
FAIL: gfortran.dg/string_ctor_1.f90 execution test
FAIL: gfortran.dg/string_ctor_1.f90 execution test
FAIL: gfortran.dg/string_ctor_1.f90 execution test
FAIL: gfortran.dg/string_ctor_1.f90 execution test
FAIL: gfortran.dg/string_ctor_1.f90 execution test
FAIL: gfortran.dg/string_ctor_1.f90 execution test
FAIL: gfortran.dg/g77/13037.f execution test
FAIL: gfortran.dg/g77/13037.f execution test
FAIL: gfortran.dg/g77/13037.f execution test
FAIL: gfortran.dg/g77/13037.f execution test
FAIL: gfortran.dg/g77/13037.f execution test
FAIL: gfortran.dg/g77/13037.f execution test
FAIL: gfortran.dg/g77/13037.f execution test
FAIL: gfortran.dg/g77/13037.f execution test
FAIL: gfortran.dg/g77/1832.f execution test
FAIL: gfortran.dg/g77/1832.f execution test
FAIL: gfortran.dg/g77/1832.f execution test
FAIL: gfortran.dg/g77/1832.f execution test
FAIL: gfortran.dg/g77/1832.f execution test
FAIL: gfortran.dg/g77/1832.f execution test
FAIL: gfortran.dg/g77/1832.f execution test
FAIL: gfortran.dg/g77/1832.f execution test
FAIL: gfortran.dg/g77/19981119-0.f execution test
FAIL: gfortran.dg/g77/19981119-0.f execution test
FAIL: gfortran.dg/g77/19981119-0.f execution test
FAIL: gfortran.dg/g77/19981119-0.f execution test
FAIL: gfortran.dg/g77/19981119-0.f execution test
FAIL: gfortran.dg/g77/19981119-0.f execution test
FAIL: gfortran.dg/g77/19981119-0.f execution test
FAIL: gfortran.dg/g77/19981119-0.f execution test
FAIL: gfortran.dg/g77/19990313-0.f execution test
FAIL: gfortran.dg/g77/19990313-0.f execution test
FAIL: gfortran.dg/g77/19990313-0.f execution test
FAIL: gfortran.dg/g77/19990313-0.f execution test
FAIL: gfortran.dg/g77/19990313-0.f execution test
FAIL: gfortran.dg/g77/19990313-0.f execution test
FAIL: gfortran.dg/g77/19990313-0.f execution test
FAIL: gfortran.dg/g77/19990313-0.f execution test
FAIL: gfortran.dg/g77/19990313-1.f execution test
FAIL: gfortran.dg/g77/19990313-1.f execution test
FAIL: gfortran.dg/g77/19990313-1.f execution test
FAIL: gfortran.dg/g77/19990313-1.f execution test
FAIL: gfortran.dg/g77/19990313-1.f execution test
FAIL: gfortran.dg/g77/19990313-1.f execution test
FAIL: gfortran.dg/g77/19990313-1.f execution test
FAIL: gfortran.dg/g77/19990313-1.f execution test
FAIL: gfortran.dg/g77/19990313-2.f execution test
FAIL: gfortran.dg/g77/19990313-2.f execution test
FAIL: gfortran.dg/g77/19990313-2.f execution test
FAIL: gfortran.dg/g77/19990313-2.f execution test
FAIL: gfortran.dg/g77/19990313-2.f execution test
FAIL: gfortran.dg/g77/19990313-2.f execution test
FAIL: gfortran.dg/g77/19990313-2.f execution test
FAIL: gfortran.dg/g77/19990313-2.f execution test
FAIL: gfortran.dg/g77/19990313-3.f execution test
FAIL: gfortran.dg/g77/19990313-3.f execution test
FAIL: gfortran.dg/g77/19990313-3.f execution test
FAIL: gfortran.dg/g77/19990313-3.f execution test
FAIL: gfortran.dg/g77/19990313-3.f execution test
FAIL: gfortran.dg/g77/19990313-3.f execution test
FAIL: gfortran.dg/g77/19990313-3.f execution test
FAIL: gfortran.dg/g77/19990313-3.f execution test
FAIL: gfortran.dg/g77/19990419-1.f execution test
FAIL: gfortran.dg/g77/19990419-1.f execution test
FAIL: gfortran.dg/g77/19990419-1.f execution test
FAIL: gfortran.dg/g77/19990419-1.f execution test
FAIL: gfortran.dg/g77/19990419-1.f execution test
FAIL: gfortran.dg/g77/19990419-1.f execution test
FAIL: gfortran.dg/g77/19990419-1.f execution test
FAIL: gfortran.dg/g77/19990419-1.f execution test
FAIL: gfortran.dg/g77/19990826-0.f execution test
FAIL: gfortran.dg/g77/19990826-0.f execution test
FAIL: gfortran.dg/g77/19990826-0.f execution test
FAIL: gfortran.dg/g77/19990826-0.f execution test
FAIL: gfortran.dg/g77/19990826-0.f execution test
FAIL: gfortran.dg/g77/19990826-0.f execution test
FAIL: gfortran.dg/g77/19990826-0.f execution test
FAIL: gfortran.dg/g77/19990826-0.f execution test
FAIL: gfortran.dg/g77/19990826-2.f execution test
FAIL: gfortran.dg/g77/19990826-2.f execution test
FAIL: gfortran.dg/g77/19990826-2.f execution test
FAIL: gfortran.dg/g77/19990826-2.f execution test
FAIL: gfortran.dg/g77/19990826-2.f execution test
FAIL: gfortran.dg/g77/19990826-2.f execution test
FAIL: gfortran.dg/g77/19990826-2.f execution test
FAIL: gfortran.dg/g77/19990826-2.f execution test
FAIL: gfortran.dg/g77/20000503-1.f execution test
FAIL: gfortran.dg/g77/20000503-1.f execution test
FAIL: gfortran.dg/g77/20000503-1.f execution test
FAIL: gfortran.dg/g77/20000503-1.f execution test
FAIL: gfortran.dg/g77/20000503-1.f execution test
FAIL: gfortran.dg/g77/20000503-1.f execution test
FAIL: gfortran.dg/g77/20000503-1.f execution test
FAIL: gfortran.dg/g77/20000503-1.f execution test
FAIL: gfortran.dg/g77/20001111.f execution test
FAIL: gfortran.dg/g77/20001111.f execution test
FAIL: gfortran.dg/g77/20001111.f execution test
FAIL: gfortran.dg/g77/20001111.f execution test
FAIL: gfortran.dg/g77/20001111.f execution test
FAIL: gfortran.dg/g77/20001111.f execution test
FAIL: gfortran.dg/g77/20001111.f execution test
FAIL: gfortran.dg/g77/20001111.f execution test
FAIL: gfortran.dg/g77/20010116.f execution test
FAIL: gfortran.dg/g77/20010116.f execution test
FAIL: gfortran.dg/g77/20010116.f execution test
FAIL: gfortran.dg/g77/20010116.f execution test
FAIL: gfortran.dg/g77/20010116.f execution test
FAIL: gfortran.dg/g77/20010116.f execution test
FAIL: gfortran.dg/g77/20010116.f execution test
FAIL: gfortran.dg/g77/20010116.f execution test
FAIL: gfortran.dg/g77/20010426-1.f execution test
FAIL: gfortran.dg/g77/20010426-1.f execution test
FAIL: gfortran.dg/g77/20010426-1.f execution test
FAIL: gfortran.dg/g77/20010426-1.f execution test
FAIL: gfortran.dg/g77/20010426-1.f execution test
FAIL: gfortran.dg/g77/20010426-1.f execution test
FAIL: gfortran.dg/g77/20010426-1.f execution test
FAIL: gfortran.dg/g77/20010426-1.f execution test
FAIL: gfortran.dg/g77/20010430.f execution test
FAIL: gfortran.dg/g77/20010430.f execution test
FAIL: gfortran.dg/g77/20010430.f execution test
FAIL: gfortran.dg/g77/20010430.f execution test
FAIL: gfortran.dg/g77/20010430.f execution test
FAIL: gfortran.dg/g77/20010430.f execution test
FAIL: gfortran.dg/g77/20010430.f execution test
FAIL: gfortran.dg/g77/20010430.f execution test
FAIL: gfortran.dg/g77/20010610.f execution test
FAIL: gfortran.dg/g77/20010610.f execution test
FAIL: gfortran.dg/g77/20010610.f execution test
FAIL: gfortran.dg/g77/20010610.f execution test
FAIL: gfortran.dg/g77/20010610.f execution test
FAIL: gfortran.dg/g77/20010610.f execution test
FAIL: gfortran.dg/g77/20010610.f execution test
FAIL: gfortran.dg/g77/20010610.f execution test
FAIL: gfortran.dg/g77/6177.f execution test
FAIL: gfortran.dg/g77/6177.f execution test
FAIL: gfortran.dg/g77/6177.f execution test
FAIL: gfortran.dg/g77/6177.f execution test
FAIL: gfortran.dg/g77/6177.f execution test
FAIL: gfortran.dg/g77/6177.f execution test
FAIL: gfortran.dg/g77/6177.f execution test
FAIL: gfortran.dg/g77/6177.f execution test
FAIL: gfortran.dg/g77/7388.f execution test
FAIL: gfortran.dg/g77/7388.f execution test
FAIL: gfortran.dg/g77/7388.f execution test
FAIL: gfortran.dg/g77/7388.f execution test
FAIL: gfortran.dg/g77/7388.f execution test
FAIL: gfortran.dg/g77/7388.f execution test
FAIL: gfortran.dg/g77/7388.f execution test
FAIL: gfortran.dg/g77/7388.f execution test
FAIL: gfortran.dg/g77/947.f execution test
FAIL: gfortran.dg/g77/947.f execution test
FAIL: gfortran.dg/g77/947.f execution test
FAIL: gfortran.dg/g77/947.f execution test
FAIL: gfortran.dg/g77/947.f execution test
FAIL: gfortran.dg/g77/947.f execution test
FAIL: gfortran.dg/g77/947.f execution test
FAIL: gfortran.dg/g77/947.f execution test
FAIL: gfortran.dg/g77/970816-3.f execution test
FAIL: gfortran.dg/g77/970816-3.f execution test
FAIL: gfortran.dg/g77/970816-3.f execution test
FAIL: gfortran.dg/g77/970816-3.f execution test
FAIL: gfortran.dg/g77/970816-3.f execution test
FAIL: gfortran.dg/g77/970816-3.f execution test
FAIL: gfortran.dg/g77/970816-3.f execution test
FAIL: gfortran.dg/g77/970816-3.f execution test
FAIL: gfortran.dg/g77/971102-1.f execution test
FAIL: gfortran.dg/g77/971102-1.f execution test
FAIL: gfortran.dg/g77/971102-1.f execution test
FAIL: gfortran.dg/g77/971102-1.f execution test
FAIL: gfortran.dg/g77/971102-1.f execution test
FAIL: gfortran.dg/g77/971102-1.f execution test
FAIL: gfortran.dg/g77/971102-1.f execution test
FAIL: gfortran.dg/g77/971102-1.f execution test
FAIL: gfortran.dg/g77/980520-1.f execution test
FAIL: gfortran.dg/g77/980520-1.f execution test
FAIL: gfortran.dg/g77/980520-1.f execution test
FAIL: gfortran.dg/g77/980520-1.f execution test
FAIL: gfortran.dg/g77/980520-1.f execution test
FAIL: gfortran.dg/g77/980520-1.f execution test
FAIL: gfortran.dg/g77/980520-1.f execution test
FAIL: gfortran.dg/g77/980520-1.f execution test
FAIL: gfortran.dg/g77/980628-0.f execution test
FAIL: gfortran.dg/g77/980628-0.f execution test
FAIL: gfortran.dg/g77/980628-0.f execution test
FAIL: gfortran.dg/g77/980628-0.f execution test
FAIL: gfortran.dg/g77/980628-0.f execution test
FAIL: gfortran.dg/g77/980628-0.f execution test
FAIL: gfortran.dg/g77/980628-0.f execution test
FAIL: gfortran.dg/g77/980628-0.f execution test
FAIL: gfortran.dg/g77/980628-1.f execution test
FAIL: gfortran.dg/g77/980628-1.f execution test
FAIL: gfortran.dg/g77/980628-1.f execution test
FAIL: gfortran.dg/g77/980628-1.f execution test
FAIL: gfortran.dg/g77/980628-1.f execution test
FAIL: gfortran.dg/g77/980628-1.f execution test
FAIL: gfortran.dg/g77/980628-1.f execution test
FAIL: gfortran.dg/g77/980628-1.f execution test
FAIL: gfortran.dg/g77/980628-10.f execution test
FAIL: gfortran.dg/g77/980628-10.f execution test
FAIL: gfortran.dg/g77/980628-10.f execution test
FAIL: gfortran.dg/g77/980628-10.f execution test
FAIL: gfortran.dg/g77/980628-10.f execution test
FAIL: gfortran.dg/g77/980628-10.f execution test
FAIL: gfortran.dg/g77/980628-10.f execution test
FAIL: gfortran.dg/g77/980628-10.f execution test
FAIL: gfortran.dg/g77/980628-2.f execution test
FAIL: gfortran.dg/g77/980628-2.f execution test
FAIL: gfortran.dg/g77/980628-2.f execution test
FAIL: gfortran.dg/g77/980628-2.f execution test
FAIL: gfortran.dg/g77/980628-2.f execution test
FAIL: gfortran.dg/g77/980628-2.f execution test
FAIL: gfortran.dg/g77/980628-2.f execution test
FAIL: gfortran.dg/g77/980628-2.f execution test
FAIL: gfortran.dg/g77/980628-3.f execution test
FAIL: gfortran.dg/g77/980628-3.f execution test
FAIL: gfortran.dg/g77/980628-3.f execution test
FAIL: gfortran.dg/g77/980628-3.f execution test
FAIL: gfortran.dg/g77/980628-3.f execution test
FAIL: gfortran.dg/g77/980628-3.f execution test
FAIL: gfortran.dg/g77/980628-3.f execution test
FAIL: gfortran.dg/g77/980628-3.f execution test
FAIL: gfortran.dg/g77/980628-7.f execution test
FAIL: gfortran.dg/g77/980628-7.f execution test
FAIL: gfortran.dg/g77/980628-7.f execution test
FAIL: gfortran.dg/g77/980628-7.f execution test
FAIL: gfortran.dg/g77/980628-7.f execution test
FAIL: gfortran.dg/g77/980628-7.f execution test
FAIL: gfortran.dg/g77/980628-7.f execution test
FAIL: gfortran.dg/g77/980628-7.f execution test
FAIL: gfortran.dg/g77/980628-8.f execution test
FAIL: gfortran.dg/g77/980628-8.f execution test
FAIL: gfortran.dg/g77/980628-8.f execution test
FAIL: gfortran.dg/g77/980628-8.f execution test
FAIL: gfortran.dg/g77/980628-8.f execution test
FAIL: gfortran.dg/g77/980628-8.f execution test
FAIL: gfortran.dg/g77/980628-8.f execution test
FAIL: gfortran.dg/g77/980628-8.f execution test
FAIL: gfortran.dg/g77/980628-9.f execution test
FAIL: gfortran.dg/g77/980628-9.f execution test
FAIL: gfortran.dg/g77/980628-9.f execution test
FAIL: gfortran.dg/g77/980628-9.f execution test
FAIL: gfortran.dg/g77/980628-9.f execution test
FAIL: gfortran.dg/g77/980628-9.f execution test
FAIL: gfortran.dg/g77/980628-9.f execution test
FAIL: gfortran.dg/g77/980628-9.f execution test
FAIL: gfortran.dg/g77/980701-0.f execution test
FAIL: gfortran.dg/g77/980701-0.f execution test
FAIL: gfortran.dg/g77/980701-0.f execution test
FAIL: gfortran.dg/g77/980701-0.f execution test
FAIL: gfortran.dg/g77/980701-0.f execution test
FAIL: gfortran.dg/g77/980701-0.f execution test
FAIL: gfortran.dg/g77/980701-0.f execution test
FAIL: gfortran.dg/g77/980701-0.f execution test
FAIL: gfortran.dg/g77/980701-1.f execution test
FAIL: gfortran.dg/g77/980701-1.f execution test
FAIL: gfortran.dg/g77/980701-1.f execution test
FAIL: gfortran.dg/g77/980701-1.f execution test
FAIL: gfortran.dg/g77/980701-1.f execution test
FAIL: gfortran.dg/g77/980701-1.f execution test
FAIL: gfortran.dg/g77/980701-1.f execution test
FAIL: gfortran.dg/g77/980701-1.f execution test
FAIL: gfortran.dg/g77/cabs.f execution test
FAIL: gfortran.dg/g77/cabs.f execution test
FAIL: gfortran.dg/g77/cabs.f execution test
FAIL: gfortran.dg/g77/cabs.f execution test
FAIL: gfortran.dg/g77/cabs.f execution test
FAIL: gfortran.dg/g77/cabs.f execution test
FAIL: gfortran.dg/g77/cabs.f execution test
FAIL: gfortran.dg/g77/cabs.f execution test
FAIL: gfortran.dg/g77/claus.f execution test
FAIL: gfortran.dg/g77/claus.f execution test
FAIL: gfortran.dg/g77/claus.f execution test
FAIL: gfortran.dg/g77/claus.f execution test
FAIL: gfortran.dg/g77/claus.f execution test
FAIL: gfortran.dg/g77/claus.f execution test
FAIL: gfortran.dg/g77/claus.f execution test
FAIL: gfortran.dg/g77/claus.f execution test
FAIL: gfortran.dg/g77/complex_1.f execution test
FAIL: gfortran.dg/g77/complex_1.f execution test
FAIL: gfortran.dg/g77/complex_1.f execution test
FAIL: gfortran.dg/g77/complex_1.f execution test
FAIL: gfortran.dg/g77/complex_1.f execution test
FAIL: gfortran.dg/g77/complex_1.f execution test
FAIL: gfortran.dg/g77/complex_1.f execution test
FAIL: gfortran.dg/g77/complex_1.f execution test
FAIL: gfortran.dg/g77/cpp3.F execution test
FAIL: gfortran.dg/g77/cpp3.F execution test
FAIL: gfortran.dg/g77/cpp3.F execution test
FAIL: gfortran.dg/g77/cpp3.F execution test
FAIL: gfortran.dg/g77/cpp3.F execution test
FAIL: gfortran.dg/g77/cpp3.F execution test
FAIL: gfortran.dg/g77/cpp3.F execution test
FAIL: gfortran.dg/g77/cpp3.F execution test
FAIL: gfortran.dg/g77/dcomplex.f execution test
FAIL: gfortran.dg/g77/dcomplex.f execution test
FAIL: gfortran.dg/g77/dcomplex.f execution test
FAIL: gfortran.dg/g77/dcomplex.f execution test
FAIL: gfortran.dg/g77/dcomplex.f execution test
FAIL: gfortran.dg/g77/dcomplex.f execution test
FAIL: gfortran.dg/g77/dcomplex.f execution test
FAIL: gfortran.dg/g77/dcomplex.f execution test
FAIL: gfortran.dg/g77/dnrm2.f execution test
FAIL: gfortran.dg/g77/dnrm2.f execution test
FAIL: gfortran.dg/g77/dnrm2.f execution test
FAIL: gfortran.dg/g77/dnrm2.f execution test
FAIL: gfortran.dg/g77/dnrm2.f execution test
FAIL: gfortran.dg/g77/dnrm2.f execution test
FAIL: gfortran.dg/g77/dnrm2.f execution test
FAIL: gfortran.dg/g77/dnrm2.f execution test
FAIL: gfortran.dg/g77/erfc.f execution test
FAIL: gfortran.dg/g77/erfc.f execution test
FAIL: gfortran.dg/g77/erfc.f execution test
FAIL: gfortran.dg/g77/erfc.f execution test
FAIL: gfortran.dg/g77/erfc.f execution test
FAIL: gfortran.dg/g77/erfc.f execution test
FAIL: gfortran.dg/g77/erfc.f execution test
FAIL: gfortran.dg/g77/erfc.f execution test
FAIL: gfortran.dg/g77/f77-edit-apostrophe-out.f execution test
FAIL: gfortran.dg/g77/f77-edit-apostrophe-out.f execution test
FAIL: gfortran.dg/g77/f77-edit-apostrophe-out.f execution test
FAIL: gfortran.dg/g77/f77-edit-apostrophe-out.f execution test
FAIL: gfortran.dg/g77/f77-edit-apostrophe-out.f execution test
FAIL: gfortran.dg/g77/f77-edit-apostrophe-out.f execution test
FAIL: gfortran.dg/g77/f77-edit-apostrophe-out.f execution test
FAIL: gfortran.dg/g77/f77-edit-apostrophe-out.f execution test
FAIL: gfortran.dg/g77/f77-edit-colon-out.f execution test
FAIL: gfortran.dg/g77/f77-edit-colon-out.f execution test
FAIL: gfortran.dg/g77/f77-edit-colon-out.f execution test
FAIL: gfortran.dg/g77/f77-edit-colon-out.f execution test
FAIL: gfortran.dg/g77/f77-edit-colon-out.f execution test
FAIL: gfortran.dg/g77/f77-edit-colon-out.f execution test
FAIL: gfortran.dg/g77/f77-edit-colon-out.f execution test
FAIL: gfortran.dg/g77/f77-edit-colon-out.f execution test
FAIL: gfortran.dg/g77/f77-edit-h-out.f execution test
FAIL: gfortran.dg/g77/f77-edit-h-out.f execution test
FAIL: gfortran.dg/g77/f77-edit-h-out.f execution test
FAIL: gfortran.dg/g77/f77-edit-h-out.f execution test
FAIL: gfortran.dg/g77/f77-edit-h-out.f execution test
FAIL: gfortran.dg/g77/f77-edit-h-out.f execution test
FAIL: gfortran.dg/g77/f77-edit-h-out.f execution test
FAIL: gfortran.dg/g77/f77-edit-h-out.f execution test
FAIL: gfortran.dg/g77/f77-edit-i-in.f execution test
FAIL: gfortran.dg/g77/f77-edit-i-in.f execution test
FAIL: gfortran.dg/g77/f77-edit-i-in.f execution test
FAIL: gfortran.dg/g77/f77-edit-i-in.f execution test
FAIL: gfortran.dg/g77/f77-edit-i-in.f execution test
FAIL: gfortran.dg/g77/f77-edit-i-in.f execution test
FAIL: gfortran.dg/g77/f77-edit-i-in.f execution test
FAIL: gfortran.dg/g77/f77-edit-i-in.f execution test
FAIL: gfortran.dg/g77/f77-edit-i-out.f execution test
FAIL: gfortran.dg/g77/f77-edit-i-out.f execution test
FAIL: gfortran.dg/g77/f77-edit-i-out.f execution test
FAIL: gfortran.dg/g77/f77-edit-i-out.f execution test
FAIL: gfortran.dg/g77/f77-edit-i-out.f execution test
FAIL: gfortran.dg/g77/f77-edit-i-out.f execution test
FAIL: gfortran.dg/g77/f77-edit-i-out.f execution test
FAIL: gfortran.dg/g77/f77-edit-i-out.f execution test
FAIL: gfortran.dg/g77/f77-edit-s-out.f execution test
FAIL: gfortran.dg/g77/f77-edit-s-out.f execution test
FAIL: gfortran.dg/g77/f77-edit-s-out.f execution test
FAIL: gfortran.dg/g77/f77-edit-s-out.f execution test
FAIL: gfortran.dg/g77/f77-edit-s-out.f execution test
FAIL: gfortran.dg/g77/f77-edit-s-out.f execution test
FAIL: gfortran.dg/g77/f77-edit-s-out.f execution test
FAIL: gfortran.dg/g77/f77-edit-s-out.f execution test
FAIL: gfortran.dg/g77/f77-edit-slash-out.f execution test
FAIL: gfortran.dg/g77/f77-edit-slash-out.f execution test
FAIL: gfortran.dg/g77/f77-edit-slash-out.f execution test
FAIL: gfortran.dg/g77/f77-edit-slash-out.f execution test
FAIL: gfortran.dg/g77/f77-edit-slash-out.f execution test
FAIL: gfortran.dg/g77/f77-edit-slash-out.f execution test
FAIL: gfortran.dg/g77/f77-edit-slash-out.f execution test
FAIL: gfortran.dg/g77/f77-edit-slash-out.f execution test
FAIL: gfortran.dg/g77/f77-edit-t-out.f execution test
FAIL: gfortran.dg/g77/f77-edit-t-out.f execution test
FAIL: gfortran.dg/g77/f77-edit-t-out.f execution test
FAIL: gfortran.dg/g77/f77-edit-t-out.f execution test
FAIL: gfortran.dg/g77/f77-edit-t-out.f execution test
FAIL: gfortran.dg/g77/f77-edit-t-out.f execution test
FAIL: gfortran.dg/g77/f77-edit-t-out.f execution test
FAIL: gfortran.dg/g77/f77-edit-t-out.f execution test
FAIL: gfortran.dg/g77/f77-edit-x-out.f execution test
FAIL: gfortran.dg/g77/f77-edit-x-out.f execution test
FAIL: gfortran.dg/g77/f77-edit-x-out.f execution test
FAIL: gfortran.dg/g77/f77-edit-x-out.f execution test
FAIL: gfortran.dg/g77/f77-edit-x-out.f execution test
FAIL: gfortran.dg/g77/f77-edit-x-out.f execution test
FAIL: gfortran.dg/g77/f77-edit-x-out.f execution test
FAIL: gfortran.dg/g77/f77-edit-x-out.f execution test
FAIL: gfortran.dg/g77/f90-intrinsic-mathematical.f execution test
FAIL: gfortran.dg/g77/f90-intrinsic-mathematical.f execution test
FAIL: gfortran.dg/g77/f90-intrinsic-mathematical.f execution test
FAIL: gfortran.dg/g77/f90-intrinsic-mathematical.f execution test
FAIL: gfortran.dg/g77/f90-intrinsic-mathematical.f execution test
FAIL: gfortran.dg/g77/f90-intrinsic-mathematical.f execution test
FAIL: gfortran.dg/g77/f90-intrinsic-mathematical.f execution test
FAIL: gfortran.dg/g77/f90-intrinsic-mathematical.f execution test
FAIL: gfortran.dg/g77/f90-intrinsic-numeric.f execution test
FAIL: gfortran.dg/g77/f90-intrinsic-numeric.f execution test
FAIL: gfortran.dg/g77/f90-intrinsic-numeric.f execution test
FAIL: gfortran.dg/g77/f90-intrinsic-numeric.f execution test
FAIL: gfortran.dg/g77/f90-intrinsic-numeric.f execution test
FAIL: gfortran.dg/g77/f90-intrinsic-numeric.f execution test
FAIL: gfortran.dg/g77/f90-intrinsic-numeric.f execution test
FAIL: gfortran.dg/g77/f90-intrinsic-numeric.f execution test
FAIL: gfortran.dg/g77/int8421.f execution test
FAIL: gfortran.dg/g77/int8421.f execution test
FAIL: gfortran.dg/g77/int8421.f execution test
FAIL: gfortran.dg/g77/int8421.f execution test
FAIL: gfortran.dg/g77/int8421.f execution test
FAIL: gfortran.dg/g77/int8421.f execution test
FAIL: gfortran.dg/g77/int8421.f execution test
FAIL: gfortran.dg/g77/int8421.f execution test
FAIL: gfortran.dg/g77/intrinsic-unix-bessel.f execution test
FAIL: gfortran.dg/g77/intrinsic-unix-bessel.f execution test
FAIL: gfortran.dg/g77/intrinsic-unix-bessel.f execution test
FAIL: gfortran.dg/g77/intrinsic-unix-bessel.f execution test
FAIL: gfortran.dg/g77/intrinsic-unix-bessel.f execution test
FAIL: gfortran.dg/g77/intrinsic-unix-bessel.f execution test
FAIL: gfortran.dg/g77/intrinsic-unix-bessel.f execution test
FAIL: gfortran.dg/g77/intrinsic-unix-bessel.f execution test
FAIL: gfortran.dg/g77/intrinsic-unix-erf.f execution test
FAIL: gfortran.dg/g77/intrinsic-unix-erf.f execution test
FAIL: gfortran.dg/g77/intrinsic-unix-erf.f execution test
FAIL: gfortran.dg/g77/intrinsic-unix-erf.f execution test
FAIL: gfortran.dg/g77/intrinsic-unix-erf.f execution test
FAIL: gfortran.dg/g77/intrinsic-unix-erf.f execution test
FAIL: gfortran.dg/g77/intrinsic-unix-erf.f execution test
FAIL: gfortran.dg/g77/intrinsic-unix-erf.f execution test
FAIL: gfortran.dg/g77/labug1.f execution test
FAIL: gfortran.dg/g77/labug1.f execution test
FAIL: gfortran.dg/g77/labug1.f execution test
FAIL: gfortran.dg/g77/labug1.f execution test
FAIL: gfortran.dg/g77/labug1.f execution test
FAIL: gfortran.dg/g77/labug1.f execution test
FAIL: gfortran.dg/g77/labug1.f execution test
FAIL: gfortran.dg/g77/labug1.f execution test
FAIL: gfortran.dg/g77/large_vec.f execution test
FAIL: gfortran.dg/g77/large_vec.f execution test
FAIL: gfortran.dg/g77/large_vec.f execution test
FAIL: gfortran.dg/g77/large_vec.f execution test
FAIL: gfortran.dg/g77/large_vec.f execution test
FAIL: gfortran.dg/g77/large_vec.f execution test
FAIL: gfortran.dg/g77/large_vec.f execution test
FAIL: gfortran.dg/g77/large_vec.f execution test
FAIL: gfortran.dg/g77/le.f execution test
FAIL: gfortran.dg/g77/le.f execution test
FAIL: gfortran.dg/g77/le.f execution test
FAIL: gfortran.dg/g77/le.f execution test
FAIL: gfortran.dg/g77/le.f execution test
FAIL: gfortran.dg/g77/le.f execution test
FAIL: gfortran.dg/g77/le.f execution test
FAIL: gfortran.dg/g77/le.f execution test
FAIL: gfortran.dg/g77/short.f execution test
FAIL: gfortran.dg/g77/short.f execution test
FAIL: gfortran.dg/g77/short.f execution test
FAIL: gfortran.dg/g77/short.f execution test
FAIL: gfortran.dg/g77/short.f execution test
FAIL: gfortran.dg/g77/short.f execution test
FAIL: gfortran.dg/g77/short.f execution test
FAIL: gfortran.dg/g77/short.f execution test
FAIL: gfortran.dg/g77/strlen0.f execution test
FAIL: gfortran.dg/g77/strlen0.f execution test
FAIL: gfortran.dg/g77/strlen0.f execution test
FAIL: gfortran.dg/g77/strlen0.f execution test
FAIL: gfortran.dg/g77/strlen0.f execution test
FAIL: gfortran.dg/g77/strlen0.f execution test
FAIL: gfortran.dg/g77/strlen0.f execution test
FAIL: gfortran.dg/g77/strlen0.f execution test
FAIL: gfortran.fortran-torture/execute/contained_3.f90 compilation, -O2
FAIL: gfortran.fortran-torture/execute/contained_3.f90 compilation, -O3 -fomit-frame-pointer
FAIL: gfortran.fortran-torture/execute/contained_3.f90 compilation, -O3 -fomit-frame-pointer -funroll-loops
FAIL: gfortran.fortran-torture/execute/contained_3.f90 compilation, -O3 -fomit-frame-pointer -funroll-all-loops -finline-functions
FAIL: gfortran.fortran-torture/execute/contained_3.f90 compilation, -O3 -g
FAIL: gfortran.fortran-torture/execute/contained_3.f90 compilation, -Os
FAIL: gfortran.fortran-torture/execute/elemental.f90 execution, -O3 -fomit-frame-pointer -funroll-loops
FAIL: gfortran.fortran-torture/execute/elemental.f90 execution, -O3 -fomit-frame-pointer -funroll-all-loops -finline-functions
FAIL: gfortran.fortran-torture/execute/emptyif.f90 compilation, -O1
FAIL: gfortran.fortran-torture/execute/emptyif.f90 compilation, -O2
FAIL: gfortran.fortran-torture/execute/emptyif.f90 compilation, -O3 -fomit-frame-pointer
FAIL: gfortran.fortran-torture/execute/emptyif.f90 compilation, -O3 -fomit-frame-pointer -funroll-loops
FAIL: gfortran.fortran-torture/execute/emptyif.f90 compilation, -O3 -fomit-frame-pointer -funroll-all-loops -finline-functions
FAIL: gfortran.fortran-torture/execute/emptyif.f90 compilation, -O3 -g
FAIL: gfortran.fortran-torture/execute/emptyif.f90 compilation, -Os
FAIL: gfortran.fortran-torture/execute/forall_3.f90 execution, -O1
FAIL: gfortran.fortran-torture/execute/st_function.f90 compilation, -O2
FAIL: gfortran.fortran-torture/execute/st_function.f90 compilation, -O3 -fomit-frame-pointer
FAIL: gfortran.fortran-torture/execute/st_function.f90 compilation, -O3 -fomit-frame-pointer -funroll-loops
FAIL: gfortran.fortran-torture/execute/st_function.f90 compilation, -O3 -fomit-frame-pointer -funroll-all-loops -finline-functions
FAIL: gfortran.fortran-torture/execute/st_function.f90 compilation, -O3 -g
FAIL: gfortran.fortran-torture/execute/st_function.f90 compilation, -Os
=== gfortran Summary for unix/-m32 ===
# of expected passes 3652
# of unexpected failures 718
# of expected failures 19
# of untested testcases 19
# of unsupported tests 8
Running target unix
FAIL: gfortran.dg/der_array_1.f90 execution test
FAIL: gfortran.dg/der_array_1.f90 execution test
FAIL: gfortran.dg/der_array_1.f90 execution test
FAIL: gfortran.dg/der_array_1.f90 execution test
FAIL: gfortran.dg/der_array_1.f90 execution test
FAIL: gfortran.dg/der_array_1.f90 execution test
FAIL: gfortran.dg/der_array_1.f90 execution test
FAIL: gfortran.dg/func_derived_1.f90 execution test
FAIL: gfortran.dg/func_derived_1.f90 execution test
FAIL: gfortran.dg/func_derived_1.f90 execution test
FAIL: gfortran.dg/func_derived_1.f90 execution test
FAIL: gfortran.dg/func_derived_1.f90 execution test
FAIL: gfortran.dg/func_derived_1.f90 execution test
FAIL: gfortran.dg/func_derived_1.f90 execution test
FAIL: gfortran.dg/func_derived_1.f90 execution test
XPASS: gfortran.dg/ret_pointer_1.f90 execution test
XPASS: gfortran.dg/ret_pointer_1.f90 execution test
XPASS: gfortran.dg/ret_pointer_1.f90 execution test
XPASS: gfortran.dg/ret_pointer_1.f90 execution test
XPASS: gfortran.dg/ret_pointer_1.f90 execution test
XPASS: gfortran.dg/ret_pointer_1.f90 execution test
XPASS: gfortran.dg/ret_pointer_1.f90 execution test
XPASS: gfortran.dg/ret_pointer_1.f90 execution test
FAIL: gfortran.fortran-torture/execute/contained_3.f90 compilation, -O2
FAIL: gfortran.fortran-torture/execute/contained_3.f90 compilation, -O3 -fomit-frame-pointer
FAIL: gfortran.fortran-torture/execute/contained_3.f90 compilation, -O3 -fomit-frame-pointer -funroll-loops
FAIL: gfortran.fortran-torture/execute/contained_3.f90 compilation, -O3 -fomit-frame-pointer -funroll-all-loops -finline-functions
FAIL: gfortran.fortran-torture/execute/contained_3.f90 compilation, -O3 -g
FAIL: gfortran.fortran-torture/execute/contained_3.f90 compilation, -Os
FAIL: gfortran.fortran-torture/execute/emptyif.f90 compilation, -O1
FAIL: gfortran.fortran-torture/execute/emptyif.f90 compilation, -O2
FAIL: gfortran.fortran-torture/execute/emptyif.f90 compilation, -O3 -fomit-frame-pointer
FAIL: gfortran.fortran-torture/execute/emptyif.f90 compilation, -O3 -fomit-frame-pointer -funroll-loops
FAIL: gfortran.fortran-torture/execute/emptyif.f90 compilation, -O3 -fomit-frame-pointer -funroll-all-loops -finline-functions
FAIL: gfortran.fortran-torture/execute/emptyif.f90 compilation, -O3 -g
FAIL: gfortran.fortran-torture/execute/emptyif.f90 compilation, -Os
FAIL: gfortran.fortran-torture/execute/forall_3.f90 execution, -O2
FAIL: gfortran.fortran-torture/execute/forall_3.f90 execution, -O3 -fomit-frame-pointer
FAIL: gfortran.fortran-torture/execute/forall_3.f90 execution, -O3 -fomit-frame-pointer -funroll-loops
FAIL: gfortran.fortran-torture/execute/forall_3.f90 execution, -O3 -fomit-frame-pointer -funroll-all-loops -finline-functions
FAIL: gfortran.fortran-torture/execute/forall_3.f90 execution, -O3 -g
FAIL: gfortran.fortran-torture/execute/forall_3.f90 execution, -Os
FAIL: gfortran.fortran-torture/execute/intrinsic_dotprod.f90 execution, -O1
FAIL: gfortran.fortran-torture/execute/intrinsic_dotprod.f90 execution, -O2
FAIL: gfortran.fortran-torture/execute/intrinsic_dotprod.f90 execution, -O3 -fomit-frame-pointer
FAIL: gfortran.fortran-torture/execute/intrinsic_dotprod.f90 execution, -O3 -fomit-frame-pointer -funroll-loops
FAIL: gfortran.fortran-torture/execute/intrinsic_dotprod.f90 execution, -O3 -fomit-frame-pointer -funroll-all-loops -finline-functions
FAIL: gfortran.fortran-torture/execute/intrinsic_dotprod.f90 execution, -O3 -g
FAIL: gfortran.fortran-torture/execute/intrinsic_dotprod.f90 execution, -Os
FAIL: gfortran.fortran-torture/execute/power.f90 execution, -O1
FAIL: gfortran.fortran-torture/execute/power.f90 execution, -O2
FAIL: gfortran.fortran-torture/execute/power.f90 execution, -O3 -fomit-frame-pointer
FAIL: gfortran.fortran-torture/execute/power.f90 execution, -O3 -fomit-frame-pointer -funroll-loops
FAIL: gfortran.fortran-torture/execute/power.f90 execution, -O3 -fomit-frame-pointer -funroll-all-loops -finline-functions
FAIL: gfortran.fortran-torture/execute/power.f90 execution, -O3 -g
FAIL: gfortran.fortran-torture/execute/power.f90 execution, -Os
FAIL: gfortran.fortran-torture/execute/st_function.f90 compilation, -O2
FAIL: gfortran.fortran-torture/execute/st_function.f90 compilation, -O3 -fomit-frame-pointer
FAIL: gfortran.fortran-torture/execute/st_function.f90 compilation, -O3 -fomit-frame-pointer -funroll-loops
FAIL: gfortran.fortran-torture/execute/st_function.f90 compilation, -O3 -fomit-frame-pointer -funroll-all-loops -finline-functions
FAIL: gfortran.fortran-torture/execute/st_function.f90 compilation, -O3 -g
FAIL: gfortran.fortran-torture/execute/st_function.f90 compilation, -Os
=== gfortran Summary for unix ===
# of expected passes 4364
# of unexpected failures 54
# of unexpected successes 8
# of expected failures 27
# of untested testcases 19
# of unsupported tests 8
=== gfortran Summary ===
# of expected passes 8016
# of unexpected failures 772
# of unexpected successes 8
# of expected failures 46
# of untested testcases 38
# of unsupported tests 16
/export/build/gnu/gcc/build-x86_64-linux/gcc/testsuite/../gfortran version 4.0.0 20040924 (experimental)
=== g++ tests ===
Running target unix/-m32
FAIL: g++.dg/eh/simd-1.C (test for excess errors)
FAIL: g++.dg/eh/simd-2.C (test for excess errors)
XPASS: g++.dg/rtti/tinfo1.C scan-assembler _ZTIP9CTemplateIhE:
XPASS: g++.dg/rtti/tinfo1.C scan-assembler-not .globl[ \\t]+_ZTIP9CTemplateIhE
XPASS: g++.dg/rtti/tinfo1.C scan-assembler-not .section[^\\n\\r]*_ZTIP9CTemplateIhE[^\\n\\r]*
FAIL: 102:is -:should be 1
FAIL: g++.dg/gcov/gcov-1.C gcov: 1 failures in line counts, 0 in branch percentages, 0 in return percentages
WARNING: g++.old-deja/g++.mike/p10769a.C compilation failed to produce executable
WARNING: g++.old-deja/g++.other/enum5.C compilation failed to produce executable
WARNING: g++.old-deja/g++.pt/friend44.C compilation failed to produce executable
=== g++ Summary for unix/-m32 ===
# of expected passes 10117
# of unexpected failures 4
# of unexpected successes 3
# of expected failures 78
# of unsupported tests 80
Running target unix
XPASS: g++.dg/rtti/tinfo1.C scan-assembler _ZTIP9CTemplateIhE:
XPASS: g++.dg/rtti/tinfo1.C scan-assembler-not .globl[ \\t]+_ZTIP9CTemplateIhE
XPASS: g++.dg/rtti/tinfo1.C scan-assembler-not .section[^\\n\\r]*_ZTIP9CTemplateIhE[^\\n\\r]*
FAIL: 102:is -:should be 1
FAIL: g++.dg/gcov/gcov-1.C gcov: 1 failures in line counts, 0 in branch percentages, 0 in return percentages
WARNING: g++.old-deja/g++.mike/p10769a.C compilation failed to produce executable
WARNING: g++.old-deja/g++.other/enum5.C compilation failed to produce executable
WARNING: g++.old-deja/g++.pt/friend44.C compilation failed to produce executable
=== g++ Summary for unix ===
# of expected passes 10119
# of unexpected failures 2
# of unexpected successes 3
# of expected failures 78
# of unsupported tests 80
=== g++ Summary ===
# of expected passes 20236
# of unexpected failures 6
# of unexpected successes 6
# of expected failures 156
# of unsupported tests 160
/export/build/gnu/gcc/build-x86_64-linux/gcc/testsuite/../g++ version 4.0.0 20040924 (experimental)
=== objc tests ===
Running target unix/-m32
=== objc Summary for unix/-m32 ===
# of expected passes 1421
# of unsupported tests 7
Running target unix
FAIL: objc.dg/proto-lossage-4.m (test for excess errors)
=== objc Summary for unix ===
# of expected passes 1420
# of unexpected failures 1
# of unsupported tests 7
=== objc Summary ===
# of expected passes 2841
# of unexpected failures 1
# of unsupported tests 14
/export/build/gnu/gcc/build-x86_64-linux/gcc/xgcc version 4.0.0 20040924 (experimental)
=== libffi tests ===
Running target unix/-m32
=== libffi Summary for unix/-m32 ===
# of expected passes 212
# of unsupported tests 2
Running target unix
FAIL: libffi.call/cls_12byte.c output pattern test, is 7 4 9 1 5 3: 8 9 12
FAIL: libffi.call/cls_16byte.c output pattern test, is 7 8 9 1 9 3: 8 17 12
FAIL: libffi.call/cls_18byte.c output pattern test, is 1 127 126 3 4 125 124 5: 5 252 250 8
FAIL: libffi.call/cls_19byte.c output pattern test, is 1 127 126 3 120 4 125 124 5 119: 5 252 250 8 239
FAIL: libffi.call/cls_1_1byte.c execution test
FAIL: libffi.call/cls_20byte.c output pattern test, is 1 2 3 4 5 7: 5 7 10
FAIL: libffi.call/cls_20byte1.c output pattern test, is 1 2 3 4 5 7: 5 7 10
FAIL: libffi.call/cls_24byte.c execution test
FAIL: libffi.call/cls_2byte.c output pattern test, is 12 127 1 13: 13 140
FAIL: libffi.call/cls_3_1byte.c output pattern test, is 12 13 14 178 179 180: 190 192 194
FAIL: libffi.call/cls_3byte1.c output pattern test, is 12 119 1 15: 13 134
FAIL: libffi.call/cls_3byte2.c output pattern test, is 15 125 9 19: 24 144
FAIL: libffi.call/cls_4_1byte.c output pattern test, is 12 13 14 15 178 179 180 181: 190 192 194 196
FAIL: libffi.call/cls_4byte.c output pattern test, is 127 120 12 128: 139 248
FAIL: libffi.call/cls_5byte.c output pattern test, is 127 120 1 12 128 9: 139 248 10
FAIL: libffi.call/cls_64byte.c execution test
FAIL: libffi.call/cls_6byte.c output pattern test, is 127 120 1 128 12 128 9 127: 139 248 10 255
FAIL: libffi.call/cls_7byte.c output pattern test, is 127 120 1 254 12 128 9 255: 139 248 10 509
FAIL: libffi.call/cls_8byte.c output pattern test, is 1 2 4 5: 5 7
FAIL: libffi.call/cls_9byte1.c output pattern test, is 7 8 1 9: 8 17
FAIL: libffi.call/cls_9byte2.c output pattern test, is 7 8 1 9: 8 17
FAIL: libffi.call/cls_align_double.c output pattern test, is 12 4951 127 1 9320 13: 13 14271 140
FAIL: libffi.call/cls_align_float.c output pattern test, is 12 4951 127 1 9320 13: 13 14271 140
FAIL: libffi.call/cls_align_longdouble.c output pattern test, is 12 4951 127 1 9320 13: 13 14271 140
FAIL: libffi.call/cls_align_pointer.c output pattern test, is 12 4951 127 1 9320 13: 13 14271 140
FAIL: libffi.call/cls_align_sint16.c output pattern test, is 12 4951 127 1 9320 13: 13 14271 140
FAIL: libffi.call/cls_align_sint32.c output pattern test, is 12 4951 127 1 9320 13: 13 14271 140
FAIL: libffi.call/cls_align_sint64.c output pattern test, is 12 4951 127 1 9320 13: 13 14271 140
FAIL: libffi.call/cls_align_uint16.c output pattern test, is 12 4951 127 1 9320 13: 13 14271 140
FAIL: libffi.call/cls_align_uint32.c output pattern test, is 12 4951 127 1 9320 13: 13 14271 140
FAIL: libffi.call/cls_align_uint64.c output pattern test, is 12 4951 127 1 9320 13: 13 14271 140
FAIL: libffi.call/nested_struct.c execution test
FAIL: libffi.call/nested_struct1.c output pattern test, is 9 2 6 1 2 3 4 5 6 3 1 8 3 2 4: 15 10 13 10 12 13
FAIL: libffi.call/nested_struct2.c output pattern test, is 1 7 12 127 99: 13 233 134
FAIL: libffi.call/nested_struct3.c output pattern test, is 1 7 12 127 99: 13 233 134
FAIL: libffi.call/problem1.c output pattern test, is 1 2 3 1 2 3: 2 4 6
FAIL: libffi.call/pyobjc-tc.c execution test
=== libffi Summary for unix ===
# of expected passes 171
# of unexpected failures 37
# of unsupported tests 2
=== libffi Summary ===
# of expected passes 383
# of unexpected failures 37
# of unsupported tests 4
=== libjava tests ===
Running target unix/-m32
FAIL: Array_3 execution - source compiled test
FAIL: Array_3 -O3 execution - source compiled test
FAIL: Invoke_1 execution - source compiled test
FAIL: Invoke_1 execution - bytecode->native test
FAIL: Invoke_1 -O3 execution - source compiled test
FAIL: Invoke_1 -O3 execution - bytecode->native test
=== libjava Summary for unix/-m32 ===
# of expected passes 3567
# of unexpected failures 6
# of expected failures 14
# of untested testcases 22
Running target unix
=== libjava Summary for unix ===
# of expected passes 3579
# of expected failures 14
# of untested testcases 16
=== libjava Summary ===
# of expected passes 7146
# of unexpected failures 6
# of expected failures 28
# of untested testcases 38
=== libmudflap tests ===
Running target unix/-m32
FAIL: libmudflap.cth/pass40-frag.c execution test
FAIL: libmudflap.cth/pass40-frag.c output pattern test
FAIL: libmudflap.cth/pass40-frag.c (-O2) execution test
FAIL: libmudflap.cth/pass40-frag.c (-O2) output pattern test
FAIL: libmudflap.cth/pass40-frag.c (-O3) execution test
FAIL: libmudflap.cth/pass40-frag.c (-O3) output pattern test
=== libmudflap Summary for unix/-m32 ===
# of expected passes 1162
# of unexpected failures 6
Running target unix
=== libmudflap Summary for unix ===
# of expected passes 1168
=== libmudflap Summary ===
# of expected passes 2330
# of unexpected failures 6
=== libstdc++ tests ===
Running target unix/-m32
XPASS: 22_locale/locale/cons/12658_thread-1.cc execution test
FAIL: 22_locale/messages/members/char/1.cc execution test
FAIL: 22_locale/messages/members/char/2.cc execution test
FAIL: 22_locale/messages/members/char/wrapped_env.cc execution test
FAIL: 22_locale/messages/members/char/wrapped_locale.cc execution test
FAIL: 22_locale/messages_byname/named_equivalence.cc execution test
FAIL: 23_containers/bitset/ext/15361.cc execution test
XPASS: 26_numerics/cmath/c99_classification_macros_c.cc (test for excess errors)
=== libstdc++ Summary for unix/-m32 ===
# of expected passes 2893
# of unexpected failures 6
# of unexpected successes 2
# of expected failures 5
Running target unix
XPASS: 22_locale/locale/cons/12658_thread-1.cc execution test
XPASS: 26_numerics/cmath/c99_classification_macros_c.cc (test for excess errors)
FAIL: 26_numerics/complex/13450.cc execution test
XPASS: 27_io/fpos/14320-1.cc execution test
=== libstdc++ Summary for unix ===
# of expected passes 2898
# of unexpected failures 1
# of unexpected successes 3
# of expected failures 4
=== libstdc++ Summary ===
# of expected passes 5791
# of unexpected failures 7
# of unexpected successes 5
# of expected failures 9
Compiler version: 4.0.0 20040924 (experimental)
Platform: x86_64-unknown-linux-gnu
configure flags: --enable-clocale=gnu --with-system-zlib --with-demangler-in-ld --enable-shared --enable-threads=posix --enable-haifa --disable-checking --prefix=/usr/gcc-4.0 --with-local-prefix=/usr/local --enable-languages=c,c++,f95,java,objc
More information about the Gcc-testresults
mailing list