Results for 4.0.0 20040923 (experimental) testsuite on i686-pc-linux-gnu
John David Anglin
dave@selway.hia.nrc.ca
Thu Sep 23 14:50:00 GMT 2004
LAST_UPDATED: Thu Sep 23 02:02:01 UTC 2004
Native configuration is i686-pc-linux-gnu
=== gcc tests ===
Running target unix
WARNING: program timed out.
FAIL: gcc.c-torture/compile/20001226-1.c (test for excess errors)
XPASS: gcc.c-torture/execute/loop-2e.c execution, -Os
FAIL: tmpdir-gcc.dg-struct-layout-1/t026 c_compat_x_tst.o-c_compat_y_tst.o execute
FAIL: tmpdir-gcc.dg-struct-layout-1/t028 c_compat_x_tst.o-c_compat_y_tst.o execute
FAIL: gcc.dg/debug/dwarf2/dwarf-die7.c scan-assembler 1.*DW_AT_inline
FAIL: gcc.dg/c90-const-expr-3.c (test for excess errors)
FAIL: gcc.dg/c99-const-expr-3.c (test for excess errors)
FAIL: gcc.dg/tree-ssa/ifc-20040816-2.c scan-tree-dump-times Applying if-conversion 1
FAIL: gcc.dg/tree-ssa/loop-2.c scan-tree-dump-times arr_base.*= 0
FAIL: gcc.dg/tree-ssa/loop-4.c scan-tree-dump-times arr_base.*= 0
FAIL: gcc.misc-tests/bprob-1.c compilation, -O1 -fbranch-probabilities
UNRESOLVED: gcc.misc-tests/bprob-1.c execution, -O1 -fbranch-probabilities
FAIL: gcc.misc-tests/bprob-1.c compilation, -O2 -DPERFTIME -fbranch-probabilities
UNRESOLVED: gcc.misc-tests/bprob-1.c execution, -O2 -DPERFTIME -fbranch-probabilities
FAIL: gcc.misc-tests/bprob-1.c compilation, -O3 -DPERFTIME -fbranch-probabilities
UNRESOLVED: gcc.misc-tests/bprob-1.c execution, -O3 -DPERFTIME -fbranch-probabilities
FAIL: gcc.misc-tests/bprob-1.c compilation, -O3 -g -DPERFTIME -fbranch-probabilities
UNRESOLVED: gcc.misc-tests/bprob-1.c execution, -O3 -g -DPERFTIME -fbranch-probabilities
FAIL: gcc.misc-tests/bprob-1.c compilation, -Os -fbranch-probabilities
UNRESOLVED: gcc.misc-tests/bprob-1.c execution, -Os -fbranch-probabilities
FAIL: gcc.misc-tests/bprob-1.c compilation, -O1 -ftree-based-profiling -fbranch-probabilities
UNRESOLVED: gcc.misc-tests/bprob-1.c execution, -O1 -ftree-based-profiling -fbranch-probabilities
FAIL: gcc.misc-tests/bprob-2.c compilation, -g -ftree-based-profiling -fprofile-arcs
UNRESOLVED: gcc.misc-tests/bprob-2.c execution, -g -ftree-based-profiling -fprofile-arcs
UNRESOLVED: gcc.misc-tests/bprob-2.c compilation, -g -ftree-based-profiling -fbranch-probabilities
UNRESOLVED: gcc.misc-tests/bprob-2.c execution, -g -ftree-based-profiling -fbranch-probabilities
FAIL: gcc.misc-tests/bprob-2.c compilation, -O0 -ftree-based-profiling -fprofile-arcs
UNRESOLVED: gcc.misc-tests/bprob-2.c execution, -O0 -ftree-based-profiling -fprofile-arcs
UNRESOLVED: gcc.misc-tests/bprob-2.c compilation, -O0 -ftree-based-profiling -fbranch-probabilities
UNRESOLVED: gcc.misc-tests/bprob-2.c execution, -O0 -ftree-based-profiling -fbranch-probabilities
FAIL: gcc.misc-tests/bprob-2.c compilation, -O1 -ftree-based-profiling -fprofile-arcs
UNRESOLVED: gcc.misc-tests/bprob-2.c execution, -O1 -ftree-based-profiling -fprofile-arcs
UNRESOLVED: gcc.misc-tests/bprob-2.c compilation, -O1 -ftree-based-profiling -fbranch-probabilities
UNRESOLVED: gcc.misc-tests/bprob-2.c execution, -O1 -ftree-based-profiling -fbranch-probabilities
FAIL: gcc.misc-tests/bprob-2.c compilation, -O2 -DPERFTIME -ftree-based-profiling -fprofile-arcs
UNRESOLVED: gcc.misc-tests/bprob-2.c execution, -O2 -DPERFTIME -ftree-based-profiling -fprofile-arcs
UNRESOLVED: gcc.misc-tests/bprob-2.c compilation, -O2 -DPERFTIME -ftree-based-profiling -fbranch-probabilities
UNRESOLVED: gcc.misc-tests/bprob-2.c execution, -O2 -DPERFTIME -ftree-based-profiling -fbranch-probabilities
FAIL: gcc.misc-tests/bprob-2.c compilation, -O3 -DPERFTIME -ftree-based-profiling -fprofile-arcs
UNRESOLVED: gcc.misc-tests/bprob-2.c execution, -O3 -DPERFTIME -ftree-based-profiling -fprofile-arcs
UNRESOLVED: gcc.misc-tests/bprob-2.c compilation, -O3 -DPERFTIME -ftree-based-profiling -fbranch-probabilities
UNRESOLVED: gcc.misc-tests/bprob-2.c execution, -O3 -DPERFTIME -ftree-based-profiling -fbranch-probabilities
FAIL: gcc.misc-tests/bprob-2.c compilation, -O3 -g -DPERFTIME -ftree-based-profiling -fprofile-arcs
UNRESOLVED: gcc.misc-tests/bprob-2.c execution, -O3 -g -DPERFTIME -ftree-based-profiling -fprofile-arcs
UNRESOLVED: gcc.misc-tests/bprob-2.c compilation, -O3 -g -DPERFTIME -ftree-based-profiling -fbranch-probabilities
UNRESOLVED: gcc.misc-tests/bprob-2.c execution, -O3 -g -DPERFTIME -ftree-based-profiling -fbranch-probabilities
FAIL: gcc.misc-tests/bprob-2.c compilation, -Os -ftree-based-profiling -fprofile-arcs
UNRESOLVED: gcc.misc-tests/bprob-2.c execution, -Os -ftree-based-profiling -fprofile-arcs
UNRESOLVED: gcc.misc-tests/bprob-2.c compilation, -Os -ftree-based-profiling -fbranch-probabilities
UNRESOLVED: gcc.misc-tests/bprob-2.c execution, -Os -ftree-based-profiling -fbranch-probabilities
FAIL: 96:is -:should be 1
FAIL: gcc.misc-tests/gcov-4.c gcov: 1 failures in line counts, 0 in branch percentages, 0 in return percentages
=== gcc Summary ===
# of expected passes 30861
# of unexpected failures 24
# of unexpected successes 1
# of expected failures 113
# of unresolved testcases 27
# of untested testcases 28
# of unsupported tests 271
/home/dave/gnu/gcc-4.0/objdir/gcc/xgcc version 4.0.0 20040923 (experimental)
=== gfortran tests ===
Running target unix
XPASS: gfortran.dg/ret_pointer_1.f90 execution test
XPASS: gfortran.dg/ret_pointer_1.f90 execution test
XPASS: gfortran.dg/ret_pointer_1.f90 execution test
XPASS: gfortran.dg/ret_pointer_1.f90 execution test
XPASS: gfortran.dg/ret_pointer_1.f90 execution test
FAIL: gfortran.fortran-torture/execute/contained_3.f90 compilation, -O2
FAIL: gfortran.fortran-torture/execute/contained_3.f90 compilation, -O3 -fomit-frame-pointer
FAIL: gfortran.fortran-torture/execute/contained_3.f90 compilation, -O3 -fomit-frame-pointer -funroll-loops
FAIL: gfortran.fortran-torture/execute/contained_3.f90 compilation, -O3 -fomit-frame-pointer -funroll-all-loops -finline-functions
FAIL: gfortran.fortran-torture/execute/contained_3.f90 compilation, -O3 -g
FAIL: gfortran.fortran-torture/execute/contained_3.f90 compilation, -Os
FAIL: gfortran.fortran-torture/execute/elemental.f90 execution, -O3 -fomit-frame-pointer -funroll-loops
FAIL: gfortran.fortran-torture/execute/elemental.f90 execution, -O3 -fomit-frame-pointer -funroll-all-loops -finline-functions
FAIL: gfortran.fortran-torture/execute/emptyif.f90 compilation, -O1
FAIL: gfortran.fortran-torture/execute/emptyif.f90 compilation, -O2
FAIL: gfortran.fortran-torture/execute/emptyif.f90 compilation, -O3 -fomit-frame-pointer
FAIL: gfortran.fortran-torture/execute/emptyif.f90 compilation, -O3 -fomit-frame-pointer -funroll-loops
FAIL: gfortran.fortran-torture/execute/emptyif.f90 compilation, -O3 -fomit-frame-pointer -funroll-all-loops -finline-functions
FAIL: gfortran.fortran-torture/execute/emptyif.f90 compilation, -O3 -g
FAIL: gfortran.fortran-torture/execute/emptyif.f90 compilation, -Os
FAIL: gfortran.fortran-torture/execute/forall_3.f90 execution, -O1
FAIL: gfortran.fortran-torture/execute/st_function.f90 compilation, -O2
FAIL: gfortran.fortran-torture/execute/st_function.f90 compilation, -O3 -fomit-frame-pointer
FAIL: gfortran.fortran-torture/execute/st_function.f90 compilation, -O3 -fomit-frame-pointer -funroll-loops
FAIL: gfortran.fortran-torture/execute/st_function.f90 compilation, -O3 -fomit-frame-pointer -funroll-all-loops -finline-functions
FAIL: gfortran.fortran-torture/execute/st_function.f90 compilation, -O3 -g
FAIL: gfortran.fortran-torture/execute/st_function.f90 compilation, -Os
=== gfortran Summary ===
# of expected passes 4412
# of unexpected failures 22
# of unexpected successes 5
# of expected failures 30
# of untested testcases 19
/home/dave/gnu/gcc-4.0/objdir/gcc/testsuite/../gfortran version 4.0.0 20040923 (experimental)
=== g++ tests ===
Running target unix
FAIL: g++.dg/bprob/g++-bprob-1.C compilation, -O3 -fbranch-probabilities
UNRESOLVED: g++.dg/bprob/g++-bprob-1.C execution, -O3 -fbranch-probabilities
FAIL: g++.dg/bprob/g++-bprob-1.C compilation, -O3 -g -fbranch-probabilities
UNRESOLVED: g++.dg/bprob/g++-bprob-1.C execution, -O3 -g -fbranch-probabilities
XPASS: g++.dg/rtti/tinfo1.C scan-assembler _ZTIP9CTemplateIhE:
XPASS: g++.dg/rtti/tinfo1.C scan-assembler-not .globl[ \\t]+_ZTIP9CTemplateIhE
XPASS: g++.dg/rtti/tinfo1.C scan-assembler-not .section[^\\n\\r]*_ZTIP9CTemplateIhE[^\\n\\r]*
FAIL: 102:is -:should be 1
FAIL: g++.dg/gcov/gcov-1.C gcov: 1 failures in line counts, 0 in branch percentages, 0 in return percentages
WARNING: g++.old-deja/g++.mike/p10769a.C compilation failed to produce executable
WARNING: g++.old-deja/g++.other/enum5.C compilation failed to produce executable
XPASS: g++.old-deja/g++.other/init5.C execution test
WARNING: g++.old-deja/g++.pt/friend44.C compilation failed to produce executable
=== g++ Summary ===
# of expected passes 10170
# of unexpected failures 4
# of unexpected successes 4
# of expected failures 78
# of unresolved testcases 2
# of unsupported tests 49
/home/dave/gnu/gcc-4.0/objdir/gcc/testsuite/../g++ version 4.0.0 20040923 (experimental)
=== objc tests ===
Running target unix
=== objc Summary ===
# of expected passes 1421
# of unsupported tests 7
/home/dave/gnu/gcc-4.0/objdir/gcc/xgcc version 4.0.0 20040923 (experimental)
=== libffi tests ===
Running target unix
=== libffi Summary ===
# of expected passes 212
# of unsupported tests 2
=== libjava tests ===
Running target unix
FAIL: Array_3 execution - source compiled test
FAIL: Array_3 -O3 execution - source compiled test
FAIL: Invoke_1 execution - source compiled test
FAIL: Invoke_1 execution - bytecode->native test
FAIL: Invoke_1 -O3 execution - source compiled test
FAIL: Invoke_1 -O3 execution - bytecode->native test
=== libjava Summary ===
# of expected passes 3561
# of unexpected failures 6
# of expected failures 14
# of untested testcases 22
=== libmudflap tests ===
Running target unix
FAIL: libmudflap.c++/pass27-frag.cxx (test for excess errors)
WARNING: libmudflap.c++/pass27-frag.cxx compilation failed to produce executable
FAIL: libmudflap.c++/pass27-frag.cxx (-static) (test for excess errors)
WARNING: libmudflap.c++/pass27-frag.cxx (-static) compilation failed to produce executable
FAIL: libmudflap.c++/pass27-frag.cxx (-O2) (test for excess errors)
WARNING: libmudflap.c++/pass27-frag.cxx (-O2) compilation failed to produce executable
FAIL: libmudflap.c++/pass27-frag.cxx (-O3) (test for excess errors)
WARNING: libmudflap.c++/pass27-frag.cxx (-O3) compilation failed to produce executable
FAIL: libmudflap.cth/pass40-frag.c execution test
FAIL: libmudflap.cth/pass40-frag.c output pattern test
FAIL: libmudflap.cth/pass40-frag.c (-O2) execution test
FAIL: libmudflap.cth/pass40-frag.c (-O2) output pattern test
FAIL: libmudflap.cth/pass40-frag.c (-O3) execution test
FAIL: libmudflap.cth/pass40-frag.c (-O3) output pattern test
=== libmudflap Summary ===
# of expected passes 1154
# of unexpected failures 10
=== libstdc++-v3 check-abi Summary ===
# of added symbols: 37
# of missing symbols: 0
# of incompatible symbols: 11
using: /home/dave/gnu/gcc-4.0/gcc/libstdc++-v3/config/abi/i486-linux-gnu/baseline_symbols.txt
=== libstdc++ tests ===
Running target unix
XPASS: 22_locale/locale/cons/12658_thread-1.cc execution test
XPASS: 26_numerics/cmath/c99_classification_macros_c.cc (test for excess errors)
FAIL: 27_io/basic_filebuf/sbumpc/char/1-in.cc (test for excess errors)
WARNING: 27_io/basic_filebuf/sbumpc/char/1-in.cc compilation failed to produce executable
FAIL: 27_io/basic_filebuf/sbumpc/char/1-io.cc (test for excess errors)
WARNING: 27_io/basic_filebuf/sbumpc/char/1-io.cc compilation failed to produce executable
FAIL: 27_io/basic_filebuf/sbumpc/char/1-out.cc (test for excess errors)
WARNING: 27_io/basic_filebuf/sbumpc/char/1-out.cc compilation failed to produce executable
FAIL: 27_io/basic_filebuf/sbumpc/char/2-in.cc (test for excess errors)
WARNING: 27_io/basic_filebuf/sbumpc/char/2-in.cc compilation failed to produce executable
FAIL: 27_io/basic_filebuf/sbumpc/char/2-io.cc (test for excess errors)
WARNING: 27_io/basic_filebuf/sbumpc/char/2-io.cc compilation failed to produce executable
FAIL: 27_io/basic_filebuf/sbumpc/char/2-out.cc (test for excess errors)
WARNING: 27_io/basic_filebuf/sbumpc/char/2-out.cc compilation failed to produce executable
FAIL: 27_io/basic_filebuf/seekoff/char/1-in.cc (test for excess errors)
WARNING: 27_io/basic_filebuf/seekoff/char/1-in.cc compilation failed to produce executable
FAIL: 27_io/basic_filebuf/seekoff/char/1-io.cc (test for excess errors)
WARNING: 27_io/basic_filebuf/seekoff/char/1-io.cc compilation failed to produce executable
FAIL: 27_io/basic_filebuf/seekoff/char/1-out.cc (test for excess errors)
WARNING: 27_io/basic_filebuf/seekoff/char/1-out.cc compilation failed to produce executable
FAIL: 27_io/basic_filebuf/seekoff/char/2-in.cc (test for excess errors)
WARNING: 27_io/basic_filebuf/seekoff/char/2-in.cc compilation failed to produce executable
FAIL: 27_io/basic_filebuf/seekoff/char/2-io.cc (test for excess errors)
WARNING: 27_io/basic_filebuf/seekoff/char/2-io.cc compilation failed to produce executable
FAIL: 27_io/basic_filebuf/seekoff/char/2-out.cc (test for excess errors)
WARNING: 27_io/basic_filebuf/seekoff/char/2-out.cc compilation failed to produce executable
FAIL: 27_io/basic_filebuf/seekpos/char/1-in.cc (test for excess errors)
WARNING: 27_io/basic_filebuf/seekpos/char/1-in.cc compilation failed to produce executable
FAIL: 27_io/basic_filebuf/seekpos/char/1-io.cc (test for excess errors)
WARNING: 27_io/basic_filebuf/seekpos/char/1-io.cc compilation failed to produce executable
FAIL: 27_io/basic_filebuf/seekpos/char/1-out.cc (test for excess errors)
WARNING: 27_io/basic_filebuf/seekpos/char/1-out.cc compilation failed to produce executable
FAIL: 27_io/basic_filebuf/seekpos/char/2-in.cc (test for excess errors)
WARNING: 27_io/basic_filebuf/seekpos/char/2-in.cc compilation failed to produce executable
FAIL: 27_io/basic_filebuf/seekpos/char/2-io.cc (test for excess errors)
WARNING: 27_io/basic_filebuf/seekpos/char/2-io.cc compilation failed to produce executable
FAIL: 27_io/basic_filebuf/seekpos/char/2-out.cc (test for excess errors)
WARNING: 27_io/basic_filebuf/seekpos/char/2-out.cc compilation failed to produce executable
FAIL: 27_io/basic_filebuf/sgetc/char/1-in.cc (test for excess errors)
WARNING: 27_io/basic_filebuf/sgetc/char/1-in.cc compilation failed to produce executable
FAIL: 27_io/basic_filebuf/sgetc/char/1-io.cc (test for excess errors)
WARNING: 27_io/basic_filebuf/sgetc/char/1-io.cc compilation failed to produce executable
FAIL: 27_io/basic_filebuf/sgetc/char/1-out.cc (test for excess errors)
WARNING: 27_io/basic_filebuf/sgetc/char/1-out.cc compilation failed to produce executable
FAIL: 27_io/basic_filebuf/sgetc/char/2-in.cc (test for excess errors)
WARNING: 27_io/basic_filebuf/sgetc/char/2-in.cc compilation failed to produce executable
FAIL: 27_io/basic_filebuf/sgetc/char/2-io.cc (test for excess errors)
WARNING: 27_io/basic_filebuf/sgetc/char/2-io.cc compilation failed to produce executable
FAIL: 27_io/basic_filebuf/sgetc/char/2-out.cc (test for excess errors)
WARNING: 27_io/basic_filebuf/sgetc/char/2-out.cc compilation failed to produce executable
FAIL: 27_io/basic_filebuf/sgetn/char/1-in.cc (test for excess errors)
WARNING: 27_io/basic_filebuf/sgetn/char/1-in.cc compilation failed to produce executable
FAIL: 27_io/basic_filebuf/sgetn/char/1-io.cc (test for excess errors)
WARNING: 27_io/basic_filebuf/sgetn/char/1-io.cc compilation failed to produce executable
FAIL: 27_io/basic_filebuf/sgetn/char/1-out.cc (test for excess errors)
WARNING: 27_io/basic_filebuf/sgetn/char/1-out.cc compilation failed to produce executable
FAIL: 27_io/basic_filebuf/sgetn/char/2-in.cc (test for excess errors)
WARNING: 27_io/basic_filebuf/sgetn/char/2-in.cc compilation failed to produce executable
FAIL: 27_io/basic_filebuf/sgetn/char/2-io.cc (test for excess errors)
WARNING: 27_io/basic_filebuf/sgetn/char/2-io.cc compilation failed to produce executable
FAIL: 27_io/basic_filebuf/sgetn/char/2-out.cc (test for excess errors)
WARNING: 27_io/basic_filebuf/sgetn/char/2-out.cc compilation failed to produce executable
FAIL: 27_io/basic_filebuf/snextc/char/1-in.cc (test for excess errors)
WARNING: 27_io/basic_filebuf/snextc/char/1-in.cc compilation failed to produce executable
FAIL: 27_io/basic_filebuf/snextc/char/1-io.cc (test for excess errors)
WARNING: 27_io/basic_filebuf/snextc/char/1-io.cc compilation failed to produce executable
FAIL: 27_io/basic_filebuf/snextc/char/1-out.cc (test for excess errors)
WARNING: 27_io/basic_filebuf/snextc/char/1-out.cc compilation failed to produce executable
FAIL: 27_io/basic_filebuf/snextc/char/2-in.cc (test for excess errors)
WARNING: 27_io/basic_filebuf/snextc/char/2-in.cc compilation failed to produce executable
FAIL: 27_io/basic_filebuf/snextc/char/2-io.cc (test for excess errors)
WARNING: 27_io/basic_filebuf/snextc/char/2-io.cc compilation failed to produce executable
FAIL: 27_io/basic_filebuf/snextc/char/2-out.cc (test for excess errors)
WARNING: 27_io/basic_filebuf/snextc/char/2-out.cc compilation failed to produce executable
FAIL: 27_io/basic_filebuf/sputbackc/char/1-in.cc (test for excess errors)
WARNING: 27_io/basic_filebuf/sputbackc/char/1-in.cc compilation failed to produce executable
FAIL: 27_io/basic_filebuf/sputbackc/char/1-io.cc (test for excess errors)
WARNING: 27_io/basic_filebuf/sputbackc/char/1-io.cc compilation failed to produce executable
FAIL: 27_io/basic_filebuf/sputbackc/char/1-out.cc (test for excess errors)
WARNING: 27_io/basic_filebuf/sputbackc/char/1-out.cc compilation failed to produce executable
FAIL: 27_io/basic_filebuf/sputbackc/char/2-in.cc (test for excess errors)
WARNING: 27_io/basic_filebuf/sputbackc/char/2-in.cc compilation failed to produce executable
FAIL: 27_io/basic_filebuf/sputbackc/char/2-io.cc (test for excess errors)
WARNING: 27_io/basic_filebuf/sputbackc/char/2-io.cc compilation failed to produce executable
FAIL: 27_io/basic_filebuf/sputbackc/char/2-out.cc (test for excess errors)
WARNING: 27_io/basic_filebuf/sputbackc/char/2-out.cc compilation failed to produce executable
FAIL: 27_io/basic_filebuf/sputc/char/1-in.cc (test for excess errors)
WARNING: 27_io/basic_filebuf/sputc/char/1-in.cc compilation failed to produce executable
FAIL: 27_io/basic_filebuf/sputc/char/1-io.cc (test for excess errors)
WARNING: 27_io/basic_filebuf/sputc/char/1-io.cc compilation failed to produce executable
FAIL: 27_io/basic_filebuf/sputc/char/1-out.cc (test for excess errors)
WARNING: 27_io/basic_filebuf/sputc/char/1-out.cc compilation failed to produce executable
FAIL: 27_io/basic_filebuf/sputc/char/2-in.cc (test for excess errors)
WARNING: 27_io/basic_filebuf/sputc/char/2-in.cc compilation failed to produce executable
FAIL: 27_io/basic_filebuf/sputc/char/2-io.cc (test for excess errors)
WARNING: 27_io/basic_filebuf/sputc/char/2-io.cc compilation failed to produce executable
FAIL: 27_io/basic_filebuf/sputc/char/2-out.cc (test for excess errors)
WARNING: 27_io/basic_filebuf/sputc/char/2-out.cc compilation failed to produce executable
FAIL: 27_io/basic_filebuf/sputn/char/1-in.cc (test for excess errors)
WARNING: 27_io/basic_filebuf/sputn/char/1-in.cc compilation failed to produce executable
FAIL: 27_io/basic_filebuf/sputn/char/1-io.cc (test for excess errors)
WARNING: 27_io/basic_filebuf/sputn/char/1-io.cc compilation failed to produce executable
FAIL: 27_io/basic_filebuf/sputn/char/1-out.cc (test for excess errors)
WARNING: 27_io/basic_filebuf/sputn/char/1-out.cc compilation failed to produce executable
FAIL: 27_io/basic_filebuf/sputn/char/2-in.cc (test for excess errors)
WARNING: 27_io/basic_filebuf/sputn/char/2-in.cc compilation failed to produce executable
FAIL: 27_io/basic_filebuf/sputn/char/2-io.cc (test for excess errors)
WARNING: 27_io/basic_filebuf/sputn/char/2-io.cc compilation failed to produce executable
FAIL: 27_io/basic_filebuf/sputn/char/2-out.cc (test for excess errors)
WARNING: 27_io/basic_filebuf/sputn/char/2-out.cc compilation failed to produce executable
FAIL: 27_io/basic_filebuf/sungetc/char/1-in.cc (test for excess errors)
WARNING: 27_io/basic_filebuf/sungetc/char/1-in.cc compilation failed to produce executable
FAIL: 27_io/basic_filebuf/sungetc/char/1-io.cc (test for excess errors)
WARNING: 27_io/basic_filebuf/sungetc/char/1-io.cc compilation failed to produce executable
FAIL: 27_io/basic_filebuf/sungetc/char/1-out.cc (test for excess errors)
WARNING: 27_io/basic_filebuf/sungetc/char/1-out.cc compilation failed to produce executable
FAIL: 27_io/basic_filebuf/sungetc/char/2-in.cc (test for excess errors)
WARNING: 27_io/basic_filebuf/sungetc/char/2-in.cc compilation failed to produce executable
FAIL: 27_io/basic_filebuf/sungetc/char/2-io.cc (test for excess errors)
WARNING: 27_io/basic_filebuf/sungetc/char/2-io.cc compilation failed to produce executable
FAIL: 27_io/basic_filebuf/sungetc/char/2-out.cc (test for excess errors)
WARNING: 27_io/basic_filebuf/sungetc/char/2-out.cc compilation failed to produce executable
FAIL: 27_io/basic_istream/exceptions/char/9561.cc (test for excess errors)
WARNING: 27_io/basic_istream/exceptions/char/9561.cc compilation failed to produce executable
FAIL: 27_io/basic_istream/extractors_arithmetic/char/exceptions_badbit_throw.cc (test for excess errors)
WARNING: 27_io/basic_istream/extractors_arithmetic/char/exceptions_badbit_throw.cc compilation failed to produce executable
FAIL: 27_io/basic_istream/extractors_arithmetic/char/exceptions_failbit_throw.cc (test for excess errors)
WARNING: 27_io/basic_istream/extractors_arithmetic/char/exceptions_failbit_throw.cc compilation failed to produce executable
FAIL: 27_io/basic_istream/extractors_other/char/9424-in.cc (test for excess errors)
WARNING: 27_io/basic_istream/extractors_other/char/9424-in.cc compilation failed to produce executable
FAIL: 27_io/basic_istream/extractors_other/char/error_failbit.cc (test for excess errors)
WARNING: 27_io/basic_istream/extractors_other/char/error_failbit.cc compilation failed to produce executable
FAIL: 27_io/basic_istream/extractors_other/char/exceptions_badbit_throw.cc (test for excess errors)
WARNING: 27_io/basic_istream/extractors_other/char/exceptions_badbit_throw.cc compilation failed to produce executable
FAIL: 27_io/basic_istream/extractors_other/char/exceptions_failbit_throw.cc (test for excess errors)
WARNING: 27_io/basic_istream/extractors_other/char/exceptions_failbit_throw.cc compilation failed to produce executable
FAIL: 27_io/basic_istream/seekg/char/exceptions_badbit_throw.cc (test for excess errors)
WARNING: 27_io/basic_istream/seekg/char/exceptions_badbit_throw.cc compilation failed to produce executable
FAIL: 27_io/basic_istream/tellg/char/exceptions_badbit_throw.cc (test for excess errors)
WARNING: 27_io/basic_istream/tellg/char/exceptions_badbit_throw.cc compilation failed to produce executable
FAIL: 27_io/basic_ostream/flush/char/2.cc (test for excess errors)
WARNING: 27_io/basic_ostream/flush/char/2.cc compilation failed to produce executable
FAIL: 27_io/basic_ostream/flush/char/exceptions_badbit_throw.cc (test for excess errors)
WARNING: 27_io/basic_ostream/flush/char/exceptions_badbit_throw.cc compilation failed to produce executable
FAIL: 27_io/basic_ostream/inserters_arithmetic/char/exceptions_badbit_throw.cc (test for excess errors)
WARNING: 27_io/basic_ostream/inserters_arithmetic/char/exceptions_badbit_throw.cc compilation failed to produce executable
FAIL: 27_io/basic_ostream/inserters_arithmetic/char/exceptions_failbit_throw.cc (test for excess errors)
WARNING: 27_io/basic_ostream/inserters_arithmetic/char/exceptions_failbit_throw.cc compilation failed to produce executable
FAIL: 27_io/basic_ostream/inserters_other/char/4.cc (test for excess errors)
WARNING: 27_io/basic_ostream/inserters_other/char/4.cc compilation failed to produce executable
FAIL: 27_io/basic_ostream/inserters_other/char/5.cc (test for excess errors)
WARNING: 27_io/basic_ostream/inserters_other/char/5.cc compilation failed to produce executable
FAIL: 27_io/basic_ostream/inserters_other/char/9424-out.cc (test for excess errors)
WARNING: 27_io/basic_ostream/inserters_other/char/9424-out.cc compilation failed to produce executable
FAIL: 27_io/basic_ostream/inserters_other/char/error_failbit.cc (test for excess errors)
WARNING: 27_io/basic_ostream/inserters_other/char/error_failbit.cc compilation failed to produce executable
FAIL: 27_io/basic_ostream/inserters_other/char/exceptions_badbit_throw.cc (test for excess errors)
WARNING: 27_io/basic_ostream/inserters_other/char/exceptions_badbit_throw.cc compilation failed to produce executable
FAIL: 27_io/basic_ostream/inserters_other/char/exceptions_failbit_throw.cc (test for excess errors)
WARNING: 27_io/basic_ostream/inserters_other/char/exceptions_failbit_throw.cc compilation failed to produce executable
FAIL: 27_io/basic_ostream/seekp/char/exceptions_badbit_throw.cc (test for excess errors)
WARNING: 27_io/basic_ostream/seekp/char/exceptions_badbit_throw.cc compilation failed to produce executable
FAIL: 27_io/basic_ostream/tellp/char/exceptions_badbit_throw.cc (test for excess errors)
WARNING: 27_io/basic_ostream/tellp/char/exceptions_badbit_throw.cc compilation failed to produce executable
=== libstdc++ Summary ===
# of expected passes 2737
# of unexpected failures 81
# of unexpected successes 2
# of expected failures 5
Compiler version: 4.0.0 20040923 (experimental)
Platform: i686-pc-linux-gnu
configure flags: --with-gnu-as --with-gnu-ld --enable-shared --prefix=/home/dave/opt/gnu/gcc/gcc-4.0.0 --with-local-prefix=/home/dave/opt/gnu --enable-threads=posix --enable-__cxa_atexit --enable-clocale=gnu --enable-java-gc=boehm --enable-java-awt=xlib --enable-languages=c,c++,f95,java,objc
More information about the Gcc-testresults
mailing list