Results for 4.0.0 20040919 (experimental) testsuite on i686-apple-darwin7.2.1

Lars Sonchocky-Helldorf Lars.Sonchocky-Helldorf@bbdo-interone.de
Tue Sep 21 15:43:00 GMT 2004


First test after (gnu-)libobjc build was reenabled on Darwin, see:

http://gcc.gnu.org/bugzilla/show_bug.cgi?id=11572

the system:
===========

uname -a
Darwin localhost 7.2.1 Darwin Kernel Version 7.2.1: Wed Jul 14 03:00:02 
PDT 2004; root:tmp/xnu-7.2.1-1-root.obj/RELEASE_I386  x86 i386

gcc -v
Reading specs from /usr/libexec/gcc/darwin/i386/3.3/specs
Thread model: posix
gcc version 3.3 20030304 (Apple Computer, Inc. build 1495)

the latest odcctools from http://www.opendarwin.org/downloads/ where used.


bootstrapped/installed like:
============================

cd gcc-build/
../gcc-4.0-20040919/configure --prefix=/tmp/gcc
make bootstrap STAGE1_CFLAGS="-no-cpp-precomp -Wa,-force_cpusubtype_ALL"
sudo make install


LAST_UPDATED: Obtained from CVS:  -D2004-09-19 17:43 UTC

Native configuration is i686-apple-darwin7.2.1

                === g++ tests ===


Running target unix
FAIL: g++.dg/eh/omit-frame-pointer2.C execution test
UNRESOLVED: g++.dg/ext/visibility/assign1.C
UNRESOLVED: g++.dg/ext/visibility/fvisibility-inlines-hidden.C
UNRESOLVED: g++.dg/ext/visibility/fvisibility-override1.C
UNRESOLVED: g++.dg/ext/visibility/fvisibility-override2.C
UNRESOLVED: g++.dg/ext/visibility/fvisibility.C
UNRESOLVED: g++.dg/ext/visibility/memfuncts.C
UNRESOLVED: g++.dg/ext/visibility/new1.C
UNRESOLVED: g++.dg/ext/visibility/noPLT.C
UNRESOLVED: g++.dg/ext/visibility/pragma-override1.C
UNRESOLVED: g++.dg/ext/visibility/pragma-override2.C
UNRESOLVED: g++.dg/ext/visibility/pragma.C
UNRESOLVED: g++.dg/ext/visibility/staticmemfuncts.C
UNRESOLVED: g++.dg/ext/visibility/virtual.C
UNRESOLVED: g++.dg/ext/visibility/visibility-1.C
UNRESOLVED: g++.dg/ext/visibility/visibility-2.C
UNRESOLVED: g++.dg/ext/visibility/visibility-3.C
UNRESOLVED: g++.dg/ext/visibility/visibility-4.C
UNRESOLVED: g++.dg/ext/visibility/visibility-5.C
UNRESOLVED: g++.dg/ext/visibility/visibility-6.C
UNRESOLVED: g++.dg/ext/visibility/visibility-7.C
UNRESOLVED: g++.dg/ext/visibility/visibility-8.C
UNRESOLVED: g++.dg/init/init-ref4.C
WARNING: program timed out.
FAIL: g++.dg/parse/stack1.C (test for excess errors)
XPASS: g++.dg/rtti/tinfo1.C scan-assembler _ZTIP9CTemplateIhE:
XPASS: g++.dg/rtti/tinfo1.C scan-assembler-not .globl[ 
\\t]+_ZTIP9CTemplateIhE
XPASS: g++.dg/rtti/tinfo1.C scan-assembler-not 
.section[^\\n\\r]*_ZTIP9CTemplateIhE[^\\n\\r]*
FAIL: g++.dg/warn/weak1.C (test for excess errors)
FAIL: 102:is -:should be 1
FAIL: g++.dg/gcov/gcov-1.C gcov: 1 failures in line counts, 0 in branch 
percentages, 0 in return percentages
FAIL: g++.dg/special/conpr-3.C execution test
FAIL: g++.old-deja/g++.eh/badalloc1.C (test for excess errors)
UNRESOLVED: g++.old-deja/g++.ext/attrib5.C
WARNING: g++.old-deja/g++.mike/p10769a.C compilation failed to produce 
executable
WARNING: g++.old-deja/g++.other/enum5.C compilation failed to produce 
executable
FAIL: g++.old-deja/g++.other/store-expr1.C (test for excess errors)
WARNING: g++.old-deja/g++.other/store-expr1.C compilation failed to 
produce executable
WARNING: g++.old-deja/g++.pt/friend44.C compilation failed to produce 
executable
UNRESOLVED: g++.old-deja/g++.pt/static3.C

                === g++ Summary ===

# of expected passes            10040
# of unexpected failures        8
# of unexpected successes       3
# of expected failures          80
# of unresolved testcases       24
# of unsupported tests          93
/Volumes/Data/Users/lars/GCC/FSF/gcc-build/gcc/testsuite/../g++  version 
4.0.0 20040919 (experimental)

                === gcc tests ===


Running target unix
FAIL: gcc.c-torture/compile/20000518-1.c  -O1  (test for excess errors)
FAIL: gcc.c-torture/compile/20000518-1.c  -O2  (test for excess errors)
FAIL: gcc.c-torture/compile/20000518-1.c  -O3 -fomit-frame-pointer  (test 
for excess errors)
FAIL: gcc.c-torture/compile/20000518-1.c  -O3 -g  (test for excess errors)
FAIL: gcc.c-torture/compile/20000518-1.c  -Os  (test for excess errors)
FAIL: gcc.c-torture/compile/20000804-1.c  -O0  (test for excess errors)
WARNING: program timed out.
FAIL: gcc.c-torture/compile/20001226-1.c  -O3 -g  (test for excess errors)
FAIL: gcc.c-torture/compile/20011029-1.c  -O0  (test for excess errors)
FAIL: gcc.c-torture/compile/20021108-1.c  -O0  (test for excess errors)
FAIL: gcc.c-torture/compile/20021108-1.c  -O1  (test for excess errors)
FAIL: gcc.c-torture/compile/20021108-1.c  -O2  (test for excess errors)
FAIL: gcc.c-torture/compile/20021108-1.c  -O3 -fomit-frame-pointer  (test 
for excess errors)
FAIL: gcc.c-torture/compile/20021108-1.c  -O3 -g  (test for excess errors)
FAIL: gcc.c-torture/compile/20021108-1.c  -Os  (test for excess errors)
FAIL: gcc.c-torture/compile/920501-7.c  -O1  (test for excess errors)
FAIL: gcc.c-torture/compile/920501-7.c  -O2  (test for excess errors)
FAIL: gcc.c-torture/compile/920501-7.c  -O3 -fomit-frame-pointer  (test 
for excess errors)
FAIL: gcc.c-torture/compile/920501-7.c  -O3 -g  (test for excess errors)
FAIL: gcc.c-torture/compile/920501-7.c  -Os  (test for excess errors)
FAIL: gcc.c-torture/compile/981006-1.c  -O0  (test for excess errors)
FAIL: gcc.c-torture/compile/981006-1.c  -O1  (test for excess errors)
FAIL: gcc.c-torture/compile/981006-1.c  -O2  (test for excess errors)
FAIL: gcc.c-torture/compile/981006-1.c  -O3 -fomit-frame-pointer  (test 
for excess errors)
FAIL: gcc.c-torture/compile/981006-1.c  -O3 -g  (test for excess errors)
FAIL: gcc.c-torture/compile/981006-1.c  -Os  (test for excess errors)
FAIL: gcc.c-torture/compile/labels-1.c  -O0  (test for excess errors)
FAIL: gcc.c-torture/compile/labels-1.c  -O1  (test for excess errors)
FAIL: gcc.c-torture/compile/labels-1.c  -O2  (test for excess errors)
FAIL: gcc.c-torture/compile/labels-1.c  -O3 -fomit-frame-pointer  (test 
for excess errors)
FAIL: gcc.c-torture/compile/labels-1.c  -O3 -g  (test for excess errors)
FAIL: gcc.c-torture/compile/labels-1.c  -Os  (test for excess errors)
FAIL: gcc.c-torture/compile/labels-2.c  -O0  (test for excess errors)
FAIL: gcc.c-torture/compile/labels-2.c  -O1  (test for excess errors)
FAIL: gcc.c-torture/compile/labels-2.c  -O2  (test for excess errors)
FAIL: gcc.c-torture/compile/labels-2.c  -O3 -fomit-frame-pointer  (test 
for excess errors)
FAIL: gcc.c-torture/compile/labels-2.c  -O3 -g  (test for excess errors)
FAIL: gcc.c-torture/compile/labels-2.c  -Os  (test for excess errors)
FAIL: gcc.c-torture/execute/builtins/fprintf.c compilation,  -O0
UNRESOLVED: gcc.c-torture/execute/builtins/fprintf.c execution,  -O0
FAIL: gcc.c-torture/execute/builtins/fprintf.c compilation,  -O1
UNRESOLVED: gcc.c-torture/execute/builtins/fprintf.c execution,  -O1
FAIL: gcc.c-torture/execute/builtins/fprintf.c compilation,  -O2
UNRESOLVED: gcc.c-torture/execute/builtins/fprintf.c execution,  -O2
FAIL: gcc.c-torture/execute/builtins/fprintf.c compilation,  -O3 
-fomit-frame-pointer
UNRESOLVED: gcc.c-torture/execute/builtins/fprintf.c execution,  -O3 
-fomit-frame-pointer
FAIL: gcc.c-torture/execute/builtins/fprintf.c compilation,  -O3 -g
UNRESOLVED: gcc.c-torture/execute/builtins/fprintf.c execution,  -O3 -g
FAIL: gcc.c-torture/execute/builtins/fprintf.c compilation,  -Os
UNRESOLVED: gcc.c-torture/execute/builtins/fprintf.c execution,  -Os
FAIL: gcc.c-torture/execute/builtins/memmove-2.c compilation,  -O0
UNRESOLVED: gcc.c-torture/execute/builtins/memmove-2.c execution,  -O0
FAIL: gcc.c-torture/execute/builtins/memmove-2.c compilation,  -O1
UNRESOLVED: gcc.c-torture/execute/builtins/memmove-2.c execution,  -O1
FAIL: gcc.c-torture/execute/builtins/memmove-2.c compilation,  -O2
UNRESOLVED: gcc.c-torture/execute/builtins/memmove-2.c execution,  -O2
FAIL: gcc.c-torture/execute/builtins/memmove-2.c compilation,  -O3 
-fomit-frame-pointer
UNRESOLVED: gcc.c-torture/execute/builtins/memmove-2.c execution,  -O3 
-fomit-frame-pointer
FAIL: gcc.c-torture/execute/builtins/memmove-2.c compilation,  -O3 -g
UNRESOLVED: gcc.c-torture/execute/builtins/memmove-2.c execution,  -O3 -g
FAIL: gcc.c-torture/execute/builtins/memmove-2.c compilation,  -Os
UNRESOLVED: gcc.c-torture/execute/builtins/memmove-2.c execution,  -Os
FAIL: gcc.c-torture/execute/builtins/memmove.c compilation,  -O0
UNRESOLVED: gcc.c-torture/execute/builtins/memmove.c execution,  -O0
FAIL: gcc.c-torture/execute/builtins/memmove.c compilation,  -O1
UNRESOLVED: gcc.c-torture/execute/builtins/memmove.c execution,  -O1
FAIL: gcc.c-torture/execute/builtins/memmove.c compilation,  -O2
UNRESOLVED: gcc.c-torture/execute/builtins/memmove.c execution,  -O2
FAIL: gcc.c-torture/execute/builtins/memmove.c compilation,  -O3 
-fomit-frame-pointer
UNRESOLVED: gcc.c-torture/execute/builtins/memmove.c execution,  -O3 
-fomit-frame-pointer
FAIL: gcc.c-torture/execute/builtins/memmove.c compilation,  -O3 -g
UNRESOLVED: gcc.c-torture/execute/builtins/memmove.c execution,  -O3 -g
FAIL: gcc.c-torture/execute/builtins/memmove.c compilation,  -Os
UNRESOLVED: gcc.c-torture/execute/builtins/memmove.c execution,  -Os
FAIL: gcc.c-torture/execute/builtins/memops-asm.c compilation,  -O0
UNRESOLVED: gcc.c-torture/execute/builtins/memops-asm.c execution,  -O0
FAIL: gcc.c-torture/execute/builtins/memops-asm.c compilation,  -O1
UNRESOLVED: gcc.c-torture/execute/builtins/memops-asm.c execution,  -O1
FAIL: gcc.c-torture/execute/builtins/memops-asm.c compilation,  -O2
UNRESOLVED: gcc.c-torture/execute/builtins/memops-asm.c execution,  -O2
FAIL: gcc.c-torture/execute/builtins/memops-asm.c compilation,  -O3 
-fomit-frame-pointer
UNRESOLVED: gcc.c-torture/execute/builtins/memops-asm.c execution,  -O3 
-fomit-frame-pointer
FAIL: gcc.c-torture/execute/builtins/memops-asm.c compilation,  -O3 -g
UNRESOLVED: gcc.c-torture/execute/builtins/memops-asm.c execution,  -O3 -g
FAIL: gcc.c-torture/execute/builtins/memops-asm.c compilation,  -Os
UNRESOLVED: gcc.c-torture/execute/builtins/memops-asm.c execution,  -Os
FAIL: gcc.c-torture/execute/builtins/memset.c compilation,  -O0
UNRESOLVED: gcc.c-torture/execute/builtins/memset.c execution,  -O0
FAIL: gcc.c-torture/execute/builtins/memset.c compilation,  -O1
UNRESOLVED: gcc.c-torture/execute/builtins/memset.c execution,  -O1
FAIL: gcc.c-torture/execute/builtins/memset.c compilation,  -O2
UNRESOLVED: gcc.c-torture/execute/builtins/memset.c execution,  -O2
FAIL: gcc.c-torture/execute/builtins/memset.c compilation,  -O3 
-fomit-frame-pointer
UNRESOLVED: gcc.c-torture/execute/builtins/memset.c execution,  -O3 
-fomit-frame-pointer
FAIL: gcc.c-torture/execute/builtins/memset.c compilation,  -O3 -g
UNRESOLVED: gcc.c-torture/execute/builtins/memset.c execution,  -O3 -g
FAIL: gcc.c-torture/execute/builtins/memset.c compilation,  -Os
UNRESOLVED: gcc.c-torture/execute/builtins/memset.c execution,  -Os
FAIL: gcc.c-torture/execute/builtins/printf.c compilation,  -O0
UNRESOLVED: gcc.c-torture/execute/builtins/printf.c execution,  -O0
FAIL: gcc.c-torture/execute/builtins/printf.c compilation,  -O1
UNRESOLVED: gcc.c-torture/execute/builtins/printf.c execution,  -O1
FAIL: gcc.c-torture/execute/builtins/printf.c compilation,  -O2
UNRESOLVED: gcc.c-torture/execute/builtins/printf.c execution,  -O2
FAIL: gcc.c-torture/execute/builtins/printf.c compilation,  -O3 
-fomit-frame-pointer
UNRESOLVED: gcc.c-torture/execute/builtins/printf.c execution,  -O3 
-fomit-frame-pointer
FAIL: gcc.c-torture/execute/builtins/printf.c compilation,  -O3 -g
UNRESOLVED: gcc.c-torture/execute/builtins/printf.c execution,  -O3 -g
FAIL: gcc.c-torture/execute/builtins/printf.c compilation,  -Os
UNRESOLVED: gcc.c-torture/execute/builtins/printf.c execution,  -Os
FAIL: gcc.c-torture/execute/builtins/strcat.c compilation,  -O0
UNRESOLVED: gcc.c-torture/execute/builtins/strcat.c execution,  -O0
FAIL: gcc.c-torture/execute/builtins/strcat.c compilation,  -O1
UNRESOLVED: gcc.c-torture/execute/builtins/strcat.c execution,  -O1
FAIL: gcc.c-torture/execute/builtins/strcat.c compilation,  -O2
UNRESOLVED: gcc.c-torture/execute/builtins/strcat.c execution,  -O2
FAIL: gcc.c-torture/execute/builtins/strcat.c compilation,  -O3 
-fomit-frame-pointer
UNRESOLVED: gcc.c-torture/execute/builtins/strcat.c execution,  -O3 
-fomit-frame-pointer
FAIL: gcc.c-torture/execute/builtins/strcat.c compilation,  -O3 
-fomit-frame-pointer -funroll-loops
UNRESOLVED: gcc.c-torture/execute/builtins/strcat.c execution,  -O3 
-fomit-frame-pointer -funroll-loops
FAIL: gcc.c-torture/execute/builtins/strcat.c compilation,  -O3 
-fomit-frame-pointer -funroll-all-loops -finline-functions
UNRESOLVED: gcc.c-torture/execute/builtins/strcat.c execution,  -O3 
-fomit-frame-pointer -funroll-all-loops -finline-functions
FAIL: gcc.c-torture/execute/builtins/strcat.c compilation,  -O3 -g
UNRESOLVED: gcc.c-torture/execute/builtins/strcat.c execution,  -O3 -g
FAIL: gcc.c-torture/execute/builtins/strcat.c compilation,  -Os
UNRESOLVED: gcc.c-torture/execute/builtins/strcat.c execution,  -Os
FAIL: gcc.c-torture/execute/builtins/strchr.c compilation,  -O0
UNRESOLVED: gcc.c-torture/execute/builtins/strchr.c execution,  -O0
FAIL: gcc.c-torture/execute/builtins/strchr.c compilation,  -O1
UNRESOLVED: gcc.c-torture/execute/builtins/strchr.c execution,  -O1
FAIL: gcc.c-torture/execute/builtins/strchr.c compilation,  -O2
UNRESOLVED: gcc.c-torture/execute/builtins/strchr.c execution,  -O2
FAIL: gcc.c-torture/execute/builtins/strchr.c compilation,  -O3 
-fomit-frame-pointer
UNRESOLVED: gcc.c-torture/execute/builtins/strchr.c execution,  -O3 
-fomit-frame-pointer
FAIL: gcc.c-torture/execute/builtins/strchr.c compilation,  -O3 -g
UNRESOLVED: gcc.c-torture/execute/builtins/strchr.c execution,  -O3 -g
FAIL: gcc.c-torture/execute/builtins/strchr.c compilation,  -Os
UNRESOLVED: gcc.c-torture/execute/builtins/strchr.c execution,  -Os
FAIL: gcc.c-torture/execute/builtins/strcmp.c compilation,  -O0
UNRESOLVED: gcc.c-torture/execute/builtins/strcmp.c execution,  -O0
FAIL: gcc.c-torture/execute/builtins/strcmp.c compilation,  -O1
UNRESOLVED: gcc.c-torture/execute/builtins/strcmp.c execution,  -O1
FAIL: gcc.c-torture/execute/builtins/strcmp.c compilation,  -O2
UNRESOLVED: gcc.c-torture/execute/builtins/strcmp.c execution,  -O2
FAIL: gcc.c-torture/execute/builtins/strcmp.c compilation,  -O3 
-fomit-frame-pointer
UNRESOLVED: gcc.c-torture/execute/builtins/strcmp.c execution,  -O3 
-fomit-frame-pointer
FAIL: gcc.c-torture/execute/builtins/strcmp.c compilation,  -O3 -g
UNRESOLVED: gcc.c-torture/execute/builtins/strcmp.c execution,  -O3 -g
FAIL: gcc.c-torture/execute/builtins/strcmp.c compilation,  -Os
UNRESOLVED: gcc.c-torture/execute/builtins/strcmp.c execution,  -Os
FAIL: gcc.c-torture/execute/builtins/strcpy.c compilation,  -O0
UNRESOLVED: gcc.c-torture/execute/builtins/strcpy.c execution,  -O0
FAIL: gcc.c-torture/execute/builtins/strcpy.c compilation,  -O1
UNRESOLVED: gcc.c-torture/execute/builtins/strcpy.c execution,  -O1
FAIL: gcc.c-torture/execute/builtins/strcpy.c compilation,  -O2
UNRESOLVED: gcc.c-torture/execute/builtins/strcpy.c execution,  -O2
FAIL: gcc.c-torture/execute/builtins/strcpy.c compilation,  -O3 
-fomit-frame-pointer
UNRESOLVED: gcc.c-torture/execute/builtins/strcpy.c execution,  -O3 
-fomit-frame-pointer
FAIL: gcc.c-torture/execute/builtins/strcpy.c compilation,  -O3 -g
UNRESOLVED: gcc.c-torture/execute/builtins/strcpy.c execution,  -O3 -g
FAIL: gcc.c-torture/execute/builtins/strcpy.c compilation,  -Os
UNRESOLVED: gcc.c-torture/execute/builtins/strcpy.c execution,  -Os
FAIL: gcc.c-torture/execute/builtins/strlen-3.c execution,  -O2
FAIL: gcc.c-torture/execute/builtins/strlen-3.c execution,  -O3 
-fomit-frame-pointer
FAIL: gcc.c-torture/execute/builtins/strlen-3.c execution,  -O3 
-fomit-frame-pointer -funroll-loops
FAIL: gcc.c-torture/execute/builtins/strlen-3.c execution,  -O3 
-fomit-frame-pointer -funroll-all-loops -finline-functions
FAIL: gcc.c-torture/execute/builtins/strlen-3.c execution,  -O3 -g
FAIL: gcc.c-torture/execute/builtins/strncmp-2.c compilation,  -O0
UNRESOLVED: gcc.c-torture/execute/builtins/strncmp-2.c execution,  -O0
FAIL: gcc.c-torture/execute/builtins/strncmp-2.c compilation,  -O1
UNRESOLVED: gcc.c-torture/execute/builtins/strncmp-2.c execution,  -O1
FAIL: gcc.c-torture/execute/builtins/strncmp-2.c compilation,  -O2
UNRESOLVED: gcc.c-torture/execute/builtins/strncmp-2.c execution,  -O2
FAIL: gcc.c-torture/execute/builtins/strncmp-2.c compilation,  -O3 
-fomit-frame-pointer
UNRESOLVED: gcc.c-torture/execute/builtins/strncmp-2.c execution,  -O3 
-fomit-frame-pointer
FAIL: gcc.c-torture/execute/builtins/strncmp-2.c compilation,  -O3 -g
UNRESOLVED: gcc.c-torture/execute/builtins/strncmp-2.c execution,  -O3 -g
FAIL: gcc.c-torture/execute/builtins/strncmp-2.c compilation,  -Os
UNRESOLVED: gcc.c-torture/execute/builtins/strncmp-2.c execution,  -Os
FAIL: gcc.c-torture/execute/builtins/strncmp.c compilation,  -O0
UNRESOLVED: gcc.c-torture/execute/builtins/strncmp.c execution,  -O0
FAIL: gcc.c-torture/execute/builtins/strncmp.c compilation,  -O1
UNRESOLVED: gcc.c-torture/execute/builtins/strncmp.c execution,  -O1
FAIL: gcc.c-torture/execute/builtins/strncmp.c compilation,  -O2
UNRESOLVED: gcc.c-torture/execute/builtins/strncmp.c execution,  -O2
FAIL: gcc.c-torture/execute/builtins/strncmp.c compilation,  -O3 
-fomit-frame-pointer
UNRESOLVED: gcc.c-torture/execute/builtins/strncmp.c execution,  -O3 
-fomit-frame-pointer
FAIL: gcc.c-torture/execute/builtins/strncmp.c compilation,  -O3 -g
UNRESOLVED: gcc.c-torture/execute/builtins/strncmp.c execution,  -O3 -g
FAIL: gcc.c-torture/execute/builtins/strncmp.c compilation,  -Os
UNRESOLVED: gcc.c-torture/execute/builtins/strncmp.c execution,  -Os
FAIL: gcc.c-torture/execute/builtins/strncpy.c compilation,  -O0
UNRESOLVED: gcc.c-torture/execute/builtins/strncpy.c execution,  -O0
FAIL: gcc.c-torture/execute/builtins/strncpy.c compilation,  -O1
UNRESOLVED: gcc.c-torture/execute/builtins/strncpy.c execution,  -O1
FAIL: gcc.c-torture/execute/builtins/strncpy.c compilation,  -O2
UNRESOLVED: gcc.c-torture/execute/builtins/strncpy.c execution,  -O2
FAIL: gcc.c-torture/execute/builtins/strncpy.c compilation,  -O3 
-fomit-frame-pointer
UNRESOLVED: gcc.c-torture/execute/builtins/strncpy.c execution,  -O3 
-fomit-frame-pointer
FAIL: gcc.c-torture/execute/builtins/strncpy.c compilation,  -O3 -g
UNRESOLVED: gcc.c-torture/execute/builtins/strncpy.c execution,  -O3 -g
FAIL: gcc.c-torture/execute/builtins/strncpy.c compilation,  -Os
UNRESOLVED: gcc.c-torture/execute/builtins/strncpy.c execution,  -Os
FAIL: gcc.c-torture/execute/builtins/strrchr.c compilation,  -O0
UNRESOLVED: gcc.c-torture/execute/builtins/strrchr.c execution,  -O0
FAIL: gcc.c-torture/execute/builtins/strrchr.c compilation,  -O1
UNRESOLVED: gcc.c-torture/execute/builtins/strrchr.c execution,  -O1
FAIL: gcc.c-torture/execute/builtins/strrchr.c compilation,  -O2
UNRESOLVED: gcc.c-torture/execute/builtins/strrchr.c execution,  -O2
FAIL: gcc.c-torture/execute/builtins/strrchr.c compilation,  -O3 
-fomit-frame-pointer
UNRESOLVED: gcc.c-torture/execute/builtins/strrchr.c execution,  -O3 
-fomit-frame-pointer
FAIL: gcc.c-torture/execute/builtins/strrchr.c compilation,  -O3 -g
UNRESOLVED: gcc.c-torture/execute/builtins/strrchr.c execution,  -O3 -g
FAIL: gcc.c-torture/execute/builtins/strrchr.c compilation,  -Os
UNRESOLVED: gcc.c-torture/execute/builtins/strrchr.c execution,  -Os
FAIL: gcc.c-torture/execute/20020720-1.c compilation,  -O1
UNRESOLVED: gcc.c-torture/execute/20020720-1.c execution,  -O1
FAIL: gcc.c-torture/execute/20020720-1.c compilation,  -O2
UNRESOLVED: gcc.c-torture/execute/20020720-1.c execution,  -O2
FAIL: gcc.c-torture/execute/20020720-1.c compilation,  -O3 
-fomit-frame-pointer
UNRESOLVED: gcc.c-torture/execute/20020720-1.c execution,  -O3 
-fomit-frame-pointer
FAIL: gcc.c-torture/execute/20020720-1.c compilation,  -O3 -g
UNRESOLVED: gcc.c-torture/execute/20020720-1.c execution,  -O3 -g
FAIL: gcc.c-torture/execute/20020720-1.c compilation,  -Os
UNRESOLVED: gcc.c-torture/execute/20020720-1.c execution,  -Os
FAIL: gcc.c-torture/execute/built-in-setjmp.c compilation,  -O0
UNRESOLVED: gcc.c-torture/execute/built-in-setjmp.c execution,  -O0
FAIL: gcc.c-torture/execute/built-in-setjmp.c compilation,  -O1
UNRESOLVED: gcc.c-torture/execute/built-in-setjmp.c execution,  -O1
FAIL: gcc.c-torture/execute/built-in-setjmp.c compilation,  -O2
UNRESOLVED: gcc.c-torture/execute/built-in-setjmp.c execution,  -O2
FAIL: gcc.c-torture/execute/built-in-setjmp.c compilation,  -O3 
-fomit-frame-pointer
UNRESOLVED: gcc.c-torture/execute/built-in-setjmp.c execution,  -O3 
-fomit-frame-pointer
FAIL: gcc.c-torture/execute/built-in-setjmp.c compilation,  -O3 
-fomit-frame-pointer -funroll-loops
UNRESOLVED: gcc.c-torture/execute/built-in-setjmp.c execution,  -O3 
-fomit-frame-pointer -funroll-loops
FAIL: gcc.c-torture/execute/built-in-setjmp.c compilation,  -O3 
-fomit-frame-pointer -funroll-all-loops -finline-functions
UNRESOLVED: gcc.c-torture/execute/built-in-setjmp.c execution,  -O3 
-fomit-frame-pointer -funroll-all-loops -finline-functions
FAIL: gcc.c-torture/execute/built-in-setjmp.c compilation,  -O3 -g
UNRESOLVED: gcc.c-torture/execute/built-in-setjmp.c execution,  -O3 -g
FAIL: gcc.c-torture/execute/built-in-setjmp.c compilation,  -Os
UNRESOLVED: gcc.c-torture/execute/built-in-setjmp.c execution,  -Os
FAIL: gcc.c-torture/execute/conversion.c execution,  -O0
FAIL: gcc.c-torture/execute/conversion.c execution,  -O1
FAIL: gcc.c-torture/execute/conversion.c execution,  -O2
FAIL: gcc.c-torture/execute/conversion.c execution,  -O3 
-fomit-frame-pointer
FAIL: gcc.c-torture/execute/conversion.c execution,  -O3 -g
FAIL: gcc.c-torture/execute/conversion.c execution,  -Os
XPASS: gcc.c-torture/execute/loop-2e.c execution,  -Os
FAIL: gcc.c-torture/execute/ieee/rbug.c execution,  -O0
FAIL: gcc.c-torture/execute/ieee/rbug.c execution,  -O1
FAIL: gcc.c-torture/execute/ieee/rbug.c execution,  -O2
FAIL: gcc.c-torture/execute/ieee/rbug.c execution,  -O3 
-fomit-frame-pointer
FAIL: gcc.c-torture/execute/ieee/rbug.c execution,  -O3 -g
FAIL: gcc.c-torture/execute/ieee/rbug.c execution,  -Os
FAIL: gcc.dg/compat/struct-layout-1 c_compat_main_tst.o compile
FAIL: gcc.dg/compat/struct-layout-1 c_compat_x_tst.o compile
FAIL: gcc.dg/compat/struct-layout-1 c_compat_y_tst.o compile
UNRESOLVED: gcc.dg/compat/struct-layout-1 
c_compat_x_tst.o-c_compat_y_tst.o link
UNRESOLVED: gcc.dg/compat/struct-layout-1 
c_compat_x_tst.o-c_compat_y_tst.o execute
WARNING: Could not compile gcc.dg/compat/struct-layout-1 generator
FAIL: gcc.dg/cpp/ucs.c (test for excess errors)
FAIL: gcc.dg/debug/dwarf2/dwarf-die7.c scan-assembler 1.*DW_AT_inline
FAIL: gcc.dg/20010912-1.c (test for excess errors)
WARNING: gcc.dg/20010912-1.c compilation failed to produce executable
FAIL: gcc.dg/20011119-1.c (test for excess errors)
WARNING: gcc.dg/20011119-1.c compilation failed to produce executable
FAIL: gcc.dg/20020103-1.c (test for excess errors)
ERROR: gcc.dg/20020103-1.c: error executing dg-final: couldn't open 
"20020103-1.s": no such file or directory
UNRESOLVED: gcc.dg/20020103-1.c: error executing dg-final: couldn't open 
"20020103-1.s": no such file or directory
FAIL: gcc.dg/20020312-2.c (test for excess errors)
WARNING: gcc.dg/20020312-2.c compilation failed to produce executable
FAIL: gcc.dg/20020430-1.c (test for excess errors)
FAIL: gcc.dg/20020919-1.c  (test for errors, line 132)
FAIL: gcc.dg/20020919-1.c  (test for errors, line 177)
FAIL: gcc.dg/20020919-1.c  (test for errors, line 231)
FAIL: gcc.dg/20020919-1.c  (test for errors, line 244)
FAIL: gcc.dg/20020919-1.c (test for excess errors)
FAIL: gcc.dg/20021029-1.c (test for excess errors)
ERROR: gcc.dg/20021029-1.c: error executing dg-final: couldn't open 
"20021029-1.s": no such file or directory
UNRESOLVED: gcc.dg/20021029-1.c: error executing dg-final: couldn't open 
"20021029-1.s": no such file or directory
FAIL: gcc.dg/20021116-1.c (test for excess errors)
FAIL: gcc.dg/20030702-1.c (test for excess errors)
FAIL: gcc.dg/20030708-1.c (test for excess errors)
FAIL: gcc.dg/20040311-2.c (test for excess errors)
FAIL: gcc.dg/20040813-1.c scan-assembler .stabs*100,0,2
FAIL: gcc.dg/980211-1.c (test for excess errors)
FAIL: gcc.dg/array-quals-1.c scan-assembler-not 
\\\\.data(?!\\\\.rel\\\\.ro)
FAIL: gcc.dg/c90-const-expr-3.c (test for excess errors)
FAIL: gcc.dg/c90-intconst-1.c (test for excess errors)
FAIL: gcc.dg/c90-intprom-1.c (test for excess errors)
FAIL: gcc.dg/c99-const-expr-3.c (test for excess errors)
FAIL: gcc.dg/clobbers.c (test for excess errors)
WARNING: gcc.dg/clobbers.c compilation failed to produce executable
FAIL: gcc.dg/framework-1.c (test for excess errors)
FAIL: gcc.dg/i386-387-1.c scan-assembler call\\t_?sin
FAIL: gcc.dg/i386-387-1.c scan-assembler call\\t_?cos
FAIL: gcc.dg/i386-387-1.c scan-assembler call\\t_?sqrt
FAIL: gcc.dg/i386-387-1.c scan-assembler call\\t_?atan2
FAIL: gcc.dg/i386-387-1.c scan-assembler call\\t_?log
FAIL: gcc.dg/i386-387-1.c scan-assembler call\\t_?exp
FAIL: gcc.dg/i386-387-1.c scan-assembler call\\t_?tan
FAIL: gcc.dg/i386-387-1.c scan-assembler call\\t_?fmod
FAIL: gcc.dg/i386-387-3.c scan-assembler fldpi
FAIL: gcc.dg/i386-387-4.c scan-assembler fldpi
FAIL: gcc.dg/i386-387-5.c scan-assembler call\\t_?atan
FAIL: gcc.dg/i386-387-5.c scan-assembler call\\t_?log1p
FAIL: gcc.dg/i386-387-5.c scan-assembler call\\t_?drem
FAIL: gcc.dg/i386-asm-3.c (test for excess errors)
WARNING: gcc.dg/i386-asm-3.c compilation failed to produce executable
FAIL: gcc.dg/i386-cmov1.c scan-assembler sar[^\\\\n]*magic_namea
FAIL: gcc.dg/i386-cmov1.c scan-assembler sar[^\\\\n]*magic_nameb
FAIL: gcc.dg/i386-cmov1.c scan-assembler sar[^\\\\n]*magic_namec
FAIL: gcc.dg/i386-cmov1.c scan-assembler shr[^\\\\n]*magic_named
FAIL: gcc.dg/i386-cmov1.c scan-assembler shr[^\\\\n]*magic_namee
FAIL: gcc.dg/i386-cmov1.c scan-assembler shr[^\\\\n]*magic_namef
FAIL: gcc.dg/i386-local2.c scan-assembler-not sub[^\\\\n]*sp
FAIL: gcc.dg/i386-mul.c scan-assembler and[^\\\\n]*magic
FAIL: gcc.dg/i386-ssetype-1.c scan-assembler andpd[^\\\\n]*magic
FAIL: gcc.dg/i386-ssetype-1.c scan-assembler andnpd[^\\\\n]*magic
FAIL: gcc.dg/i386-ssetype-1.c scan-assembler xorpd[^\\\\n]*magic
FAIL: gcc.dg/i386-ssetype-1.c scan-assembler orpd[^\\\\n]*magic
FAIL: gcc.dg/i386-ssetype-1.c scan-assembler movapd[^\\\\n]*magic
FAIL: gcc.dg/i386-ssetype-3.c scan-assembler andps[^\\\\n]*magic
FAIL: gcc.dg/i386-ssetype-3.c scan-assembler andnps[^\\\\n]*magic
FAIL: gcc.dg/i386-ssetype-3.c scan-assembler xorps[^\\\\n]*magic
FAIL: gcc.dg/i386-ssetype-3.c scan-assembler orps[^\\\\n]*magic
FAIL: gcc.dg/i386-ssetype-3.c scan-assembler movaps[^\\\\n]*magic
FAIL: gcc.dg/i386-ssetype-5.c scan-assembler pand[^\\\\n]*magic
FAIL: gcc.dg/i386-ssetype-5.c scan-assembler pandn[^\\\\n]*magic
FAIL: gcc.dg/i386-ssetype-5.c scan-assembler pxor[^\\\\n]*magic
FAIL: gcc.dg/i386-ssetype-5.c scan-assembler por[^\\\\n]*magic
FAIL: gcc.dg/sibcall-6.c execution test
UNRESOLVED: gcc.dg/visibility-1.c
UNRESOLVED: gcc.dg/visibility-10.c
UNRESOLVED: gcc.dg/visibility-2.c
UNRESOLVED: gcc.dg/visibility-3.c
UNRESOLVED: gcc.dg/visibility-4.c
UNRESOLVED: gcc.dg/visibility-5.c
UNRESOLVED: gcc.dg/visibility-6.c
UNRESOLVED: gcc.dg/visibility-7.c
UNRESOLVED: gcc.dg/visibility-8.c
UNRESOLVED: gcc.dg/visibility-9.c
UNRESOLVED: gcc.dg/visibility-a.c
FAIL: largefile.c -O0 -g (test for excess errors)
FAIL: largefile.c  -O0  (test for excess errors)
FAIL: largefile.c  -O1  (test for excess errors)
FAIL: largefile.c  -O2  (test for excess errors)
FAIL: largefile.c  -O3 -fomit-frame-pointer  (test for excess errors)
FAIL: largefile.c  -O3 -g  (test for excess errors)
FAIL: largefile.c  -Os  (test for excess errors)
UNRESOLVED: gcc.dg/special/weak-1.c
UNRESOLVED: gcc.dg/special/weak-2.c
UNRESOLVED: gcc.dg/special/wkali-1.c
UNRESOLVED: gcc.dg/special/wkali-2.c
FAIL: gcc.dg/torture/builtin-noret-1.c  -O0  (test for excess errors)
FAIL: gcc.dg/torture/builtin-noret-1.c  -O1  (test for excess errors)
FAIL: gcc.dg/torture/builtin-noret-1.c  -O2  (test for excess errors)
FAIL: gcc.dg/torture/builtin-noret-1.c  -O3 -fomit-frame-pointer  (test 
for excess errors)
FAIL: gcc.dg/torture/builtin-noret-1.c  -O3 -g  (test for excess errors)
FAIL: gcc.dg/torture/builtin-noret-1.c  -Os  (test for excess errors)
FAIL: gcc.dg/torture/builtin-noret-2.c  -O0  (test for excess errors)
FAIL: gcc.dg/torture/builtin-noret-2.c  -O1  (test for excess errors)
FAIL: gcc.dg/torture/builtin-noret-2.c  -O2  (test for excess errors)
FAIL: gcc.dg/torture/builtin-noret-2.c  -O3 -fomit-frame-pointer  (test 
for excess errors)
FAIL: gcc.dg/torture/builtin-noret-2.c  -O3 -g  (test for excess errors)
FAIL: gcc.dg/torture/builtin-noret-2.c  -Os  (test for excess errors)
FAIL: gcc.dg/tree-ssa/ifc-20040816-2.c scan-tree-dump-times Applying 
if-conversion 1
FAIL: gcc.dg/tree-ssa/loop-1.c scan-assembler-times foo 5
FAIL: gcc.dg/tree-ssa/loop-2.c scan-tree-dump-times arr_base.*= 0
FAIL: gcc.dg/tree-ssa/loop-4.c scan-tree-dump-times arr_base.*= 0
FAIL: gcc.dg/tree-ssa/ssa-dce-2.c scan-tree-dump-times if  0
UNRESOLVED: gcc.dg/weak/typeof-2.c
UNRESOLVED: gcc.dg/weak/weak-1.c
UNRESOLVED: gcc.dg/weak/weak-2.c
UNRESOLVED: gcc.dg/weak/weak-3.c
UNRESOLVED: gcc.dg/weak/weak-4.c
UNRESOLVED: gcc.dg/weak/weak-5.c
UNRESOLVED: gcc.dg/weak/weak-6.c
UNRESOLVED: gcc.dg/weak/weak-7.c
UNRESOLVED: gcc.dg/weak/weak-8.c
UNRESOLVED: gcc.dg/weak/weak-9.c
FAIL: gcc.misc-tests/bprob-2.c compilation,  -g  -ftree-based-profiling 
-fprofile-arcs
UNRESOLVED: gcc.misc-tests/bprob-2.c execution,    -g 
-ftree-based-profiling -fprofile-arcs
UNRESOLVED: gcc.misc-tests/bprob-2.c compilation,  -g 
-ftree-based-profiling -fbranch-probabilities
UNRESOLVED: gcc.misc-tests/bprob-2.c execution,    -g 
-ftree-based-profiling -fbranch-probabilities
FAIL: gcc.misc-tests/bprob-2.c compilation,  -O0  -ftree-based-profiling 
-fprofile-arcs
UNRESOLVED: gcc.misc-tests/bprob-2.c execution,    -O0 
-ftree-based-profiling -fprofile-arcs
UNRESOLVED: gcc.misc-tests/bprob-2.c compilation,  -O0 
-ftree-based-profiling -fbranch-probabilities
UNRESOLVED: gcc.misc-tests/bprob-2.c execution,    -O0 
-ftree-based-profiling -fbranch-probabilities
FAIL: gcc.misc-tests/bprob-2.c compilation,  -O1  -ftree-based-profiling 
-fprofile-arcs
UNRESOLVED: gcc.misc-tests/bprob-2.c execution,    -O1 
-ftree-based-profiling -fprofile-arcs
UNRESOLVED: gcc.misc-tests/bprob-2.c compilation,  -O1 
-ftree-based-profiling -fbranch-probabilities
UNRESOLVED: gcc.misc-tests/bprob-2.c execution,    -O1 
-ftree-based-profiling -fbranch-probabilities
FAIL: gcc.misc-tests/bprob-2.c compilation,  -O2 -DPERFTIME 
-ftree-based-profiling -fprofile-arcs
UNRESOLVED: gcc.misc-tests/bprob-2.c execution,    -O2 -DPERFTIME 
-ftree-based-profiling -fprofile-arcs
UNRESOLVED: gcc.misc-tests/bprob-2.c compilation,  -O2 -DPERFTIME 
-ftree-based-profiling -fbranch-probabilities
UNRESOLVED: gcc.misc-tests/bprob-2.c execution,    -O2 -DPERFTIME 
-ftree-based-profiling -fbranch-probabilities
FAIL: gcc.misc-tests/bprob-2.c compilation,  -O3 -DPERFTIME 
-ftree-based-profiling -fprofile-arcs
UNRESOLVED: gcc.misc-tests/bprob-2.c execution,    -O3 -DPERFTIME 
-ftree-based-profiling -fprofile-arcs
UNRESOLVED: gcc.misc-tests/bprob-2.c compilation,  -O3 -DPERFTIME 
-ftree-based-profiling -fbranch-probabilities
UNRESOLVED: gcc.misc-tests/bprob-2.c execution,    -O3 -DPERFTIME 
-ftree-based-profiling -fbranch-probabilities
FAIL: gcc.misc-tests/bprob-2.c compilation,  -O3 -g -DPERFTIME 
-ftree-based-profiling -fprofile-arcs
UNRESOLVED: gcc.misc-tests/bprob-2.c execution,    -O3 -g -DPERFTIME 
-ftree-based-profiling -fprofile-arcs
UNRESOLVED: gcc.misc-tests/bprob-2.c compilation,  -O3 -g -DPERFTIME 
-ftree-based-profiling -fbranch-probabilities
UNRESOLVED: gcc.misc-tests/bprob-2.c execution,    -O3 -g -DPERFTIME 
-ftree-based-profiling -fbranch-probabilities
FAIL: gcc.misc-tests/bprob-2.c compilation,  -Os  -ftree-based-profiling 
-fprofile-arcs
UNRESOLVED: gcc.misc-tests/bprob-2.c execution,    -Os 
-ftree-based-profiling -fprofile-arcs
UNRESOLVED: gcc.misc-tests/bprob-2.c compilation,  -Os 
-ftree-based-profiling -fbranch-probabilities
UNRESOLVED: gcc.misc-tests/bprob-2.c execution,    -Os 
-ftree-based-profiling -fbranch-probabilities
FAIL: 96:is -:should be 1
FAIL: gcc.misc-tests/gcov-4.c gcov: 1 failures in line counts, 0 in branch 
percentages, 0 in return percentages

                === gcc Summary ===

# of expected passes            30081
# of unexpected failures        252
# of unexpected successes       1
# of expected failures          106
# of unresolved testcases       149
# of untested testcases         35
# of unsupported tests          311
/Volumes/Data/Users/lars/GCC/FSF/gcc-build/gcc/xgcc  version 4.0.0 
20040919 (experimental)

                === objc tests ===


Running target unix
FAIL: objc/execute/load-2.m execution,  -O0
FAIL: objc/execute/load-2.m execution,  -O1
FAIL: objc/execute/load-2.m execution,  -O2
FAIL: objc/execute/load-2.m execution,  -O3 -fomit-frame-pointer
FAIL: objc/execute/load-2.m execution,  -O3 -g
FAIL: objc/execute/load-2.m execution,  -Os
FAIL: objc/execute/load.m execution,  -O0
FAIL: objc/execute/load.m execution,  -O1
FAIL: objc/execute/load.m execution,  -O2
FAIL: objc/execute/load.m execution,  -O3 -fomit-frame-pointer
FAIL: objc/execute/load.m execution,  -O3 -g
FAIL: objc/execute/load.m execution,  -Os
FAIL: objc.dg/const-str-3.m execution test
FAIL: objc.dg/const-str-4.m execution test
FAIL: objc.dg/headers.m (test for excess errors)
FAIL: objc.dg/stret-2.m scan-assembler objc_msgSend_stret
FAIL: objc.dg/stret-2.m scan-assembler-not objc_msgSend[^_S]
FAIL: objc.dg/stret-2.m scan-assembler-not objc_msgSendSuper[^_]
FAIL: objc.dg/symtab-1.m scan-assembler 
L_OBJC_SYMBOLS.*:\\n\\t.long\\t0\\n\\t.long\\t0\\n\\t.short\\t2\\n\\t.short\\t0\\n\\t.long\\tL_OBJC_CLASS_Derived.*\\n\\t.long\\tL_OBJC_CLASS_Base.*\\n

                === objc Summary ===

# of expected passes            1419
# of unexpected failures        19
/Volumes/Data/Users/lars/GCC/FSF/gcc-build/gcc/xgcc  version 4.0.0 
20040919 (experimental)

                === libstdc++ tests ===


Running target unix
WARNING: program timed out.
FAIL: 21_strings/basic_string/cons/char/1.cc execution test
WARNING: program timed out.
FAIL: 21_strings/basic_string/cons/wchar_t/1.cc execution test
WARNING: program timed out.
FAIL: 21_strings/basic_string/insert/char/1.cc execution test
WARNING: program timed out.
FAIL: 21_strings/basic_string/insert/wchar_t/1.cc execution test
XPASS: 22_locale/locale/cons/12658_thread-1.cc execution test
FAIL: 26_numerics/complex/13450.cc (test for excess errors)
WARNING: 26_numerics/complex/13450.cc compilation failed to produce 
executable
FAIL: 26_numerics/complex/complex_value.cc (test for excess errors)
WARNING: 26_numerics/complex/complex_value.cc compilation failed to 
produce executable
FAIL: 26_numerics/complex/pow.cc (test for excess errors)
WARNING: 26_numerics/complex/pow.cc compilation failed to produce 
executable
FAIL: 27_io/basic_filebuf/close/12790-1.cc execution test
FAIL: 27_io/basic_filebuf/close/char/1.cc execution test
FAIL: 27_io/basic_filebuf/imbue/char/2.cc execution test
FAIL: 27_io/basic_filebuf/imbue/wchar_t/2.cc execution test
FAIL: 27_io/basic_filebuf/is_open/char/1.cc execution test
FAIL: 27_io/basic_filebuf/open/char/1.cc execution test
FAIL: 27_io/basic_filebuf/sbumpc/char/9825.cc execution test
FAIL: 27_io/basic_filebuf/seekoff/12790-1.cc execution test
FAIL: 27_io/basic_filebuf/seekoff/12790-2.cc execution test
FAIL: 27_io/basic_filebuf/seekoff/12790-3.cc execution test
FAIL: 27_io/basic_filebuf/seekoff/12790-4.cc execution test
FAIL: 27_io/basic_filebuf/seekoff/char/1-in.cc execution test
FAIL: 27_io/basic_filebuf/seekoff/char/1-io.cc execution test
FAIL: 27_io/basic_filebuf/seekoff/char/1-out.cc execution test
FAIL: 27_io/basic_filebuf/seekoff/char/11543.cc execution test
FAIL: 27_io/basic_filebuf/seekoff/char/2-in.cc execution test
FAIL: 27_io/basic_filebuf/seekoff/char/2-io.cc execution test
FAIL: 27_io/basic_filebuf/seekoff/char/2-out.cc execution test
FAIL: 27_io/basic_filebuf/seekoff/char/3-in.cc execution test
FAIL: 27_io/basic_filebuf/seekoff/char/3-io.cc execution test
FAIL: 27_io/basic_filebuf/seekoff/char/3-out.cc execution test
FAIL: 27_io/basic_filebuf/seekoff/wchar_t/11543.cc execution test
FAIL: 27_io/basic_filebuf/seekoff/wchar_t/9875_seekoff.cc execution test
FAIL: 27_io/basic_filebuf/seekpos/12790-1.cc execution test
FAIL: 27_io/basic_filebuf/seekpos/12790-2.cc execution test
FAIL: 27_io/basic_filebuf/seekpos/12790-3.cc execution test
FAIL: 27_io/basic_filebuf/seekpos/char/1-in.cc execution test
FAIL: 27_io/basic_filebuf/seekpos/char/1-io.cc execution test
FAIL: 27_io/basic_filebuf/seekpos/char/1-out.cc execution test
FAIL: 27_io/basic_filebuf/seekpos/char/2-in.cc execution test
FAIL: 27_io/basic_filebuf/seekpos/char/2-io.cc execution test
FAIL: 27_io/basic_filebuf/seekpos/char/2-out.cc execution test
FAIL: 27_io/basic_filebuf/seekpos/char/3-in.cc execution test
FAIL: 27_io/basic_filebuf/seekpos/char/3-io.cc execution test
FAIL: 27_io/basic_filebuf/seekpos/char/3-out.cc execution test
FAIL: 27_io/basic_filebuf/seekpos/wchar_t/9875_seekpos.cc execution test
FAIL: 27_io/basic_filebuf/sputbackc/char/1-in.cc execution test
FAIL: 27_io/basic_filebuf/sputbackc/char/1-io.cc execution test
FAIL: 27_io/basic_filebuf/sputbackc/char/2-in.cc execution test
FAIL: 27_io/basic_filebuf/sputbackc/char/2-io.cc execution test
FAIL: 27_io/basic_filebuf/sungetc/char/1-in.cc execution test
FAIL: 27_io/basic_filebuf/sungetc/char/1-io.cc execution test
FAIL: 27_io/basic_filebuf/sungetc/char/2-in.cc execution test
FAIL: 27_io/basic_filebuf/sungetc/char/2-io.cc execution test
FAIL: 27_io/basic_istream/extractors_arithmetic/char/12.cc execution test
FAIL: 27_io/basic_istream/seekg/char/2346-fstream.cc execution test
FAIL: 27_io/basic_istream/seekg/char/fstream.cc execution test
FAIL: 27_io/basic_istream/tellg/char/1.cc execution test
FAIL: 27_io/basic_istream/tellg/char/fstream.cc execution test
FAIL: 27_io/basic_ostream/tellp/char/1.cc execution test
FAIL: 27_io/basic_streambuf/in_avail/char/9701-3.cc execution test
FAIL: 27_io/basic_streambuf/in_avail/wchar_t/9701-3.cc execution test
WARNING: program timed out.
FAIL: ext/mt_allocator/check_new.cc execution test
WARNING: program timed out.
FAIL: ext/mt_allocator/tune-1.cc execution test
WARNING: program timed out.
FAIL: ext/mt_allocator/tune-3.cc execution test
WARNING: program timed out.
FAIL: ext/mt_allocator/tune-4.cc execution test

                === libstdc++ Summary ===

# of expected passes            2816
# of unexpected failures        63
# of unexpected successes       1
# of expected failures          5
# of unsupported tests          9

Compiler version: 4.0.0 20040919 (experimental)
Platform: i686-apple-darwin7.2.1
configure flags: --prefix=/tmp/gcc --enable-languages=c,c++,java,objc



More information about the Gcc-testresults mailing list