Results for 3.3.5 20040918 (prerelease) testsuite on sparc-sun-solaris2.8
Joe Buck
Joe.Buck@synopsys.com
Tue Sep 21 13:11:00 GMT 2004
System: 8-way 336 MHz SUNW,UltraSPARC-II
GNU as and GNU ld used (2.13.1)
gcc 2.95.2 used for bootstrapping
All languages were tested.
LAST_UPDATED:
Native configuration is sparc-sun-solaris2.8
=== g++ tests ===
Running target unix
XPASS: g++.dg/special/conpr-2.C conpr-2a.o execution test
XPASS: g++.dg/special/initp1.C execution test
=== g++ Summary for unix ===
# of expected passes 8184
# of unexpected successes 2
# of expected failures 99
# of untested testcases 21
# of unsupported tests 28
Running target unix/-m64
XPASS: g++.dg/special/conpr-2.C conpr-2a.o execution test
XPASS: g++.dg/special/initp1.C execution test
=== g++ Summary for unix/-m64 ===
# of expected passes 8183
# of unexpected successes 2
# of expected failures 100
# of untested testcases 21
# of unsupported tests 28
=== g++ Summary ===
# of expected passes 16367
# of unexpected successes 4
# of expected failures 199
# of untested testcases 42
# of unsupported tests 56
/remote/atg2/jbuck/solaris.tmp/3.3.5-pre/gcc/testsuite/../g++ version 3.3.5 20040918 (prerelease)
=== g77 tests ===
Running target unix
=== g77 Summary for unix ===
# of expected passes 1720
# of unsupported tests 8
Running target unix/-m64
=== g77 Summary for unix/-m64 ===
# of expected passes 1720
# of unsupported tests 8
=== g77 Summary ===
# of expected passes 3440
# of unsupported tests 16
/remote/atg2/jbuck/solaris.tmp/3.3.5-pre/gcc/testsuite/../g77 version 3.3.5 20040918 (prerelease)
=== gcc tests ===
Running target unix
WARNING: program timed out.
FAIL: gcc.c-torture/compile/20001226-1.c, -O3 -g
WARNING: gcc.dg/20021014-1.c compilation failed to produce executable
FAIL: gcc.dg/duff-2.c (test for excess errors)
=== gcc Summary for unix ===
# of expected passes 21194
# of unexpected failures 2
# of expected failures 67
# of unsupported tests 182
Running target unix/-m64
WARNING: program timed out.
FAIL: gcc.c-torture/compile/20001226-1.c, -O3 -g
WARNING: gcc.dg/20021014-1.c compilation failed to produce executable
FAIL: gcc.dg/duff-2.c (test for excess errors)
FAIL: gcc.dg/special/gcsec-1.c -ffunction-sections -fdata-sections -Wl,--gc-sections -static (test for excess errors)
WARNING: gcc.dg/special/gcsec-1.c -ffunction-sections -fdata-sections -Wl,--gc-sections -static compilation failed to produce executable
=== gcc Summary for unix/-m64 ===
# of expected passes 21180
# of unexpected failures 3
# of expected failures 77
# of unsupported tests 182
=== gcc Summary ===
# of expected passes 42374
# of unexpected failures 5
# of expected failures 144
# of unsupported tests 364
/remote/atg2/jbuck/solaris.tmp/3.3.5-pre/gcc/xgcc version 3.3.5 20040918 (prerelease)
=== objc tests ===
Running target unix
=== objc Summary for unix ===
# of expected passes 1166
Running target unix/-m64
=== objc Summary for unix/-m64 ===
# of expected passes 1166
=== objc Summary ===
# of expected passes 2332
/remote/atg2/jbuck/solaris.tmp/3.3.5-pre/gcc/xgcc version 3.3.5 20040918 (prerelease)
=== libjava tests ===
Running target unix
FAIL: Array_3 execution - gij test
FAIL: Array_3 execution - gij test
FAIL: FileHandleGcTest execution - source compiled test
FAIL: FileHandleGcTest execution - gij test
FAIL: FileHandleGcTest execution - bytecode->native test
FAIL: FileHandleGcTest -O execution - source compiled test
FAIL: FileHandleGcTest execution - gij test
FAIL: FileHandleGcTest -O execution - bytecode->native test
WARNING: program timed out.
FAIL: SyncTest execution - gij test
WARNING: program timed out.
FAIL: SyncTest execution - bytecode->native test
FAIL: SyncTest execution - gij test
WARNING: program timed out.
FAIL: SyncTest -O execution - bytecode->native test
FAIL: TLtest execution - gij test
FAIL: TLtest execution - gij test
FAIL: Thread_Join execution - gij test
FAIL: Thread_Monitor execution - gij test
FAIL: Thread_Wait_2 execution - gij test
FAIL: Thread_Wait_Interrupt execution - gij test
FAIL: Thread_Wait_Interrupt execution - gij test
FAIL: Throw_2 execution - source compiled test
FAIL: Throw_2 execution - gij test
FAIL: Throw_2 execution - bytecode->native test
FAIL: Throw_2 -O execution - source compiled test
FAIL: Throw_2 execution - gij test
FAIL: Throw_2 -O execution - bytecode->native test
=== libjava Summary for unix ===
# of expected passes 2941
# of unexpected failures 25
# of expected failures 16
# of untested testcases 37
Running target unix/-m64
FAIL: Array_3 execution - gij test
FAIL: Array_3 execution - gij test
FAIL: FileHandleGcTest execution - source compiled test
FAIL: FileHandleGcTest execution - gij test
FAIL: FileHandleGcTest execution - bytecode->native test
FAIL: FileHandleGcTest -O execution - source compiled test
FAIL: FileHandleGcTest execution - gij test
FAIL: FileHandleGcTest -O execution - bytecode->native test
WARNING: program timed out.
FAIL: SyncTest execution - gij test
WARNING: program timed out.
FAIL: SyncTest execution - bytecode->native test
WARNING: program timed out.
FAIL: SyncTest execution - gij test
WARNING: program timed out.
FAIL: SyncTest -O execution - bytecode->native test
FAIL: Thread_Join execution - gij test
FAIL: Thread_Join execution - gij test
WARNING: program timed out.
FAIL: Thread_Wait_Interrupt execution - gij test
FAIL: Thread_Wait_Interrupt execution - gij test
=== libjava Summary for unix/-m64 ===
# of expected passes 2959
# of unexpected failures 16
# of expected failures 16
# of untested testcases 28
=== libjava Summary ===
# of expected passes 5900
# of unexpected failures 41
# of expected failures 32
# of untested testcases 65
=== libstdc++-v3 tests ===
Running target unix
=== libstdc++-v3 Summary for unix ===
# of expected passes 429
# of expected failures 18
Running target unix/-m64
=== libstdc++-v3 Summary for unix/-m64 ===
# of expected passes 429
# of expected failures 18
=== libstdc++-v3 Summary ===
# of expected passes 858
# of expected failures 36
Compiler version: 3.3.5 20040918 (prerelease)
Platform: sparc-sun-solaris2.8
configure flags: --host=sparc-sun-solaris2.8 --prefix=/u/jbuck/cvs.sol2/3.3.5-pre --with-gnu-as --with-as=/u/jbuck/gnu.sol2/bin/as --with-gnu-ld --with-ld=/u/jbuck/gnu.sol2/bin/ld
More information about the Gcc-testresults
mailing list