Results for 4.0.0 20040920 (experimental) testsuite on s390x-ibm-linux-gnu
Ulrich Weigand
weigand@i1.informatik.uni-erlangen.de
Mon Sep 20 21:01:00 GMT 2004
LAST_UPDATED:
Native configuration is s390x-ibm-linux-gnu
=== g++ tests ===
Running target unix
FAIL: g++.dg/abi/empty6.C (test for warnings, line 6)
WARNING: program timed out.
FAIL: g++.dg/parse/stack1.C (test for excess errors)
XPASS: g++.dg/rtti/tinfo1.C scan-assembler _ZTIP9CTemplateIhE:
XPASS: g++.dg/rtti/tinfo1.C scan-assembler-not .globl[ \\t]+_ZTIP9CTemplateIhE
XPASS: g++.dg/rtti/tinfo1.C scan-assembler-not .section[^\\n\\r]*_ZTIP9CTemplateIhE[^\\n\\r]*
FAIL: 102:is -:should be 1
FAIL: g++.dg/gcov/gcov-1.C gcov: 1 failures in line counts, 0 in branch percentages, 0 in return percentages
WARNING: g++.old-deja/g++.mike/p10769a.C compilation failed to produce executable
WARNING: g++.old-deja/g++.other/enum5.C compilation failed to produce executable
XPASS: g++.old-deja/g++.other/init5.C execution test
WARNING: g++.old-deja/g++.pt/friend44.C compilation failed to produce executable
=== g++ Summary ===
# of expected passes 10134
# of unexpected failures 4
# of unexpected successes 4
# of expected failures 78
# of unsupported tests 84
/mnt/dasdc1/fsf/gcc-head-build/gcc/testsuite/../g++ version 4.0.0 20040920 (experimental)
=== gcc tests ===
Running target unix
FAIL: gcc.c-torture/execute/builtins/strpcpy.c execution, -O2
FAIL: gcc.c-torture/execute/builtins/strpcpy.c execution, -O3 -fomit-frame-pointer
FAIL: gcc.c-torture/execute/builtins/strpcpy.c execution, -O3 -g
FAIL: gcc.c-torture/execute/builtins/strpcpy.c execution, -Os
FAIL: gcc.c-torture/execute/builtins/strpcpy.c execution, -O2
FAIL: gcc.c-torture/execute/builtins/strpcpy.c execution, -O3 -fomit-frame-pointer
FAIL: gcc.c-torture/execute/builtins/strpcpy.c execution, -O3 -g
FAIL: gcc.c-torture/execute/builtins/strpcpy.c execution, -Os
FAIL: gcc.c-torture/execute/loop-14.c execution, -Os
FAIL: gcc.dg/debug/dwarf2/dwarf-die7.c scan-assembler 1.*DW_AT_inline
FAIL: gcc.dg/debug/dwarf2/dwarf-die7.c scan-assembler 1.*DW_AT_inline
FAIL: gcc.dg/20030123-1.c (test for excess errors)
FAIL: gcc.dg/20040813-1.c scan-assembler .stabs*100,0,2
FAIL: gcc.dg/c90-const-expr-3.c (test for excess errors)
WARNING: program timed out.
FAIL: gcc.dg/c99-const-expr-3.c (test for excess errors)
WARNING: program timed out.
FAIL: gcc.dg/c99-intconst-1.c (test for excess errors)
XPASS: gcc.dg/tree-ssa/20040204-1.c scan-tree-dump-times link_error 0
FAIL: gcc.dg/tree-ssa/ifc-20040816-2.c scan-tree-dump-times Applying if-conversion 1
FAIL: gcc.dg/tree-ssa/loop-2.c scan-tree-dump-times arr_base.*= 0
FAIL: gcc.dg/tree-ssa/loop-2.c scan-tree-dump-times 1700 1
FAIL: gcc.dg/tree-ssa/loop-2.c scan-tree-dump-times iter 0
FAIL: gcc.dg/tree-ssa/loop-4.c scan-tree-dump-times arr_base.*= 0
FAIL: gcc.dg/tree-ssa/loop-4.c scan-tree-dump-times iter 0
FAIL: gcc.misc-tests/bprob-1.c compilation, -O1 -ftree-based-profiling -fbranch-probabilities
UNRESOLVED: gcc.misc-tests/bprob-1.c execution, -O1 -ftree-based-profiling -fbranch-probabilities
FAIL: gcc.misc-tests/bprob-2.c compilation, -g -ftree-based-profiling -fprofile-arcs
UNRESOLVED: gcc.misc-tests/bprob-2.c execution, -g -ftree-based-profiling -fprofile-arcs
UNRESOLVED: gcc.misc-tests/bprob-2.c compilation, -g -ftree-based-profiling -fbranch-probabilities
UNRESOLVED: gcc.misc-tests/bprob-2.c execution, -g -ftree-based-profiling -fbranch-probabilities
FAIL: gcc.misc-tests/bprob-2.c compilation, -O0 -ftree-based-profiling -fprofile-arcs
UNRESOLVED: gcc.misc-tests/bprob-2.c execution, -O0 -ftree-based-profiling -fprofile-arcs
UNRESOLVED: gcc.misc-tests/bprob-2.c compilation, -O0 -ftree-based-profiling -fbranch-probabilities
UNRESOLVED: gcc.misc-tests/bprob-2.c execution, -O0 -ftree-based-profiling -fbranch-probabilities
FAIL: gcc.misc-tests/bprob-2.c compilation, -O1 -ftree-based-profiling -fprofile-arcs
UNRESOLVED: gcc.misc-tests/bprob-2.c execution, -O1 -ftree-based-profiling -fprofile-arcs
UNRESOLVED: gcc.misc-tests/bprob-2.c compilation, -O1 -ftree-based-profiling -fbranch-probabilities
UNRESOLVED: gcc.misc-tests/bprob-2.c execution, -O1 -ftree-based-profiling -fbranch-probabilities
FAIL: gcc.misc-tests/bprob-2.c compilation, -O2 -DPERFTIME -ftree-based-profiling -fprofile-arcs
UNRESOLVED: gcc.misc-tests/bprob-2.c execution, -O2 -DPERFTIME -ftree-based-profiling -fprofile-arcs
UNRESOLVED: gcc.misc-tests/bprob-2.c compilation, -O2 -DPERFTIME -ftree-based-profiling -fbranch-probabilities
UNRESOLVED: gcc.misc-tests/bprob-2.c execution, -O2 -DPERFTIME -ftree-based-profiling -fbranch-probabilities
FAIL: gcc.misc-tests/bprob-2.c compilation, -O3 -DPERFTIME -ftree-based-profiling -fprofile-arcs
UNRESOLVED: gcc.misc-tests/bprob-2.c execution, -O3 -DPERFTIME -ftree-based-profiling -fprofile-arcs
UNRESOLVED: gcc.misc-tests/bprob-2.c compilation, -O3 -DPERFTIME -ftree-based-profiling -fbranch-probabilities
UNRESOLVED: gcc.misc-tests/bprob-2.c execution, -O3 -DPERFTIME -ftree-based-profiling -fbranch-probabilities
FAIL: gcc.misc-tests/bprob-2.c compilation, -O3 -g -DPERFTIME -ftree-based-profiling -fprofile-arcs
UNRESOLVED: gcc.misc-tests/bprob-2.c execution, -O3 -g -DPERFTIME -ftree-based-profiling -fprofile-arcs
UNRESOLVED: gcc.misc-tests/bprob-2.c compilation, -O3 -g -DPERFTIME -ftree-based-profiling -fbranch-probabilities
UNRESOLVED: gcc.misc-tests/bprob-2.c execution, -O3 -g -DPERFTIME -ftree-based-profiling -fbranch-probabilities
FAIL: gcc.misc-tests/bprob-2.c compilation, -Os -ftree-based-profiling -fprofile-arcs
UNRESOLVED: gcc.misc-tests/bprob-2.c execution, -Os -ftree-based-profiling -fprofile-arcs
UNRESOLVED: gcc.misc-tests/bprob-2.c compilation, -Os -ftree-based-profiling -fbranch-probabilities
UNRESOLVED: gcc.misc-tests/bprob-2.c execution, -Os -ftree-based-profiling -fbranch-probabilities
FAIL: 96:is -:should be 1
FAIL: gcc.misc-tests/gcov-4.c gcov: 1 failures in line counts, 0 in branch percentages, 0 in return percentages
=== gcc Summary ===
# of expected passes 31381
# of unexpected failures 32
# of unexpected successes 1
# of expected failures 65
# of unresolved testcases 22
# of untested testcases 28
# of unsupported tests 498
/mnt/dasdc1/fsf/gcc-head-build/gcc/xgcc version 4.0.0 20040920 (experimental)
=== gfortran tests ===
Running target unix
FAIL: gfortran.dg/der_array_1.f90 execution test
FAIL: gfortran.dg/der_array_1.f90 execution test
FAIL: gfortran.dg/der_array_1.f90 execution test
FAIL: gfortran.dg/der_array_1.f90 execution test
FAIL: gfortran.dg/der_array_1.f90 execution test
FAIL: gfortran.dg/der_array_1.f90 execution test
FAIL: gfortran.dg/der_array_1.f90 execution test
FAIL: gfortran.dg/der_array_1.f90 execution test
FAIL: gfortran.dg/func_derived_1.f90 execution test
FAIL: gfortran.dg/func_derived_1.f90 execution test
FAIL: gfortran.dg/func_derived_1.f90 execution test
FAIL: gfortran.dg/func_derived_1.f90 execution test
FAIL: gfortran.dg/func_derived_1.f90 execution test
FAIL: gfortran.dg/func_derived_1.f90 execution test
FAIL: gfortran.dg/func_derived_1.f90 execution test
FAIL: gfortran.dg/func_derived_1.f90 execution test
XPASS: gfortran.dg/ret_pointer_1.f90 execution test
XPASS: gfortran.dg/ret_pointer_1.f90 execution test
XPASS: gfortran.dg/ret_pointer_1.f90 execution test
XPASS: gfortran.dg/ret_pointer_1.f90 execution test
XPASS: gfortran.dg/ret_pointer_1.f90 execution test
XPASS: gfortran.dg/ret_pointer_1.f90 execution test
XPASS: gfortran.dg/ret_pointer_1.f90 execution test
XPASS: gfortran.dg/ret_pointer_1.f90 execution test
FAIL: gfortran.fortran-torture/execute/contained_3.f90 compilation, -O2
FAIL: gfortran.fortran-torture/execute/contained_3.f90 compilation, -O3 -fomit-frame-pointer
FAIL: gfortran.fortran-torture/execute/contained_3.f90 compilation, -O3 -fomit-frame-pointer -funroll-loops
FAIL: gfortran.fortran-torture/execute/contained_3.f90 compilation, -O3 -fomit-frame-pointer -funroll-all-loops -finline-functions
FAIL: gfortran.fortran-torture/execute/contained_3.f90 compilation, -O3 -g
FAIL: gfortran.fortran-torture/execute/contained_3.f90 compilation, -Os
FAIL: gfortran.fortran-torture/execute/direct_io.f90 execution, -O0
FAIL: gfortran.fortran-torture/execute/direct_io.f90 execution, -O1
FAIL: gfortran.fortran-torture/execute/direct_io.f90 execution, -O2
FAIL: gfortran.fortran-torture/execute/direct_io.f90 execution, -O3 -fomit-frame-pointer
FAIL: gfortran.fortran-torture/execute/direct_io.f90 execution, -O3 -fomit-frame-pointer -funroll-loops
FAIL: gfortran.fortran-torture/execute/direct_io.f90 execution, -O3 -fomit-frame-pointer -funroll-all-loops -finline-functions
FAIL: gfortran.fortran-torture/execute/direct_io.f90 execution, -O3 -g
FAIL: gfortran.fortran-torture/execute/direct_io.f90 execution, -Os
FAIL: gfortran.fortran-torture/execute/forall_3.f90 execution, -O1
FAIL: gfortran.fortran-torture/execute/inquire_3.f90 execution, -O0
FAIL: gfortran.fortran-torture/execute/inquire_3.f90 execution, -O1
FAIL: gfortran.fortran-torture/execute/inquire_3.f90 execution, -O2
FAIL: gfortran.fortran-torture/execute/inquire_3.f90 execution, -O3 -fomit-frame-pointer
FAIL: gfortran.fortran-torture/execute/inquire_3.f90 execution, -O3 -fomit-frame-pointer -funroll-loops
FAIL: gfortran.fortran-torture/execute/inquire_3.f90 execution, -O3 -fomit-frame-pointer -funroll-all-loops -finline-functions
FAIL: gfortran.fortran-torture/execute/inquire_3.f90 execution, -O3 -g
FAIL: gfortran.fortran-torture/execute/inquire_3.f90 execution, -Os
FAIL: gfortran.fortran-torture/execute/inquire_4.f90 execution, -O0
FAIL: gfortran.fortran-torture/execute/inquire_4.f90 execution, -O1
FAIL: gfortran.fortran-torture/execute/inquire_4.f90 execution, -O2
FAIL: gfortran.fortran-torture/execute/inquire_4.f90 execution, -O3 -fomit-frame-pointer
FAIL: gfortran.fortran-torture/execute/inquire_4.f90 execution, -O3 -fomit-frame-pointer -funroll-loops
FAIL: gfortran.fortran-torture/execute/inquire_4.f90 execution, -O3 -fomit-frame-pointer -funroll-all-loops -finline-functions
FAIL: gfortran.fortran-torture/execute/inquire_4.f90 execution, -O3 -g
FAIL: gfortran.fortran-torture/execute/inquire_4.f90 execution, -Os
FAIL: gfortran.fortran-torture/execute/st_function.f90 compilation, -O2
FAIL: gfortran.fortran-torture/execute/st_function.f90 compilation, -O3 -fomit-frame-pointer
FAIL: gfortran.fortran-torture/execute/st_function.f90 compilation, -O3 -fomit-frame-pointer -funroll-loops
FAIL: gfortran.fortran-torture/execute/st_function.f90 compilation, -O3 -fomit-frame-pointer -funroll-all-loops -finline-functions
FAIL: gfortran.fortran-torture/execute/st_function.f90 compilation, -O3 -g
FAIL: gfortran.fortran-torture/execute/st_function.f90 compilation, -Os
=== gfortran Summary ===
# of expected passes 4371
# of unexpected failures 53
# of unexpected successes 8
# of expected failures 27
# of untested testcases 12
# of unsupported tests 8
/mnt/dasdc1/fsf/gcc-head-build/gcc/testsuite/../gfortran version 4.0.0 20040920 (experimental)
=== objc tests ===
Running target unix
FAIL: objc/execute/IMP.m execution, -O0
FAIL: objc/execute/IMP.m execution, -O1
FAIL: objc/execute/IMP.m execution, -O2
FAIL: objc/execute/IMP.m execution, -O3 -fomit-frame-pointer
FAIL: objc/execute/IMP.m execution, -O3 -g
FAIL: objc/execute/IMP.m execution, -Os
FAIL: objc/execute/_cmd.m execution, -O0
FAIL: objc/execute/_cmd.m execution, -O1
FAIL: objc/execute/_cmd.m execution, -O2
FAIL: objc/execute/_cmd.m execution, -O3 -fomit-frame-pointer
FAIL: objc/execute/_cmd.m execution, -O3 -g
FAIL: objc/execute/_cmd.m execution, -Os
FAIL: objc/execute/accessing_ivars.m execution, -O0
FAIL: objc/execute/accessing_ivars.m execution, -O1
FAIL: objc/execute/accessing_ivars.m execution, -O2
FAIL: objc/execute/accessing_ivars.m execution, -O3 -fomit-frame-pointer
FAIL: objc/execute/accessing_ivars.m execution, -O3 -g
FAIL: objc/execute/accessing_ivars.m execution, -Os
FAIL: objc/execute/bf-1.m execution, -O0
FAIL: objc/execute/bf-1.m execution, -O1
FAIL: objc/execute/bf-1.m execution, -O2
FAIL: objc/execute/bf-1.m execution, -O3 -fomit-frame-pointer
FAIL: objc/execute/bf-1.m execution, -O3 -g
FAIL: objc/execute/bf-1.m execution, -Os
FAIL: objc/execute/bf-10.m execution, -O0
FAIL: objc/execute/bf-10.m execution, -O1
FAIL: objc/execute/bf-10.m execution, -O2
FAIL: objc/execute/bf-10.m execution, -O3 -fomit-frame-pointer
FAIL: objc/execute/bf-10.m execution, -O3 -g
FAIL: objc/execute/bf-10.m execution, -Os
FAIL: objc/execute/bf-11.m execution, -O0
FAIL: objc/execute/bf-11.m execution, -O1
FAIL: objc/execute/bf-11.m execution, -O2
FAIL: objc/execute/bf-11.m execution, -O3 -fomit-frame-pointer
FAIL: objc/execute/bf-11.m execution, -O3 -g
FAIL: objc/execute/bf-11.m execution, -Os
FAIL: objc/execute/bf-12.m execution, -O0
FAIL: objc/execute/bf-12.m execution, -O1
FAIL: objc/execute/bf-12.m execution, -O2
FAIL: objc/execute/bf-12.m execution, -O3 -fomit-frame-pointer
FAIL: objc/execute/bf-12.m execution, -O3 -g
FAIL: objc/execute/bf-12.m execution, -Os
FAIL: objc/execute/bf-13.m execution, -O0
FAIL: objc/execute/bf-13.m execution, -O1
FAIL: objc/execute/bf-13.m execution, -O2
FAIL: objc/execute/bf-13.m execution, -O3 -fomit-frame-pointer
FAIL: objc/execute/bf-13.m execution, -O3 -g
FAIL: objc/execute/bf-13.m execution, -Os
FAIL: objc/execute/bf-14.m execution, -O0
FAIL: objc/execute/bf-14.m execution, -O1
FAIL: objc/execute/bf-14.m execution, -O2
FAIL: objc/execute/bf-14.m execution, -O3 -fomit-frame-pointer
FAIL: objc/execute/bf-14.m execution, -O3 -g
FAIL: objc/execute/bf-14.m execution, -Os
FAIL: objc/execute/bf-15.m execution, -O0
FAIL: objc/execute/bf-15.m execution, -O1
FAIL: objc/execute/bf-15.m execution, -O2
FAIL: objc/execute/bf-15.m execution, -O3 -fomit-frame-pointer
FAIL: objc/execute/bf-15.m execution, -O3 -g
FAIL: objc/execute/bf-15.m execution, -Os
FAIL: objc/execute/bf-16.m execution, -O0
FAIL: objc/execute/bf-16.m execution, -O1
FAIL: objc/execute/bf-16.m execution, -O2
FAIL: objc/execute/bf-16.m execution, -O3 -fomit-frame-pointer
FAIL: objc/execute/bf-16.m execution, -O3 -g
FAIL: objc/execute/bf-16.m execution, -Os
FAIL: objc/execute/bf-17.m execution, -O0
FAIL: objc/execute/bf-17.m execution, -O1
FAIL: objc/execute/bf-17.m execution, -O2
FAIL: objc/execute/bf-17.m execution, -O3 -fomit-frame-pointer
FAIL: objc/execute/bf-17.m execution, -O3 -g
FAIL: objc/execute/bf-17.m execution, -Os
FAIL: objc/execute/bf-18.m execution, -O0
FAIL: objc/execute/bf-18.m execution, -O1
FAIL: objc/execute/bf-18.m execution, -O2
FAIL: objc/execute/bf-18.m execution, -O3 -fomit-frame-pointer
FAIL: objc/execute/bf-18.m execution, -O3 -g
FAIL: objc/execute/bf-18.m execution, -Os
FAIL: objc/execute/bf-19.m execution, -O0
FAIL: objc/execute/bf-19.m execution, -O1
FAIL: objc/execute/bf-19.m execution, -O2
FAIL: objc/execute/bf-19.m execution, -O3 -fomit-frame-pointer
FAIL: objc/execute/bf-19.m execution, -O3 -g
FAIL: objc/execute/bf-19.m execution, -Os
FAIL: objc/execute/bf-2.m execution, -O0
FAIL: objc/execute/bf-2.m execution, -O1
FAIL: objc/execute/bf-2.m execution, -O2
FAIL: objc/execute/bf-2.m execution, -O3 -fomit-frame-pointer
FAIL: objc/execute/bf-2.m execution, -O3 -g
FAIL: objc/execute/bf-2.m execution, -Os
FAIL: objc/execute/bf-20.m execution, -O0
FAIL: objc/execute/bf-20.m execution, -O1
FAIL: objc/execute/bf-20.m execution, -O2
FAIL: objc/execute/bf-20.m execution, -O3 -fomit-frame-pointer
FAIL: objc/execute/bf-20.m execution, -O3 -g
FAIL: objc/execute/bf-20.m execution, -Os
FAIL: objc/execute/bf-21.m execution, -O0
FAIL: objc/execute/bf-21.m execution, -O1
FAIL: objc/execute/bf-21.m execution, -O2
FAIL: objc/execute/bf-21.m execution, -O3 -fomit-frame-pointer
FAIL: objc/execute/bf-21.m execution, -O3 -g
FAIL: objc/execute/bf-21.m execution, -Os
FAIL: objc/execute/bf-3.m execution, -O0
FAIL: objc/execute/bf-3.m execution, -O1
FAIL: objc/execute/bf-3.m execution, -O2
FAIL: objc/execute/bf-3.m execution, -O3 -fomit-frame-pointer
FAIL: objc/execute/bf-3.m execution, -O3 -g
FAIL: objc/execute/bf-3.m execution, -Os
FAIL: objc/execute/bf-4.m execution, -O0
FAIL: objc/execute/bf-4.m execution, -O1
FAIL: objc/execute/bf-4.m execution, -O2
FAIL: objc/execute/bf-4.m execution, -O3 -fomit-frame-pointer
FAIL: objc/execute/bf-4.m execution, -O3 -g
FAIL: objc/execute/bf-4.m execution, -Os
FAIL: objc/execute/bf-5.m execution, -O0
FAIL: objc/execute/bf-5.m execution, -O1
FAIL: objc/execute/bf-5.m execution, -O2
FAIL: objc/execute/bf-5.m execution, -O3 -fomit-frame-pointer
FAIL: objc/execute/bf-5.m execution, -O3 -g
FAIL: objc/execute/bf-5.m execution, -Os
FAIL: objc/execute/bf-6.m execution, -O0
FAIL: objc/execute/bf-6.m execution, -O1
FAIL: objc/execute/bf-6.m execution, -O2
FAIL: objc/execute/bf-6.m execution, -O3 -fomit-frame-pointer
FAIL: objc/execute/bf-6.m execution, -O3 -g
FAIL: objc/execute/bf-6.m execution, -Os
FAIL: objc/execute/bf-7.m execution, -O0
FAIL: objc/execute/bf-7.m execution, -O1
FAIL: objc/execute/bf-7.m execution, -O2
FAIL: objc/execute/bf-7.m execution, -O3 -fomit-frame-pointer
FAIL: objc/execute/bf-7.m execution, -O3 -g
FAIL: objc/execute/bf-7.m execution, -Os
FAIL: objc/execute/bf-8.m execution, -O0
FAIL: objc/execute/bf-8.m execution, -O1
FAIL: objc/execute/bf-8.m execution, -O2
FAIL: objc/execute/bf-8.m execution, -O3 -fomit-frame-pointer
FAIL: objc/execute/bf-8.m execution, -O3 -g
FAIL: objc/execute/bf-8.m execution, -Os
FAIL: objc/execute/bf-9.m execution, -O0
FAIL: objc/execute/bf-9.m execution, -O1
FAIL: objc/execute/bf-9.m execution, -O2
FAIL: objc/execute/bf-9.m execution, -O3 -fomit-frame-pointer
FAIL: objc/execute/bf-9.m execution, -O3 -g
FAIL: objc/execute/bf-9.m execution, -Os
FAIL: objc/execute/bycopy-1.m execution, -O0
FAIL: objc/execute/bycopy-1.m execution, -O1
FAIL: objc/execute/bycopy-1.m execution, -O2
FAIL: objc/execute/bycopy-1.m execution, -O3 -fomit-frame-pointer
FAIL: objc/execute/bycopy-1.m execution, -O3 -g
FAIL: objc/execute/bycopy-1.m execution, -Os
FAIL: objc/execute/bycopy-2.m execution, -O0
FAIL: objc/execute/bycopy-2.m execution, -O1
FAIL: objc/execute/bycopy-2.m execution, -O2
FAIL: objc/execute/bycopy-2.m execution, -O3 -fomit-frame-pointer
FAIL: objc/execute/bycopy-2.m execution, -O3 -g
FAIL: objc/execute/bycopy-2.m execution, -Os
FAIL: objc/execute/bycopy-3.m execution, -O0
FAIL: objc/execute/bycopy-3.m execution, -O1
FAIL: objc/execute/bycopy-3.m execution, -O2
FAIL: objc/execute/bycopy-3.m execution, -O3 -fomit-frame-pointer
FAIL: objc/execute/bycopy-3.m execution, -O3 -g
FAIL: objc/execute/bycopy-3.m execution, -Os
FAIL: objc/execute/cascading-1.m execution, -O0
FAIL: objc/execute/cascading-1.m execution, -O1
FAIL: objc/execute/cascading-1.m execution, -O2
FAIL: objc/execute/cascading-1.m execution, -O3 -fomit-frame-pointer
FAIL: objc/execute/cascading-1.m execution, -O3 -g
FAIL: objc/execute/cascading-1.m execution, -Os
FAIL: objc/execute/class-1.m execution, -O0
FAIL: objc/execute/class-1.m execution, -O1
FAIL: objc/execute/class-1.m execution, -O2
FAIL: objc/execute/class-1.m execution, -O3 -fomit-frame-pointer
FAIL: objc/execute/class-1.m execution, -O3 -g
FAIL: objc/execute/class-1.m execution, -Os
FAIL: objc/execute/class-10.m execution, -O0
FAIL: objc/execute/class-10.m execution, -O1
FAIL: objc/execute/class-10.m execution, -O2
FAIL: objc/execute/class-10.m execution, -O3 -fomit-frame-pointer
FAIL: objc/execute/class-10.m execution, -O3 -g
FAIL: objc/execute/class-10.m execution, -Os
FAIL: objc/execute/class-11.m execution, -O0
FAIL: objc/execute/class-11.m execution, -O1
FAIL: objc/execute/class-11.m execution, -O2
FAIL: objc/execute/class-11.m execution, -O3 -fomit-frame-pointer
FAIL: objc/execute/class-11.m execution, -O3 -g
FAIL: objc/execute/class-11.m execution, -Os
FAIL: objc/execute/class-12.m execution, -O0
FAIL: objc/execute/class-12.m execution, -O1
FAIL: objc/execute/class-12.m execution, -O2
FAIL: objc/execute/class-12.m execution, -O3 -fomit-frame-pointer
FAIL: objc/execute/class-12.m execution, -O3 -g
FAIL: objc/execute/class-12.m execution, -Os
FAIL: objc/execute/class-13.m execution, -O0
FAIL: objc/execute/class-13.m execution, -O1
FAIL: objc/execute/class-13.m execution, -O2
FAIL: objc/execute/class-13.m execution, -O3 -fomit-frame-pointer
FAIL: objc/execute/class-13.m execution, -O3 -g
FAIL: objc/execute/class-13.m execution, -Os
FAIL: objc/execute/class-14.m execution, -O0
FAIL: objc/execute/class-14.m execution, -O1
FAIL: objc/execute/class-14.m execution, -O2
FAIL: objc/execute/class-14.m execution, -O3 -fomit-frame-pointer
FAIL: objc/execute/class-14.m execution, -O3 -g
FAIL: objc/execute/class-14.m execution, -Os
FAIL: objc/execute/class-2.m execution, -O0
FAIL: objc/execute/class-2.m execution, -O1
FAIL: objc/execute/class-2.m execution, -O2
FAIL: objc/execute/class-2.m execution, -O3 -fomit-frame-pointer
FAIL: objc/execute/class-2.m execution, -O3 -g
FAIL: objc/execute/class-2.m execution, -Os
FAIL: objc/execute/class-3.m execution, -O0
FAIL: objc/execute/class-3.m execution, -O1
FAIL: objc/execute/class-3.m execution, -O2
FAIL: objc/execute/class-3.m execution, -O3 -fomit-frame-pointer
FAIL: objc/execute/class-3.m execution, -O3 -g
FAIL: objc/execute/class-3.m execution, -Os
FAIL: objc/execute/class-4.m execution, -O0
FAIL: objc/execute/class-4.m execution, -O1
FAIL: objc/execute/class-4.m execution, -O2
FAIL: objc/execute/class-4.m execution, -O3 -fomit-frame-pointer
FAIL: objc/execute/class-4.m execution, -O3 -g
FAIL: objc/execute/class-4.m execution, -Os
FAIL: objc/execute/class-5.m execution, -O0
FAIL: objc/execute/class-5.m execution, -O1
FAIL: objc/execute/class-5.m execution, -O2
FAIL: objc/execute/class-5.m execution, -O3 -fomit-frame-pointer
FAIL: objc/execute/class-5.m execution, -O3 -g
FAIL: objc/execute/class-5.m execution, -Os
FAIL: objc/execute/class-6.m execution, -O0
FAIL: objc/execute/class-6.m execution, -O1
FAIL: objc/execute/class-6.m execution, -O2
FAIL: objc/execute/class-6.m execution, -O3 -fomit-frame-pointer
FAIL: objc/execute/class-6.m execution, -O3 -g
FAIL: objc/execute/class-6.m execution, -Os
FAIL: objc/execute/class-7.m execution, -O0
FAIL: objc/execute/class-7.m execution, -O1
FAIL: objc/execute/class-7.m execution, -O2
FAIL: objc/execute/class-7.m execution, -O3 -fomit-frame-pointer
FAIL: objc/execute/class-7.m execution, -O3 -g
FAIL: objc/execute/class-7.m execution, -Os
FAIL: objc/execute/class-8.m execution, -O0
FAIL: objc/execute/class-8.m execution, -O1
FAIL: objc/execute/class-8.m execution, -O2
FAIL: objc/execute/class-8.m execution, -O3 -fomit-frame-pointer
FAIL: objc/execute/class-8.m execution, -O3 -g
FAIL: objc/execute/class-8.m execution, -Os
FAIL: objc/execute/class-9.m execution, -O0
FAIL: objc/execute/class-9.m execution, -O1
FAIL: objc/execute/class-9.m execution, -O2
FAIL: objc/execute/class-9.m execution, -O3 -fomit-frame-pointer
FAIL: objc/execute/class-9.m execution, -O3 -g
FAIL: objc/execute/class-9.m execution, -Os
FAIL: objc/execute/class_self-1.m execution, -O0
FAIL: objc/execute/class_self-1.m execution, -O1
FAIL: objc/execute/class_self-1.m execution, -O2
FAIL: objc/execute/class_self-1.m execution, -O3 -fomit-frame-pointer
FAIL: objc/execute/class_self-1.m execution, -O3 -g
FAIL: objc/execute/class_self-1.m execution, -Os
FAIL: objc/execute/class_self-2.m execution, -O0
FAIL: objc/execute/class_self-2.m execution, -O1
FAIL: objc/execute/class_self-2.m execution, -O2
FAIL: objc/execute/class_self-2.m execution, -O3 -fomit-frame-pointer
FAIL: objc/execute/class_self-2.m execution, -O3 -g
FAIL: objc/execute/class_self-2.m execution, -Os
FAIL: objc/execute/compatibility_alias.m execution, -O0
FAIL: objc/execute/compatibility_alias.m execution, -O1
FAIL: objc/execute/compatibility_alias.m execution, -O2
FAIL: objc/execute/compatibility_alias.m execution, -O3 -fomit-frame-pointer
FAIL: objc/execute/compatibility_alias.m execution, -O3 -g
FAIL: objc/execute/compatibility_alias.m execution, -Os
FAIL: objc/execute/encode-1.m execution, -O0
FAIL: objc/execute/encode-1.m execution, -O1
FAIL: objc/execute/encode-1.m execution, -O2
FAIL: objc/execute/encode-1.m execution, -O3 -fomit-frame-pointer
FAIL: objc/execute/encode-1.m execution, -O3 -g
FAIL: objc/execute/encode-1.m execution, -Os
FAIL: objc/execute/enumeration-1.m execution, -O0
FAIL: objc/execute/enumeration-1.m execution, -O1
FAIL: objc/execute/enumeration-1.m execution, -O2
FAIL: objc/execute/enumeration-1.m execution, -O3 -fomit-frame-pointer
FAIL: objc/execute/enumeration-1.m execution, -O3 -g
FAIL: objc/execute/enumeration-1.m execution, -Os
FAIL: objc/execute/enumeration-2.m execution, -O0
FAIL: objc/execute/enumeration-2.m execution, -O1
FAIL: objc/execute/enumeration-2.m execution, -O2
FAIL: objc/execute/enumeration-2.m execution, -O3 -fomit-frame-pointer
FAIL: objc/execute/enumeration-2.m execution, -O3 -g
FAIL: objc/execute/enumeration-2.m execution, -Os
FAIL: objc/execute/fdecl.m execution, -O0
FAIL: objc/execute/fdecl.m execution, -O1
FAIL: objc/execute/fdecl.m execution, -O2
FAIL: objc/execute/fdecl.m execution, -O3 -fomit-frame-pointer
FAIL: objc/execute/fdecl.m execution, -O3 -g
FAIL: objc/execute/fdecl.m execution, -Os
FAIL: objc/execute/formal_protocol-1.m execution, -O0
FAIL: objc/execute/formal_protocol-1.m execution, -O1
FAIL: objc/execute/formal_protocol-1.m execution, -O2
FAIL: objc/execute/formal_protocol-1.m execution, -O3 -fomit-frame-pointer
FAIL: objc/execute/formal_protocol-1.m execution, -O3 -g
FAIL: objc/execute/formal_protocol-1.m execution, -Os
FAIL: objc/execute/formal_protocol-2.m execution, -O0
FAIL: objc/execute/formal_protocol-2.m execution, -O1
FAIL: objc/execute/formal_protocol-2.m execution, -O2
FAIL: objc/execute/formal_protocol-2.m execution, -O3 -fomit-frame-pointer
FAIL: objc/execute/formal_protocol-2.m execution, -O3 -g
FAIL: objc/execute/formal_protocol-2.m execution, -Os
FAIL: objc/execute/formal_protocol-3.m execution, -O0
FAIL: objc/execute/formal_protocol-3.m execution, -O1
FAIL: objc/execute/formal_protocol-3.m execution, -O2
FAIL: objc/execute/formal_protocol-3.m execution, -O3 -fomit-frame-pointer
FAIL: objc/execute/formal_protocol-3.m execution, -O3 -g
FAIL: objc/execute/formal_protocol-3.m execution, -Os
FAIL: objc/execute/formal_protocol-4.m execution, -O0
FAIL: objc/execute/formal_protocol-4.m execution, -O1
FAIL: objc/execute/formal_protocol-4.m execution, -O2
FAIL: objc/execute/formal_protocol-4.m execution, -O3 -fomit-frame-pointer
FAIL: objc/execute/formal_protocol-4.m execution, -O3 -g
FAIL: objc/execute/formal_protocol-4.m execution, -Os
FAIL: objc/execute/formal_protocol-5.m execution, -O0
FAIL: objc/execute/formal_protocol-5.m execution, -O1
FAIL: objc/execute/formal_protocol-5.m execution, -O2
FAIL: objc/execute/formal_protocol-5.m execution, -O3 -fomit-frame-pointer
FAIL: objc/execute/formal_protocol-5.m execution, -O3 -g
FAIL: objc/execute/formal_protocol-5.m execution, -Os
FAIL: objc/execute/formal_protocol-6.m execution, -O0
FAIL: objc/execute/formal_protocol-6.m execution, -O1
FAIL: objc/execute/formal_protocol-6.m execution, -O2
FAIL: objc/execute/formal_protocol-6.m execution, -O3 -fomit-frame-pointer
FAIL: objc/execute/formal_protocol-6.m execution, -O3 -g
FAIL: objc/execute/formal_protocol-6.m execution, -Os
FAIL: objc/execute/formal_protocol-7.m execution, -O0
FAIL: objc/execute/formal_protocol-7.m execution, -O1
FAIL: objc/execute/formal_protocol-7.m execution, -O2
FAIL: objc/execute/formal_protocol-7.m execution, -O3 -fomit-frame-pointer
FAIL: objc/execute/formal_protocol-7.m execution, -O3 -g
FAIL: objc/execute/formal_protocol-7.m execution, -Os
FAIL: objc/execute/function-message-1.m execution, -O0
FAIL: objc/execute/function-message-1.m execution, -O1
FAIL: objc/execute/function-message-1.m execution, -O2
FAIL: objc/execute/function-message-1.m execution, -O3 -fomit-frame-pointer
FAIL: objc/execute/function-message-1.m execution, -O3 -g
FAIL: objc/execute/function-message-1.m execution, -Os
FAIL: objc/execute/informal_protocol.m execution, -O0
FAIL: objc/execute/informal_protocol.m execution, -O1
FAIL: objc/execute/informal_protocol.m execution, -O2
FAIL: objc/execute/informal_protocol.m execution, -O3 -fomit-frame-pointer
FAIL: objc/execute/informal_protocol.m execution, -O3 -g
FAIL: objc/execute/informal_protocol.m execution, -Os
FAIL: objc/execute/initialize.m execution, -O0
FAIL: objc/execute/initialize.m execution, -O1
FAIL: objc/execute/initialize.m execution, -O2
FAIL: objc/execute/initialize.m execution, -O3 -fomit-frame-pointer
FAIL: objc/execute/initialize.m execution, -O3 -g
FAIL: objc/execute/initialize.m execution, -Os
FAIL: objc/execute/load-2.m execution, -O0
FAIL: objc/execute/load-2.m execution, -O1
FAIL: objc/execute/load-2.m execution, -O2
FAIL: objc/execute/load-2.m execution, -O3 -fomit-frame-pointer
FAIL: objc/execute/load-2.m execution, -O3 -g
FAIL: objc/execute/load-2.m execution, -Os
FAIL: objc/execute/load-3.m execution, -O0
FAIL: objc/execute/load-3.m execution, -O1
FAIL: objc/execute/load-3.m execution, -O2
FAIL: objc/execute/load-3.m execution, -O3 -fomit-frame-pointer
FAIL: objc/execute/load-3.m execution, -O3 -fomit-frame-pointer -funroll-loops
FAIL: objc/execute/load-3.m execution, -O3 -fomit-frame-pointer -funroll-all-loops -finline-functions
FAIL: objc/execute/load-3.m execution, -O3 -g
FAIL: objc/execute/load-3.m execution, -Os
FAIL: objc/execute/load.m execution, -O0
FAIL: objc/execute/load.m execution, -O1
FAIL: objc/execute/load.m execution, -O2
FAIL: objc/execute/load.m execution, -O3 -fomit-frame-pointer
FAIL: objc/execute/load.m execution, -O3 -g
FAIL: objc/execute/load.m execution, -Os
FAIL: objc/execute/many_args_method.m execution, -O0
FAIL: objc/execute/many_args_method.m execution, -O1
FAIL: objc/execute/many_args_method.m execution, -O2
FAIL: objc/execute/many_args_method.m execution, -O3 -fomit-frame-pointer
FAIL: objc/execute/many_args_method.m execution, -O3 -g
FAIL: objc/execute/many_args_method.m execution, -Os
FAIL: objc/execute/nested-1.m execution, -O0
FAIL: objc/execute/nested-1.m execution, -O1
FAIL: objc/execute/nested-1.m execution, -O2
FAIL: objc/execute/nested-1.m execution, -O3 -fomit-frame-pointer
FAIL: objc/execute/nested-1.m execution, -O3 -g
FAIL: objc/execute/nested-1.m execution, -Os
FAIL: objc/execute/nested-2.m execution, -O0
FAIL: objc/execute/nested-2.m execution, -O1
FAIL: objc/execute/nested-2.m execution, -O2
FAIL: objc/execute/nested-2.m execution, -O3 -fomit-frame-pointer
FAIL: objc/execute/nested-2.m execution, -O3 -g
FAIL: objc/execute/nested-2.m execution, -Os
FAIL: objc/execute/nested-3.m execution, -O0
FAIL: objc/execute/nested-3.m execution, -O1
FAIL: objc/execute/nested-3.m execution, -O2
FAIL: objc/execute/nested-3.m execution, -O3 -fomit-frame-pointer
FAIL: objc/execute/nested-3.m execution, -O3 -g
FAIL: objc/execute/nested-3.m execution, -Os
FAIL: objc/execute/nil_method-1.m execution, -O0
FAIL: objc/execute/nil_method-1.m execution, -O1
FAIL: objc/execute/nil_method-1.m execution, -O2
FAIL: objc/execute/nil_method-1.m execution, -O3 -fomit-frame-pointer
FAIL: objc/execute/nil_method-1.m execution, -O3 -g
FAIL: objc/execute/nil_method-1.m execution, -Os
FAIL: objc/execute/no_clash.m execution, -O0
FAIL: objc/execute/no_clash.m execution, -O1
FAIL: objc/execute/no_clash.m execution, -O2
FAIL: objc/execute/no_clash.m execution, -O3 -fomit-frame-pointer
FAIL: objc/execute/no_clash.m execution, -O3 -g
FAIL: objc/execute/no_clash.m execution, -Os
FAIL: objc/execute/np-1.m execution, -O0
FAIL: objc/execute/np-1.m execution, -O1
FAIL: objc/execute/np-1.m execution, -O2
FAIL: objc/execute/np-1.m execution, -O3 -fomit-frame-pointer
FAIL: objc/execute/np-1.m execution, -O3 -g
FAIL: objc/execute/np-1.m execution, -Os
FAIL: objc/execute/np-2.m execution, -O0
FAIL: objc/execute/np-2.m execution, -O1
FAIL: objc/execute/np-2.m execution, -O2
FAIL: objc/execute/np-2.m execution, -O3 -fomit-frame-pointer
FAIL: objc/execute/np-2.m execution, -O3 -g
FAIL: objc/execute/np-2.m execution, -Os
FAIL: objc/execute/object_is_class.m execution, -O0
FAIL: objc/execute/object_is_class.m execution, -O1
FAIL: objc/execute/object_is_class.m execution, -O2
FAIL: objc/execute/object_is_class.m execution, -O3 -fomit-frame-pointer
FAIL: objc/execute/object_is_class.m execution, -O3 -g
FAIL: objc/execute/object_is_class.m execution, -Os
FAIL: objc/execute/object_is_meta_class.m execution, -O0
FAIL: objc/execute/object_is_meta_class.m execution, -O1
FAIL: objc/execute/object_is_meta_class.m execution, -O2
FAIL: objc/execute/object_is_meta_class.m execution, -O3 -fomit-frame-pointer
FAIL: objc/execute/object_is_meta_class.m execution, -O3 -g
FAIL: objc/execute/object_is_meta_class.m execution, -Os
FAIL: objc/execute/private.m execution, -O0
FAIL: objc/execute/private.m execution, -O1
FAIL: objc/execute/private.m execution, -O2
FAIL: objc/execute/private.m execution, -O3 -fomit-frame-pointer
FAIL: objc/execute/private.m execution, -O3 -g
FAIL: objc/execute/private.m execution, -Os
FAIL: objc/execute/protocol-isEqual-1.m execution, -O0
FAIL: objc/execute/protocol-isEqual-1.m execution, -O1
FAIL: objc/execute/protocol-isEqual-1.m execution, -O2
FAIL: objc/execute/protocol-isEqual-1.m execution, -O3 -fomit-frame-pointer
FAIL: objc/execute/protocol-isEqual-1.m execution, -O3 -g
FAIL: objc/execute/protocol-isEqual-1.m execution, -Os
FAIL: objc/execute/protocol-isEqual-2.m execution, -O0
FAIL: objc/execute/protocol-isEqual-2.m execution, -O1
FAIL: objc/execute/protocol-isEqual-2.m execution, -O2
FAIL: objc/execute/protocol-isEqual-2.m execution, -O3 -fomit-frame-pointer
FAIL: objc/execute/protocol-isEqual-2.m execution, -O3 -g
FAIL: objc/execute/protocol-isEqual-2.m execution, -Os
FAIL: objc/execute/protocol-isEqual-3.m execution, -O0
FAIL: objc/execute/protocol-isEqual-3.m execution, -O1
FAIL: objc/execute/protocol-isEqual-3.m execution, -O2
FAIL: objc/execute/protocol-isEqual-3.m execution, -O3 -fomit-frame-pointer
FAIL: objc/execute/protocol-isEqual-3.m execution, -O3 -g
FAIL: objc/execute/protocol-isEqual-3.m execution, -Os
FAIL: objc/execute/protocol-isEqual-4.m execution, -O0
FAIL: objc/execute/protocol-isEqual-4.m execution, -O1
FAIL: objc/execute/protocol-isEqual-4.m execution, -O2
FAIL: objc/execute/protocol-isEqual-4.m execution, -O3 -fomit-frame-pointer
FAIL: objc/execute/protocol-isEqual-4.m execution, -O3 -g
FAIL: objc/execute/protocol-isEqual-4.m execution, -Os
FAIL: objc/execute/protocol.m execution, -O0
FAIL: objc/execute/protocol.m execution, -O1
FAIL: objc/execute/protocol.m execution, -O2
FAIL: objc/execute/protocol.m execution, -O3 -fomit-frame-pointer
FAIL: objc/execute/protocol.m execution, -O3 -g
FAIL: objc/execute/protocol.m execution, -Os
FAIL: objc/execute/redefining_self.m execution, -O0
FAIL: objc/execute/redefining_self.m execution, -O1
FAIL: objc/execute/redefining_self.m execution, -O2
FAIL: objc/execute/redefining_self.m execution, -O3 -fomit-frame-pointer
FAIL: objc/execute/redefining_self.m execution, -O3 -g
FAIL: objc/execute/redefining_self.m execution, -Os
FAIL: objc/execute/root_methods.m execution, -O0
FAIL: objc/execute/root_methods.m execution, -O1
FAIL: objc/execute/root_methods.m execution, -O2
FAIL: objc/execute/root_methods.m execution, -O3 -fomit-frame-pointer
FAIL: objc/execute/root_methods.m execution, -O3 -g
FAIL: objc/execute/root_methods.m execution, -Os
FAIL: objc/execute/selector-1.m execution, -O0
FAIL: objc/execute/selector-1.m execution, -O1
FAIL: objc/execute/selector-1.m execution, -O2
FAIL: objc/execute/selector-1.m execution, -O3 -fomit-frame-pointer
FAIL: objc/execute/selector-1.m execution, -O3 -g
FAIL: objc/execute/selector-1.m execution, -Os
FAIL: objc/execute/static-1.m execution, -O0
FAIL: objc/execute/static-1.m execution, -O1
FAIL: objc/execute/static-1.m execution, -O2
FAIL: objc/execute/static-1.m execution, -O3 -fomit-frame-pointer
FAIL: objc/execute/static-1.m execution, -O3 -g
FAIL: objc/execute/static-1.m execution, -Os
FAIL: objc/execute/static-2.m execution, -O0
FAIL: objc/execute/static-2.m execution, -O1
FAIL: objc/execute/static-2.m execution, -O2
FAIL: objc/execute/static-2.m execution, -O3 -fomit-frame-pointer
FAIL: objc/execute/static-2.m execution, -O3 -g
FAIL: objc/execute/static-2.m execution, -Os
FAIL: objc/execute/string1.m execution, -O0
FAIL: objc/execute/string1.m execution, -O1
FAIL: objc/execute/string1.m execution, -O2
FAIL: objc/execute/string1.m execution, -O3 -fomit-frame-pointer
FAIL: objc/execute/string1.m execution, -O3 -g
FAIL: objc/execute/string1.m execution, -Os
FAIL: objc/execute/string2.m execution, -O0
FAIL: objc/execute/string2.m execution, -O1
FAIL: objc/execute/string2.m execution, -O2
FAIL: objc/execute/string2.m execution, -O3 -fomit-frame-pointer
FAIL: objc/execute/string2.m execution, -O3 -g
FAIL: objc/execute/string2.m execution, -Os
FAIL: objc/execute/string3.m execution, -O0
FAIL: objc/execute/string3.m execution, -O1
FAIL: objc/execute/string3.m execution, -O2
FAIL: objc/execute/string3.m execution, -O3 -fomit-frame-pointer
FAIL: objc/execute/string3.m execution, -O3 -g
FAIL: objc/execute/string3.m execution, -Os
FAIL: objc/execute/string4.m execution, -O0
FAIL: objc/execute/string4.m execution, -O1
FAIL: objc/execute/string4.m execution, -O2
FAIL: objc/execute/string4.m execution, -O3 -fomit-frame-pointer
FAIL: objc/execute/string4.m execution, -O3 -g
FAIL: objc/execute/string4.m execution, -Os
FAIL: objc/execute/va_method.m execution, -O0
FAIL: objc/execute/va_method.m execution, -O1
FAIL: objc/execute/va_method.m execution, -O2
FAIL: objc/execute/va_method.m execution, -O3 -fomit-frame-pointer
FAIL: objc/execute/va_method.m execution, -O3 -fomit-frame-pointer -funroll-loops
FAIL: objc/execute/va_method.m execution, -O3 -fomit-frame-pointer -funroll-all-loops -finline-functions
FAIL: objc/execute/va_method.m execution, -O3 -g
FAIL: objc/execute/va_method.m execution, -Os
FAIL: objc.dg/bitfield-1.m execution test
FAIL: objc.dg/bitfield-3.m execution test
FAIL: objc.dg/call-super-1.m execution test
FAIL: objc.dg/call-super-3.m execution test
FAIL: objc.dg/category-1.m execution test
FAIL: objc.dg/defs.m execution test
FAIL: objc.dg/desig-init-1.m execution test
FAIL: objc.dg/encode-1.m execution test
FAIL: objc.dg/encode-2.m execution test
FAIL: objc.dg/encode-3.m execution test
FAIL: objc.dg/encode-4.m execution test
FAIL: objc.dg/func-ptr-1.m execution test
FAIL: objc.dg/method-10.m execution test
FAIL: objc.dg/method-13.m execution test
FAIL: objc.dg/method-3.m execution test
FAIL: objc.dg/nested-func-1.m execution test
FAIL: objc.dg/proto-lossage-3.m execution test
FAIL: objc.dg/proto-lossage-4.m (test for excess errors)
FAIL: objc.dg/proto-qual-1.m execution test
FAIL: objc.dg/sizeof-1.m execution test
FAIL: objc.dg/stret-1.m execution test
FAIL: objc.dg/try-catch-2.m execution test
FAIL: objc.dg/type-size-2.m execution test
FAIL: objc.dg/va-meth-1.m execution test
FAIL: objc.dg/special/unclaimed-category-1.m execution test
=== objc Summary ===
# of expected passes 864
# of unexpected failures 557
# of unsupported tests 7
/mnt/dasdc1/fsf/gcc-head-build/gcc/xgcc version 4.0.0 20040920 (experimental)
=== libffi tests ===
Running target unix
=== libffi Summary ===
# of expected passes 212
# of unsupported tests 2
=== libjava tests ===
Running target unix
FAIL: PR15133 output - gij test
FAIL: invoke output - gij test
FAIL: overload output - gij test
FAIL: register output - gij test
FAIL: simple_int output - gij test
FAIL: throwit output - gij test
FAIL: Process_1 output - gij test
FAIL: Process_2 -O3 output - bytecode->native test
FAIL: Process_3 output - gij test
FAIL: Process_3 output - bytecode->native test
FAIL: Process_3 -O3 output - source compiled test
FAIL: Process_3 -O3 output - bytecode->native test
=== libjava Summary ===
# of expected passes 3561
# of unexpected failures 12
# of expected failures 14
# of untested testcases 16
=== libmudflap tests ===
Running target unix
FAIL: libmudflap.c/pass49-frag.c execution test
FAIL: libmudflap.c/pass49-frag.c output pattern test
FAIL: libmudflap.c/pass49-frag.c (-static) execution test
FAIL: libmudflap.c/pass49-frag.c (-static) output pattern test
FAIL: libmudflap.c/pass49-frag.c (-O2) execution test
FAIL: libmudflap.c/pass49-frag.c (-O2) output pattern test
FAIL: libmudflap.c/pass49-frag.c (-O3) execution test
FAIL: libmudflap.c/pass49-frag.c (-O3) output pattern test
FAIL: libmudflap.c++/pass27-frag.cxx (test for excess errors)
WARNING: libmudflap.c++/pass27-frag.cxx compilation failed to produce executable
FAIL: libmudflap.c++/pass27-frag.cxx (-static) (test for excess errors)
WARNING: libmudflap.c++/pass27-frag.cxx (-static) compilation failed to produce executable
FAIL: libmudflap.c++/pass27-frag.cxx (-O2) (test for excess errors)
WARNING: libmudflap.c++/pass27-frag.cxx (-O2) compilation failed to produce executable
FAIL: libmudflap.c++/pass27-frag.cxx (-O3) (test for excess errors)
WARNING: libmudflap.c++/pass27-frag.cxx (-O3) compilation failed to produce executable
WARNING: program timed out.
FAIL: libmudflap.cth/pass40-frag.c (-static -DSTATIC) execution test
FAIL: libmudflap.cth/pass40-frag.c (-static -DSTATIC) output pattern test
=== libmudflap Summary ===
# of expected passes 1150
# of unexpected failures 14
=== libstdc++-v3 check-abi Summary ===
# of added symbols: 189
# of missing symbols: 145
# of incompatible symbols: 156
using: /home/weigand/fsf/gcc-head/libstdc++-v3/config/abi/s390-linux-gnu/baseline_symbols.txt
=== libstdc++ tests ===
Running target unix
XPASS: 22_locale/locale/cons/12658_thread-1.cc execution test
XPASS: 26_numerics/cmath/c99_classification_macros_c.cc (test for excess errors)
XPASS: 27_io/fpos/14320-1.cc execution test
=== libstdc++ Summary ===
# of expected passes 2899
# of unexpected successes 3
# of expected failures 4
Compiler version: 4.0.0 20040920 (experimental)
Platform: s390x-ibm-linux-gnu
configure flags: --prefix=/home/weigand/fsf/gcc-head-install --enable-__cxa_atexit --disable-multilib --enable-languages=c,c++,f95,java,objc
More information about the Gcc-testresults
mailing list