Results for 3.4.2 testsuite on sh4-unknown-linux-gnu
Kaz Kojima
kkojima@rr.iij4u.or.jp
Fri Sep 17 23:14:00 GMT 2004
cpu: 7751R
kernel: 2.4.21
glibc: 2.2.5
binutils: 2.15.90 20040305
Bootstrap compiler is gcc version 3.4.1
All languages were tested.
LAST_UPDATED: Obtained from CVS: -rgcc_3_4_2_release
Native configuration is sh4-unknown-linux-gnu
=== g++ tests ===
Running target unix
XPASS: g++.dg/rtti/tinfo1.C scan-assembler _ZTIP9CTemplateIhE:
XPASS: g++.dg/rtti/tinfo1.C scan-assembler-not .globl[ \\t]+_ZTIP9CTemplateIhE
WARNING: g++.old-deja/g++.mike/p10769a.C compilation failed to produce executable
WARNING: g++.old-deja/g++.other/enum5.C compilation failed to produce executable
WARNING: g++.old-deja/g++.pt/friend44.C compilation failed to produce executable
=== g++ Summary ===
# of expected passes 9625
# of unexpected successes 2
# of expected failures 68
# of unsupported tests 83
/mnt/hda3/ldroot/dodes/sh-gcc342/gcc/testsuite/../g++ version 3.4.2
=== g77 tests ===
Running target unix
FAIL: g77.f-torture/execute/f90-intrinsic-bit.f compilation, -O0
FAIL: g77.f-torture/execute/f90-intrinsic-bit.f compilation, -O1
FAIL: g77.f-torture/execute/f90-intrinsic-bit.f compilation, -O2
FAIL: g77.f-torture/execute/f90-intrinsic-bit.f compilation, -O3 -fomit-frame-pointer
FAIL: g77.f-torture/execute/f90-intrinsic-bit.f compilation, -O3 -fomit-frame-pointer -funroll-loops
FAIL: g77.f-torture/execute/f90-intrinsic-bit.f compilation, -O3 -fomit-frame-pointer -funroll-all-loops -finline-functions
FAIL: g77.f-torture/execute/f90-intrinsic-bit.f compilation, -O3 -g
FAIL: g77.f-torture/execute/f90-intrinsic-bit.f compilation, -Os
FAIL: g77.f-torture/execute/u77-test.f compilation, -O1
=== g77 Summary ===
# of expected passes 1782
# of unexpected failures 9
# of untested testcases 9
# of unsupported tests 6
/mnt/hda3/ldroot/dodes/sh-gcc342/gcc/testsuite/../g77 version 3.4.2
=== gcc tests ===
Running target unix
WARNING: program timed out.
FAIL: gcc.c-torture/compile/20001226-1.c (test for excess errors)
WARNING: program timed out.
FAIL: gcc.c-torture/compile/20001226-1.c (test for excess errors)
WARNING: program timed out.
FAIL: gcc.c-torture/compile/20001226-1.c (test for excess errors)
WARNING: program timed out.
FAIL: gcc.c-torture/compile/20001226-1.c (test for excess errors)
WARNING: program timed out.
FAIL: gcc.c-torture/compile/20001226-1.c (test for excess errors)
FAIL: gcc.c-torture/execute/20020720-1.c compilation, -O1
UNRESOLVED: gcc.c-torture/execute/20020720-1.c execution, -O1
FAIL: gcc.c-torture/execute/20020720-1.c compilation, -O2
UNRESOLVED: gcc.c-torture/execute/20020720-1.c execution, -O2
FAIL: gcc.c-torture/execute/20020720-1.c compilation, -O3 -fomit-frame-pointer
UNRESOLVED: gcc.c-torture/execute/20020720-1.c execution, -O3 -fomit-frame-pointer
FAIL: gcc.c-torture/execute/20020720-1.c compilation, -O3 -g
UNRESOLVED: gcc.c-torture/execute/20020720-1.c execution, -O3 -g
FAIL: gcc.c-torture/execute/20020720-1.c compilation, -Os
UNRESOLVED: gcc.c-torture/execute/20020720-1.c execution, -Os
FAIL: gcc.c-torture/execute/20030125-1.c execution, -O1
FAIL: gcc.c-torture/execute/20030125-1.c execution, -O2
FAIL: gcc.c-torture/execute/20030125-1.c execution, -O3 -fomit-frame-pointer
FAIL: gcc.c-torture/execute/20030125-1.c execution, -O3 -g
FAIL: gcc.c-torture/execute/20030125-1.c execution, -Os
FAIL: gcc.dg/compat/struct-by-value-19 c_compat_x_tst.o-c_compat_y_tst.o execute
FAIL: gcc.dg/compat/struct-return-19 c_compat_x_tst.o-c_compat_y_tst.o execute
FAIL: gcc.dg/debug/20020327-1.c (test for excess errors)
FAIL: gcc.dg/debug/20020327-1.c (test for excess errors)
FAIL: gcc.dg/debug/20020327-1.c (test for excess errors)
FAIL: gcc.dg/debug/20020327-1.c (test for excess errors)
FAIL: gcc.dg/debug/20020327-1.c (test for excess errors)
FAIL: gcc.dg/debug/20020327-1.c (test for excess errors)
FAIL: gcc.dg/debug/20020327-1.c (test for excess errors)
FAIL: gcc.dg/debug/20020327-1.c (test for excess errors)
FAIL: gcc.dg/debug/20020327-1.c (test for excess errors)
FAIL: gcc.dg/debug/20020327-1.c (test for excess errors)
FAIL: gcc.dg/debug/20020327-1.c (test for excess errors)
FAIL: gcc.dg/debug/20020327-1.c (test for excess errors)
FAIL: gcc.dg/debug/20020327-1.c (test for excess errors)
FAIL: gcc.dg/debug/20020327-1.c (test for excess errors)
FAIL: gcc.dg/debug/20020327-1.c (test for excess errors)
FAIL: gcc.dg/debug/20020327-1.c (test for excess errors)
FAIL: gcc.dg/debug/20020327-1.c (test for excess errors)
FAIL: gcc.dg/debug/20020327-1.c (test for excess errors)
FAIL: gcc.dg/builtins-20.c (test for excess errors)
XPASS: gcc.dg/uninit-4.c uninitialized variable warning (test for bogus messages, line 26)
FAIL: gcc.dg/special/gcsec-1.c execution test
=== gcc Summary ===
# of expected passes 25082
# of unexpected failures 37
# of unexpected successes 1
# of expected failures 68
# of unresolved testcases 5
# of untested testcases 7
# of unsupported tests 348
/mnt/hda3/ldroot/dodes/sh-gcc342/gcc/xgcc version 3.4.2
=== objc tests ===
Running target unix
=== objc Summary ===
# of expected passes 1352
# of unsupported tests 8
/mnt/hda3/ldroot/dodes/sh-gcc342/gcc/xgcc version 3.4.2
=== libffi tests ===
Running target unix
FAIL: libffi.call/cls_64byte.c execution test
=== libffi Summary ===
# of expected passes 210
# of unexpected failures 1
# of unsupported tests 2
=== libjava tests ===
Running target unix
FAIL: linking simple
FAIL: Array_3 execution - source compiled test
FAIL: Array_3 execution - gij test
FAIL: Array_3 execution - bytecode->native test
FAIL: Array_3 -O3 execution - source compiled test
FAIL: Array_3 execution - gij test
FAIL: Array_3 -O3 execution - bytecode->native test
FAIL: PR141 output - gij test
FAIL: PR141 output - gij test
FAIL: negzero output - gij test
FAIL: negzero output - gij test
=== libjava Summary ===
# of expected passes 3244
# of unexpected failures 11
# of expected failures 11
# of untested testcases 14
=== libstdc++ tests ===
Running target unix
FAIL: 22_locale/collate/compare/wchar_t/2.cc (test for excess errors)
WARNING: 22_locale/collate/compare/wchar_t/2.cc compilation failed to produce executable
FAIL: 22_locale/collate/compare/wchar_t/wrapped_env.cc (test for excess errors)
WARNING: 22_locale/collate/compare/wchar_t/wrapped_env.cc compilation failed to produce executable
FAIL: 22_locale/collate/compare/wchar_t/wrapped_locale.cc (test for excess errors)
WARNING: 22_locale/collate/compare/wchar_t/wrapped_locale.cc compilation failed to produce executable
FAIL: 22_locale/collate/hash/wchar_t/2.cc (test for excess errors)
WARNING: 22_locale/collate/hash/wchar_t/2.cc compilation failed to produce executable
FAIL: 22_locale/collate/hash/wchar_t/wrapped_env.cc (test for excess errors)
WARNING: 22_locale/collate/hash/wchar_t/wrapped_env.cc compilation failed to produce executable
FAIL: 22_locale/collate/hash/wchar_t/wrapped_locale.cc (test for excess errors)
WARNING: 22_locale/collate/hash/wchar_t/wrapped_locale.cc compilation failed to produce executable
FAIL: 22_locale/collate/transform/wchar_t/2.cc (test for excess errors)
WARNING: 22_locale/collate/transform/wchar_t/2.cc compilation failed to produce executable
FAIL: 22_locale/collate/transform/wchar_t/wrapped_env.cc (test for excess errors)
WARNING: 22_locale/collate/transform/wchar_t/wrapped_env.cc compilation failed to produce executable
FAIL: 22_locale/collate/transform/wchar_t/wrapped_locale.cc (test for excess errors)
WARNING: 22_locale/collate/transform/wchar_t/wrapped_locale.cc compilation failed to produce executable
XPASS: 22_locale/locale/cons/12658_thread.cc execution test
FAIL: 22_locale/numpunct/members/pod/2.cc (test for excess errors)
WARNING: 22_locale/numpunct/members/pod/2.cc compilation failed to produce executable
FAIL: 23_containers/bitset/input/1.cc (test for excess errors)
WARNING: 23_containers/bitset/input/1.cc compilation failed to produce executable
FAIL: 23_containers/bitset/to_ulong/1.cc (test for excess errors)
WARNING: 23_containers/bitset/to_ulong/1.cc compilation failed to produce executable
FAIL: 23_containers/deque/cons/2.cc (test for excess errors)
WARNING: 23_containers/deque/cons/2.cc compilation failed to produce executable
XPASS: 26_numerics/c99_classification_macros_c.cc (test for excess errors)
FAIL: 27_io/basic_filebuf/open/char/3.cc (test for excess errors)
WARNING: 27_io/basic_filebuf/open/char/3.cc compilation failed to produce executable
FAIL: 27_io/basic_iostream/2.cc (test for excess errors)
FAIL: 27_io/basic_iostream/3.cc (test for excess errors)
FAIL: 27_io/basic_istream/3.cc (test for excess errors)
FAIL: 27_io/basic_istream/extractors_arithmetic/char/02.cc (test for excess errors)
WARNING: 27_io/basic_istream/extractors_arithmetic/char/02.cc compilation failed to produce executable
FAIL: 27_io/basic_istream/extractors_arithmetic/char/03.cc (test for excess errors)
WARNING: 27_io/basic_istream/extractors_arithmetic/char/03.cc compilation failed to produce executable
FAIL: 27_io/basic_istream/extractors_arithmetic/char/09.cc (test for excess errors)
WARNING: 27_io/basic_istream/extractors_arithmetic/char/09.cc compilation failed to produce executable
FAIL: 27_io/basic_istream/extractors_arithmetic/char/12.cc (test for excess errors)
WARNING: 27_io/basic_istream/extractors_arithmetic/char/12.cc compilation failed to produce executable
FAIL: 27_io/basic_istream/extractors_arithmetic/char/13.cc (test for excess errors)
WARNING: 27_io/basic_istream/extractors_arithmetic/char/13.cc compilation failed to produce executable
FAIL: 27_io/basic_ostream/3.cc (test for excess errors)
FAIL: 27_io/basic_ostream/inserters_arithmetic/char/6.cc (test for excess errors)
WARNING: 27_io/basic_ostream/inserters_arithmetic/char/6.cc compilation failed to produce executable
FAIL: 27_io/basic_ostringstream/str/char/2.cc (test for excess errors)
WARNING: 27_io/basic_ostringstream/str/char/2.cc compilation failed to produce executable
FAIL: 27_io/basic_stringstream/str/char/1.cc (test for excess errors)
WARNING: 27_io/basic_stringstream/str/char/1.cc compilation failed to produce executable
FAIL: 27_io/basic_stringstream/str/char/3.cc (test for excess errors)
WARNING: 27_io/basic_stringstream/str/char/3.cc compilation failed to produce executable
FAIL: 27_io/fpos/14775.cc execution test
=== libstdc++ Summary ===
# of expected passes 2658
# of unexpected failures 28
# of unexpected successes 2
# of expected failures 5
Compiler version: 3.4.2
Platform: sh4-unknown-linux-gnu
configure flags: --host=sh4-unknown-linux-gnu --target=sh4-unknown-linux-gnu --enable-shared --enable-threads=posix --disable-checking --prefix=/usr/gnu
More information about the Gcc-testresults
mailing list