Results for 4.0.020040917(experimental) testsuite on alphaev67-unknown-linux-gnu
Diego Novillo
dnovillo@redhat.com
Fri Sep 17 20:51:00 GMT 2004
LAST_UPDATED:
Native configuration is alphaev67-unknown-linux-gnu
=== libffi tests ===
Running target unix
=== libffi Summary ===
# of expected passes 212
# of unsupported tests 2
=== libjava tests ===
Running target unix
WARNING: program timed out.
FAIL: Array_3 execution - source compiled test
FAIL: Array_3 execution - gij test
WARNING: program timed out.
FAIL: Array_3 execution - bytecode->native test
WARNING: program timed out.
FAIL: Array_3 -O3 execution - source compiled test
FAIL: Array_3 execution - gij test
WARNING: program timed out.
FAIL: Array_3 -O3 execution - bytecode->native test
FAIL: G19990303_02 execution - source compiled test
FAIL: G19990303_02 execution - bytecode->native test
FAIL: G19990303_02 -O3 execution - source compiled test
FAIL: G19990303_02 -O3 execution - bytecode->native test
FAIL: Invoke_1 execution - source compiled test
FAIL: Invoke_1 execution - bytecode->native test
FAIL: Invoke_1 -O3 execution - source compiled test
FAIL: Invoke_1 -O3 execution - bytecode->native test
FAIL: LargeFile execution - source compiled test
FAIL: LargeFile execution - gij test
FAIL: LargeFile execution - bytecode->native test
FAIL: LargeFile -O3 execution - source compiled test
FAIL: LargeFile execution - gij test
FAIL: LargeFile -O3 execution - bytecode->native test
FAIL: PR218 output - source compiled test
FAIL: PR218 output - gij test
FAIL: PR218 output - bytecode->native test
FAIL: PR218 -O3 output - source compiled test
FAIL: PR218 output - gij test
FAIL: PR218 -O3 output - bytecode->native test
WARNING: program timed out.
FAIL: Process_1 execution - gij test
WARNING: program timed out.
FAIL: Process_1 execution - bytecode->native test
WARNING: program timed out.
FAIL: Process_1 -O3 execution - source compiled test
WARNING: program timed out.
FAIL: Process_1 execution - gij test
WARNING: program timed out.
FAIL: Process_1 -O3 execution - bytecode->native test
WARNING: program timed out.
FAIL: Process_2 execution - source compiled test
WARNING: program timed out.
FAIL: Process_2 execution - gij test
WARNING: program timed out.
FAIL: Process_2 execution - bytecode->native test
WARNING: program timed out.
FAIL: Process_2 -O3 execution - source compiled test
WARNING: program timed out.
FAIL: Process_2 execution - gij test
WARNING: program timed out.
FAIL: Process_2 -O3 execution - bytecode->native test
FAIL: Process_3 output - source compiled test
WARNING: program timed out.
FAIL: Process_3 execution - gij test
FAIL: Process_3 output - bytecode->native test
FAIL: Process_3 -O3 output - source compiled test
FAIL: Process_3 output - gij test
FAIL: Process_3 -O3 output - bytecode->native test
WARNING: program timed out.
FAIL: Process_4 execution - source compiled test
WARNING: program timed out.
FAIL: Process_4 execution - gij test
WARNING: program timed out.
FAIL: Process_4 -O3 execution - source compiled test
WARNING: program timed out.
FAIL: Process_4 execution - gij test
WARNING: program timed out.
FAIL: Process_5 execution - source compiled test
FAIL: Process_5 output - gij test
FAIL: Process_5 output - bytecode->native test
FAIL: Process_5 -O3 output - source compiled test
WARNING: program timed out.
FAIL: Process_5 execution - gij test
FAIL: Process_5 -O3 output - bytecode->native test
WARNING: program timed out.
FAIL: Process_6 -O3 execution - bytecode->native test
WARNING: program timed out.
FAIL: SyncTest execution - source compiled test
FAIL: SyncTest execution - gij test
WARNING: program timed out.
FAIL: SyncTest execution - bytecode->native test
WARNING: program timed out.
FAIL: SyncTest -O3 execution - source compiled test
FAIL: SyncTest execution - gij test
WARNING: program timed out.
FAIL: SyncTest -O3 execution - bytecode->native test
WARNING: program timed out.
FAIL: TLtest execution - source compiled test
WARNING: program timed out.
FAIL: TLtest -O3 execution - bytecode->native test
WARNING: program timed out.
FAIL: Thread_Interrupt -O3 execution - source compiled test
FAIL: Thread_Join execution - source compiled test
FAIL: Thread_Join execution - gij test
WARNING: program timed out.
FAIL: Thread_Join execution - bytecode->native test
FAIL: Thread_Join -O3 execution - source compiled test
FAIL: Thread_Join execution - gij test
WARNING: program timed out.
FAIL: Thread_Join -O3 execution - bytecode->native test
WARNING: program timed out.
FAIL: Thread_Monitor execution - source compiled test
WARNING: program timed out.
FAIL: Thread_Monitor execution - gij test
WARNING: program timed out.
FAIL: Thread_Monitor execution - bytecode->native test
WARNING: program timed out.
FAIL: Thread_Monitor -O3 execution - source compiled test
WARNING: program timed out.
FAIL: Thread_Monitor execution - gij test
WARNING: program timed out.
FAIL: Thread_Monitor -O3 execution - bytecode->native test
FAIL: Thread_Wait execution - source compiled test
FAIL: Thread_Wait execution - gij test
FAIL: Thread_Wait -O3 execution - source compiled test
FAIL: Thread_Wait execution - gij test
FAIL: Thread_Wait -O3 execution - bytecode->native test
FAIL: Thread_Wait_2 execution - gij test
FAIL: Thread_Wait_2 execution - bytecode->native test
FAIL: Thread_Wait_2 -O3 execution - source compiled test
FAIL: Thread_Wait_2 -O3 execution - bytecode->native test
FAIL: Thread_Wait_Interrupt -O3 execution - bytecode->native test
FAIL: Throw_2 execution - source compiled test
FAIL: Throw_2 execution - gij test
FAIL: Throw_2 execution - bytecode->native test
FAIL: Throw_2 -O3 execution - source compiled test
FAIL: Throw_2 execution - gij test
FAIL: Throw_2 -O3 execution - bytecode->native test
WARNING: program timed out.
FAIL: direct_read compilation from source
FAIL: initexc execution - gij test
FAIL: initexc execution - gij test
=== libjava Summary ===
# of expected passes 3399
# of unexpected failures 94
# of expected failures 14
# of untested testcases 96
=== libmudflap tests ===
Running target unix
FAIL: libmudflap.c/pass49-frag.c execution test
FAIL: libmudflap.c/pass49-frag.c output pattern test
FAIL: libmudflap.c/pass49-frag.c (-static) execution test
FAIL: libmudflap.c/pass49-frag.c (-static) output pattern test
WARNING: program timed out.
FAIL: libmudflap.c/pass24-frag.c (-O2) (test for excess errors)
FAIL: libmudflap.c/pass49-frag.c (-O2) execution test
FAIL: libmudflap.c/pass49-frag.c (-O2) output pattern test
WARNING: program timed out.
FAIL: libmudflap.c/pass33-frag.c (-O3) (test for excess errors)
WARNING: program timed out.
FAIL: libmudflap.c/pass4-frag.c (-O3) (test for excess errors)
FAIL: libmudflap.c/pass49-frag.c (-O3) execution test
FAIL: libmudflap.c/pass49-frag.c (-O3) output pattern test
FAIL: libmudflap.c++/pass27-frag.cxx (test for excess errors)
WARNING: libmudflap.c++/pass27-frag.cxx compilation failed to produce executable
FAIL: libmudflap.c++/pass27-frag.cxx (-static) (test for excess errors)
WARNING: libmudflap.c++/pass27-frag.cxx (-static) compilation failed to produce executable
FAIL: libmudflap.c++/pass27-frag.cxx (-O2) (test for excess errors)
WARNING: libmudflap.c++/pass27-frag.cxx (-O2) compilation failed to produce executable
FAIL: libmudflap.c++/pass27-frag.cxx (-O3) (test for excess errors)
WARNING: libmudflap.c++/pass27-frag.cxx (-O3) compilation failed to produce executable
WARNING: program timed out.
FAIL: libmudflap.cth/pass40-frag.c execution test
FAIL: libmudflap.cth/pass40-frag.c output pattern test
FAIL: libmudflap.cth/pass40-frag.c (-O2) execution test
FAIL: libmudflap.cth/pass40-frag.c (-O2) output pattern test
FAIL: libmudflap.cth/pass40-frag.c (-O3) execution test
FAIL: libmudflap.cth/pass40-frag.c (-O3) output pattern test
=== libmudflap Summary ===
# of expected passes 1143
# of unexpected failures 21
=== libstdc++-v3 check-abi Summary ===
# of added symbols: 36
# of missing symbols: 0
# of incompatible symbols: 11
using: /home/cygnus/dnovillo/perf/sbox/gcc/local.alpha/src/libstdc++-v3/config/abi/alpha-linux-gnu/baseline_symbols.txt
=== libstdc++ tests ===
Running target unix
WARNING: program timed out.
FAIL: 22_locale/collate/compare/wchar_t/3.cc (test for excess errors)
XPASS: 22_locale/locale/cons/12658_thread-1.cc execution test
WARNING: program timed out.
FAIL: 22_locale/messages_byname/1.cc (test for excess errors)
FAIL: 23_containers/list/invalidation/4.cc execution test
FAIL: 23_containers/vector/cons/4.cc execution test
FAIL: 26_numerics/cmath/fabs_inline.cc (test for excess errors)
WARNING: 26_numerics/cmath/fabs_inline.cc compilation failed to produce executable
FAIL: 26_numerics/complex/pow.cc execution test
FAIL: 27_io/basic_ios/imbue/14072.cc execution test
FAIL: 27_io/basic_ostream/inserters_character/wchar_t/11095-of.cc execution test
FAIL: 27_io/basic_ostream/inserters_character/wchar_t/7.cc execution test
XPASS: 27_io/fpos/14320-1.cc execution test
FAIL: ext/enc_filebuf/char/13189.cc (test for excess errors)
WARNING: ext/enc_filebuf/char/13189.cc compilation failed to produce executable
FAIL: ext/enc_filebuf/wchar_t/13189.cc (test for excess errors)
WARNING: ext/enc_filebuf/wchar_t/13189.cc compilation failed to produce executable
FAIL: ext/slist_explicit_instantiation.cc (test for excess errors)
=== libstdc++ Summary ===
# of expected passes 2884
# of unexpected failures 12
# of unexpected successes 2
# of expected failures 5
=== g++ tests ===
Running target unix
WARNING: program timed out.
FAIL: g++.dg/debug/crash1.C -gstabs+1 -O2 (test for excess errors)
WARNING: program timed out.
WARNING: program timed out.
FAIL: g++.dg/parse/stack1.C (test for excess errors)
XPASS: g++.dg/rtti/tinfo1.C scan-assembler _ZTIP9CTemplateIhE:
XPASS: g++.dg/rtti/tinfo1.C scan-assembler-not .globl[ \\t]+_ZTIP9CTemplateIhE
XPASS: g++.dg/rtti/tinfo1.C scan-assembler-not .section[^\\n\\r]*_ZTIP9CTemplateIhE[^\\n\\r]*
WARNING: program timed out.
FAIL: g++.dg/template/member3.C (test for excess errors)
FAIL: 102:is -:should be 1
FAIL: g++.dg/gcov/gcov-1.C gcov: 1 failures in line counts, 0 in branch percentages, 0 in return percentages
WARNING: program timed out.
FAIL: g++.old-deja/g++.brendan/nest11.C (test for excess errors)
WARNING: program timed out.
WARNING: program timed out.
FAIL: g++.old-deja/g++.mike/opr-dot1.C (test for excess errors)
WARNING: g++.old-deja/g++.mike/p10769a.C compilation failed to produce executable
WARNING: program timed out.
FAIL: g++.old-deja/g++.mike/p10951.C (test for excess errors)
WARNING: program timed out.
WARNING: program timed out.
WARNING: g++.old-deja/g++.other/enum5.C compilation failed to produce executable
WARNING: g++.old-deja/g++.pt/friend44.C compilation failed to produce executable
=== g++ Summary ===
# of expected passes 10077
# of unexpected failures 8
# of unexpected successes 3
# of expected failures 79
# of unsupported tests 81
/dorothy/dnovillo/sbox/gcc/bld.dorothy/gcc/testsuite/../g++ version 4.0.0 20040917 (experimental)
=== gcc tests ===
Running target unix
WARNING: program timed out.
FAIL: gcc.c-torture/compile/921021-1.c -O3 -fomit-frame-pointer -funroll-loops (test for excess errors)
WARNING: program timed out.
FAIL: gcc.c-torture/compile/930523-1.c -O1 (test for excess errors)
WARNING: program timed out.
FAIL: gcc.c-torture/compile/930702-1.c -Os (test for excess errors)
WARNING: program timed out.
FAIL: gcc.c-torture/compile/931003-1.c -Os (test for excess errors)
WARNING: program timed out.
FAIL: gcc.c-torture/compile/940611-1.c -O3 -fomit-frame-pointer -funroll-all-loops -finline-functions (test for excess errors)
WARNING: program timed out.
FAIL: gcc.c-torture/execute/20000819-1.c compilation, -O3 -fomit-frame-pointer -funroll-loops
UNRESOLVED: gcc.c-torture/execute/20000819-1.c execution, -O3 -fomit-frame-pointer -funroll-loops
WARNING: program timed out.
FAIL: gcc.c-torture/execute/20010915-1.c compilation, -O3 -fomit-frame-pointer
UNRESOLVED: gcc.c-torture/execute/20010915-1.c execution, -O3 -fomit-frame-pointer
WARNING: program timed out.
FAIL: gcc.c-torture/execute/20011024-1.c compilation, -Os
UNRESOLVED: gcc.c-torture/execute/20011024-1.c execution, -Os
XPASS: gcc.c-torture/execute/20020227-1.c execution, -O3 -fomit-frame-pointer
XPASS: gcc.c-torture/execute/20020227-1.c execution, -O3 -g
WARNING: program timed out.
FAIL: gcc.c-torture/execute/20021219-1.c compilation, -O3 -fomit-frame-pointer
UNRESOLVED: gcc.c-torture/execute/20021219-1.c execution, -O3 -fomit-frame-pointer
WARNING: program timed out.
FAIL: gcc.c-torture/execute/ashrdi-1.c compilation, -O0
UNRESOLVED: gcc.c-torture/execute/ashrdi-1.c execution, -O0
FAIL: gcc.c-torture/execute/loop-14.c execution, -Os
WARNING: program timed out.
FAIL: gcc.c-torture/execute/loop-2f.c compilation, -O2
UNRESOLVED: gcc.c-torture/execute/loop-2f.c execution, -O2
FAIL: gcc.c-torture/execute/memset-3.c compilation, -O3 -fomit-frame-pointer
UNRESOLVED: gcc.c-torture/execute/memset-3.c execution, -O3 -fomit-frame-pointer
FAIL: gcc.c-torture/execute/memset-3.c compilation, -O3 -fomit-frame-pointer -funroll-loops
UNRESOLVED: gcc.c-torture/execute/memset-3.c execution, -O3 -fomit-frame-pointer -funroll-loops
FAIL: gcc.c-torture/execute/memset-3.c compilation, -O3 -fomit-frame-pointer -funroll-all-loops -finline-functions
UNRESOLVED: gcc.c-torture/execute/memset-3.c execution, -O3 -fomit-frame-pointer -funroll-all-loops -finline-functions
FAIL: gcc.c-torture/execute/memset-3.c compilation, -O3 -g
UNRESOLVED: gcc.c-torture/execute/memset-3.c execution, -O3 -g
WARNING: program timed out.
FAIL: gcc.c-torture/unsorted/trunc.c, -Os
FAIL: tmpdir-gcc.dg-struct-layout-1/t024 c_compat_x_tst.o-c_compat_y_tst.o execute
FAIL: tmpdir-gcc.dg-struct-layout-1/t026 c_compat_x_tst.o-c_compat_y_tst.o execute
FAIL: tmpdir-gcc.dg-struct-layout-1/t027 c_compat_x_tst.o-c_compat_y_tst.o execute
FAIL: tmpdir-gcc.dg-struct-layout-1/t028 c_compat_x_tst.o-c_compat_y_tst.o execute
FAIL: gcc.dg/debug/dwarf2/dwarf-die7.c scan-assembler 1.*DW_AT_inline
FAIL: gcc.dg/c90-const-expr-3.c (test for excess errors)
FAIL: gcc.dg/c99-const-expr-3.c (test for excess errors)
FAIL: gcc.dg/cleanup-10.c execution test
FAIL: gcc.dg/cleanup-11.c execution test
FAIL: gcc.dg/cleanup-8.c execution test
FAIL: gcc.dg/cleanup-9.c execution test
WARNING: program timed out.
FAIL: gcc.dg/tree-ssa/ifc-20040816-2.c scan-tree-dump-times Applying if-conversion 1
FAIL: gcc.dg/tree-ssa/loop-2.c scan-tree-dump-times arr_base.*= 0
FAIL: gcc.dg/tree-ssa/loop-2.c scan-tree-dump-times 1700 1
FAIL: gcc.dg/tree-ssa/loop-4.c scan-tree-dump-times arr_base.*= 0
FAIL: gcc.dg/tree-ssa/loop-5.c scan-tree-dump-times int iter 1
WARNING: program timed out.
FAIL: gcc.misc-tests/bprob-1.c compilation, -O1 -ftree-based-profiling -fbranch-probabilities
UNRESOLVED: gcc.misc-tests/bprob-1.c execution, -O1 -ftree-based-profiling -fbranch-probabilities
FAIL: gcc.misc-tests/bprob-2.c compilation, -g -ftree-based-profiling -fprofile-arcs
UNRESOLVED: gcc.misc-tests/bprob-2.c execution, -g -ftree-based-profiling -fprofile-arcs
UNRESOLVED: gcc.misc-tests/bprob-2.c compilation, -g -ftree-based-profiling -fbranch-probabilities
UNRESOLVED: gcc.misc-tests/bprob-2.c execution, -g -ftree-based-profiling -fbranch-probabilities
FAIL: gcc.misc-tests/bprob-2.c compilation, -O0 -ftree-based-profiling -fprofile-arcs
UNRESOLVED: gcc.misc-tests/bprob-2.c execution, -O0 -ftree-based-profiling -fprofile-arcs
UNRESOLVED: gcc.misc-tests/bprob-2.c compilation, -O0 -ftree-based-profiling -fbranch-probabilities
UNRESOLVED: gcc.misc-tests/bprob-2.c execution, -O0 -ftree-based-profiling -fbranch-probabilities
FAIL: gcc.misc-tests/bprob-2.c compilation, -O1 -ftree-based-profiling -fprofile-arcs
UNRESOLVED: gcc.misc-tests/bprob-2.c execution, -O1 -ftree-based-profiling -fprofile-arcs
UNRESOLVED: gcc.misc-tests/bprob-2.c compilation, -O1 -ftree-based-profiling -fbranch-probabilities
UNRESOLVED: gcc.misc-tests/bprob-2.c execution, -O1 -ftree-based-profiling -fbranch-probabilities
FAIL: gcc.misc-tests/bprob-2.c compilation, -O2 -DPERFTIME -ftree-based-profiling -fprofile-arcs
UNRESOLVED: gcc.misc-tests/bprob-2.c execution, -O2 -DPERFTIME -ftree-based-profiling -fprofile-arcs
UNRESOLVED: gcc.misc-tests/bprob-2.c compilation, -O2 -DPERFTIME -ftree-based-profiling -fbranch-probabilities
UNRESOLVED: gcc.misc-tests/bprob-2.c execution, -O2 -DPERFTIME -ftree-based-profiling -fbranch-probabilities
FAIL: gcc.misc-tests/bprob-2.c compilation, -O3 -DPERFTIME -ftree-based-profiling -fprofile-arcs
UNRESOLVED: gcc.misc-tests/bprob-2.c execution, -O3 -DPERFTIME -ftree-based-profiling -fprofile-arcs
UNRESOLVED: gcc.misc-tests/bprob-2.c compilation, -O3 -DPERFTIME -ftree-based-profiling -fbranch-probabilities
UNRESOLVED: gcc.misc-tests/bprob-2.c execution, -O3 -DPERFTIME -ftree-based-profiling -fbranch-probabilities
FAIL: gcc.misc-tests/bprob-2.c compilation, -O3 -g -DPERFTIME -ftree-based-profiling -fprofile-arcs
UNRESOLVED: gcc.misc-tests/bprob-2.c execution, -O3 -g -DPERFTIME -ftree-based-profiling -fprofile-arcs
UNRESOLVED: gcc.misc-tests/bprob-2.c compilation, -O3 -g -DPERFTIME -ftree-based-profiling -fbranch-probabilities
UNRESOLVED: gcc.misc-tests/bprob-2.c execution, -O3 -g -DPERFTIME -ftree-based-profiling -fbranch-probabilities
FAIL: gcc.misc-tests/bprob-2.c compilation, -Os -ftree-based-profiling -fprofile-arcs
UNRESOLVED: gcc.misc-tests/bprob-2.c execution, -Os -ftree-based-profiling -fprofile-arcs
UNRESOLVED: gcc.misc-tests/bprob-2.c compilation, -Os -ftree-based-profiling -fbranch-probabilities
UNRESOLVED: gcc.misc-tests/bprob-2.c execution, -Os -ftree-based-profiling -fbranch-probabilities
FAIL: 96:is -:should be 1
FAIL: gcc.misc-tests/gcov-4.c gcov: 1 failures in line counts, 0 in branch percentages, 0 in return percentages
=== gcc Summary ===
# of expected passes 30100
# of unexpected failures 43
# of unexpected successes 2
# of expected failures 70
# of unresolved testcases 32
# of untested testcases 28
# of unsupported tests 473
/dorothy/dnovillo/sbox/gcc/bld.dorothy/gcc/xgcc version 4.0.0 20040917 (experimental)
=== gfortran tests ===
Running target unix
FAIL: gfortran.dg/der_array_1.f90 -O0 execution test
FAIL: gfortran.dg/der_array_1.f90 -O1 execution test
FAIL: gfortran.dg/der_array_1.f90 -O2 execution test
FAIL: gfortran.dg/der_array_1.f90 -O3 -fomit-frame-pointer execution test
FAIL: gfortran.dg/der_array_1.f90 -O3 -fomit-frame-pointer -funroll-loops execution test
FAIL: gfortran.dg/der_array_1.f90 -O3 -fomit-frame-pointer -funroll-all-loops -finline-functions execution test
FAIL: gfortran.dg/der_array_1.f90 -O3 -g execution test
FAIL: gfortran.dg/der_array_1.f90 -Os execution test
FAIL: gfortran.dg/func_derived_1.f90 -O0 execution test
FAIL: gfortran.dg/func_derived_1.f90 -O1 execution test
FAIL: gfortran.dg/func_derived_1.f90 -O2 execution test
FAIL: gfortran.dg/func_derived_1.f90 -O3 -fomit-frame-pointer execution test
FAIL: gfortran.dg/func_derived_1.f90 -O3 -fomit-frame-pointer -funroll-loops execution test
FAIL: gfortran.dg/func_derived_1.f90 -O3 -fomit-frame-pointer -funroll-all-loops -finline-functions execution test
FAIL: gfortran.dg/func_derived_1.f90 -O3 -g execution test
FAIL: gfortran.dg/func_derived_1.f90 -Os execution test
XPASS: gfortran.dg/ret_pointer_1.f90 -O0 execution test
XPASS: gfortran.dg/ret_pointer_1.f90 -O1 execution test
XPASS: gfortran.dg/ret_pointer_1.f90 -O2 execution test
XPASS: gfortran.dg/ret_pointer_1.f90 -O3 -fomit-frame-pointer execution test
XPASS: gfortran.dg/ret_pointer_1.f90 -O3 -fomit-frame-pointer -funroll-loops execution test
XPASS: gfortran.dg/ret_pointer_1.f90 -O3 -fomit-frame-pointer -funroll-all-loops -finline-functions execution test
XPASS: gfortran.dg/ret_pointer_1.f90 -O3 -g execution test
XPASS: gfortran.dg/ret_pointer_1.f90 -Os execution test
FAIL: gfortran.fortran-torture/execute/common.f90 execution, -O3 -fomit-frame-pointer -funroll-loops
FAIL: gfortran.fortran-torture/execute/common.f90 execution, -O3 -fomit-frame-pointer -funroll-all-loops -finline-functions
FAIL: gfortran.fortran-torture/execute/contained_3.f90 compilation, -O2
FAIL: gfortran.fortran-torture/execute/contained_3.f90 compilation, -O3 -fomit-frame-pointer
FAIL: gfortran.fortran-torture/execute/contained_3.f90 compilation, -O3 -fomit-frame-pointer -funroll-loops
FAIL: gfortran.fortran-torture/execute/contained_3.f90 compilation, -O3 -fomit-frame-pointer -funroll-all-loops -finline-functions
FAIL: gfortran.fortran-torture/execute/contained_3.f90 compilation, -O3 -g
FAIL: gfortran.fortran-torture/execute/contained_3.f90 compilation, -Os
FAIL: gfortran.fortran-torture/execute/data.f90 execution, -O3 -fomit-frame-pointer -funroll-loops
FAIL: gfortran.fortran-torture/execute/data.f90 execution, -O3 -fomit-frame-pointer -funroll-all-loops -finline-functions
FAIL: gfortran.fortran-torture/execute/data_2.f90 execution, -O2
FAIL: gfortran.fortran-torture/execute/data_2.f90 execution, -O3 -fomit-frame-pointer
FAIL: gfortran.fortran-torture/execute/data_2.f90 execution, -O3 -fomit-frame-pointer -funroll-loops
FAIL: gfortran.fortran-torture/execute/data_2.f90 execution, -O3 -fomit-frame-pointer -funroll-all-loops -finline-functions
FAIL: gfortran.fortran-torture/execute/data_2.f90 execution, -O3 -g
FAIL: gfortran.fortran-torture/execute/forall_3.f90 execution, -O1
FAIL: gfortran.fortran-torture/execute/forall_3.f90 execution, -O2
FAIL: gfortran.fortran-torture/execute/forall_3.f90 execution, -O3 -fomit-frame-pointer
FAIL: gfortran.fortran-torture/execute/forall_3.f90 execution, -O3 -fomit-frame-pointer -funroll-loops
FAIL: gfortran.fortran-torture/execute/forall_3.f90 execution, -O3 -fomit-frame-pointer -funroll-all-loops -finline-functions
FAIL: gfortran.fortran-torture/execute/forall_3.f90 execution, -O3 -g
FAIL: gfortran.fortran-torture/execute/forall_3.f90 execution, -Os
WARNING: program timed out.
FAIL: gfortran.fortran-torture/execute/st_function.f90 compilation, -O2
FAIL: gfortran.fortran-torture/execute/st_function.f90 compilation, -O3 -fomit-frame-pointer
FAIL: gfortran.fortran-torture/execute/st_function.f90 compilation, -O3 -fomit-frame-pointer -funroll-loops
FAIL: gfortran.fortran-torture/execute/st_function.f90 compilation, -O3 -fomit-frame-pointer -funroll-all-loops -finline-functions
FAIL: gfortran.fortran-torture/execute/st_function.f90 compilation, -O3 -g
FAIL: gfortran.fortran-torture/execute/st_function.f90 compilation, -Os
=== gfortran Summary ===
# of expected passes 4348
# of unexpected failures 44
# of unexpected successes 8
# of expected failures 27
# of untested testcases 12
# of unsupported tests 8
/dorothy/dnovillo/sbox/gcc/bld.dorothy/gcc/testsuite/../gfortran version 4.0.0 20040917 (experimental)
=== objc tests ===
Running target unix
FAIL: objc.dg/proto-lossage-4.m (test for excess errors)
=== objc Summary ===
# of expected passes 1420
# of unexpected failures 1
# of unsupported tests 7
/dorothy/dnovillo/sbox/gcc/bld.dorothy/gcc/xgcc version 4.0.0 20040917 (experimental)
Compiler version: 4.0.020040917(experimental)
Platform: alphaev67-unknown-linux-gnu
configure flags: --prefix=/home/cygnus/dnovillo/perf/sbox/gcc/local.alpha/inst.dorothy --srcdir=/home/cygnus/dnovillo/perf/sbox/gcc/local.alpha/src --disable-multilib --enable-mpfr --enable-languages=c,c++,f95,java,objc
More information about the Gcc-testresults
mailing list