Results for 3.4.2 testsuite on hppa64-hp-hpux11.00
John David Anglin
dave@hiauly2.hia.nrc.ca
Wed Sep 15 21:39:00 GMT 2004
LAST_UPDATED: Sat Sep 11 03:21:47 UTC 2004
Native configuration is hppa64-hp-hpux11.00
=== g++ tests ===
Running target unix
XPASS: g++.dg/rtti/tinfo1.C scan-assembler-not .globl[ \\t]+_ZTIP9CTemplateIhE
WARNING: g++.old-deja/g++.mike/p10769a.C compilation failed to produce executable
WARNING: g++.old-deja/g++.other/enum5.C compilation failed to produce executable
WARNING: g++.old-deja/g++.pt/friend44.C compilation failed to produce executable
=== g++ Summary ===
# of expected passes 9285
# of unexpected successes 1
# of expected failures 71
# of unsupported tests 83
/xxx/gnu/gcc-3.4/objdir/gcc/testsuite/../g++ version 3.4.2
=== g77 tests ===
Running target unix
=== g77 Summary ===
# of expected passes 1800
# of unsupported tests 6
/xxx/gnu/gcc-3.4/objdir/gcc/testsuite/../g77 version 3.4.2
=== gcc tests ===
Running target unix
FAIL: gcc.dg/noreturn-7.c (test for warnings, line 21)
FAIL: gcc.dg/sibcall-1.c execution test
FAIL: gcc.dg/sibcall-2.c execution test
FAIL: gcc.dg/sibcall-3.c execution test
FAIL: gcc.dg/sibcall-4.c execution test
=== gcc Summary ===
# of expected passes 23953
# of unexpected failures 5
# of expected failures 75
# of untested testcases 7
# of unsupported tests 348
/xxx/gnu/gcc-3.4/objdir/gcc/xgcc version 3.4.2
=== objc tests ===
Running target unix
=== objc Summary ===
# of expected passes 1352
# of unsupported tests 8
/xxx/gnu/gcc-3.4/objdir/gcc/xgcc version 3.4.2
=== libstdc++ tests ===
Running target unix
=== libstdc++ Summary ===
# of expected passes 2016
# of expected failures 4
# of unsupported tests 8
Compiler version: 3.4.2
Platform: hppa64-hp-hpux11.00
configure flags: --with-gnu-as --with-as=/opt/gnu64/bin/as --with-ld=/usr/ccs/bin/ld --enable-shared --with-local-prefix=/opt/gnu64 --prefix=/opt/gnu64/gcc/gcc-3.4.2 --host=hppa64-hp-hpux11.00 --disable-nls -enable-languages=c,c++,f77,java,objc --disable-checking
More information about the Gcc-testresults
mailing list