Results for 4.0.0 20040914 (experimental) testsuite on ia64-unknown-linux-gnu
H.J. Lu
hjl@gnu-2.sc.intel.com
Wed Sep 15 16:27:00 GMT 2004
LAST_UPDATED: Tue Sep 14 23:08:41 UTC 2004
Native configuration is ia64-unknown-linux-gnu
=== gcc tests ===
Running target unix
WARNING: program timed out.
FAIL: gcc.c-torture/compile/20001226-1.c (test for excess errors)
WARNING: program timed out.
FAIL: gcc.c-torture/compile/20001226-1.c (test for excess errors)
WARNING: program timed out.
FAIL: gcc.c-torture/compile/20001226-1.c (test for excess errors)
WARNING: program timed out.
FAIL: gcc.c-torture/compile/20001226-1.c (test for excess errors)
WARNING: program timed out.
FAIL: gcc.c-torture/compile/20001226-1.c (test for excess errors)
XPASS: gcc.c-torture/execute/20020227-1.c execution, -O3 -fomit-frame-pointer
XPASS: gcc.c-torture/execute/20020227-1.c execution, -O3 -g
FAIL: gcc.c-torture/execute/ieee/fp-cmp-4q.c compilation, -O0
UNRESOLVED: gcc.c-torture/execute/ieee/fp-cmp-4q.c execution, -O0
FAIL: gcc.c-torture/execute/ieee/fp-cmp-4q.c compilation, -O1
UNRESOLVED: gcc.c-torture/execute/ieee/fp-cmp-4q.c execution, -O1
FAIL: gcc.c-torture/execute/ieee/fp-cmp-4q.c compilation, -O2
UNRESOLVED: gcc.c-torture/execute/ieee/fp-cmp-4q.c execution, -O2
FAIL: gcc.c-torture/execute/ieee/fp-cmp-4q.c compilation, -O3 -fomit-frame-pointer
UNRESOLVED: gcc.c-torture/execute/ieee/fp-cmp-4q.c execution, -O3 -fomit-frame-pointer
FAIL: gcc.c-torture/execute/ieee/fp-cmp-4q.c compilation, -O3 -g
UNRESOLVED: gcc.c-torture/execute/ieee/fp-cmp-4q.c execution, -O3 -g
FAIL: gcc.c-torture/execute/ieee/fp-cmp-4q.c compilation, -Os
UNRESOLVED: gcc.c-torture/execute/ieee/fp-cmp-4q.c execution, -Os
FAIL: gcc.c-torture/execute/ieee/fp-cmp-8q.c compilation, -O0
UNRESOLVED: gcc.c-torture/execute/ieee/fp-cmp-8q.c execution, -O0
FAIL: gcc.c-torture/execute/ieee/fp-cmp-8q.c compilation, -O1
UNRESOLVED: gcc.c-torture/execute/ieee/fp-cmp-8q.c execution, -O1
FAIL: gcc.c-torture/execute/ieee/fp-cmp-8q.c compilation, -O2
UNRESOLVED: gcc.c-torture/execute/ieee/fp-cmp-8q.c execution, -O2
FAIL: gcc.c-torture/execute/ieee/fp-cmp-8q.c compilation, -O3 -fomit-frame-pointer
UNRESOLVED: gcc.c-torture/execute/ieee/fp-cmp-8q.c execution, -O3 -fomit-frame-pointer
FAIL: gcc.c-torture/execute/ieee/fp-cmp-8q.c compilation, -O3 -g
UNRESOLVED: gcc.c-torture/execute/ieee/fp-cmp-8q.c execution, -O3 -g
FAIL: gcc.c-torture/execute/ieee/fp-cmp-8q.c compilation, -Os
UNRESOLVED: gcc.c-torture/execute/ieee/fp-cmp-8q.c execution, -Os
FAIL: gcc.dg/compat/scalar-by-value-3 c_compat_x_tst.o-c_compat_y_tst.o execute
FAIL: gcc.dg/compat/scalar-return-3 c_compat_x_tst.o-c_compat_y_tst.o execute
FAIL: gcc.dg/compat/struct-by-value-18 c_compat_x_tst.o-c_compat_y_tst.o execute
FAIL: gcc.dg/compat/struct-by-value-7a c_compat_x_tst.o-c_compat_y_tst.o execute
FAIL: gcc.dg/compat/struct-by-value-7b c_compat_x_tst.o-c_compat_y_tst.o execute
FAIL: gcc.dg/compat/vector-2 c_compat_y_tst.o compile
UNRESOLVED: gcc.dg/compat/vector-2 c_compat_x_tst.o-c_compat_y_tst.o link
UNRESOLVED: gcc.dg/compat/vector-2 c_compat_x_tst.o-c_compat_y_tst.o execute
FAIL: tmpdir-gcc.dg-struct-layout-1/t001 c_compat_x_tst.o-c_compat_y_tst.o execute
FAIL: tmpdir-gcc.dg-struct-layout-1/t011 c_compat_x_tst.o compile
UNRESOLVED: tmpdir-gcc.dg-struct-layout-1/t011 c_compat_x_tst.o-c_compat_y_tst.o link
UNRESOLVED: tmpdir-gcc.dg-struct-layout-1/t011 c_compat_x_tst.o-c_compat_y_tst.o execute
FAIL: tmpdir-gcc.dg-struct-layout-1/t024 c_compat_x_tst.o-c_compat_y_tst.o execute
FAIL: tmpdir-gcc.dg-struct-layout-1/t026 c_compat_x_tst.o-c_compat_y_tst.o execute
FAIL: tmpdir-gcc.dg-struct-layout-1/t027 c_compat_x_tst.o compile
FAIL: tmpdir-gcc.dg-struct-layout-1/t027 c_compat_y_tst.o compile
UNRESOLVED: tmpdir-gcc.dg-struct-layout-1/t027 c_compat_x_tst.o-c_compat_y_tst.o link
UNRESOLVED: tmpdir-gcc.dg-struct-layout-1/t027 c_compat_x_tst.o-c_compat_y_tst.o execute
FAIL: tmpdir-gcc.dg-struct-layout-1/t028 c_compat_x_tst.o compile
FAIL: tmpdir-gcc.dg-struct-layout-1/t028 c_compat_y_tst.o compile
UNRESOLVED: tmpdir-gcc.dg-struct-layout-1/t028 c_compat_x_tst.o-c_compat_y_tst.o link
UNRESOLVED: tmpdir-gcc.dg-struct-layout-1/t028 c_compat_x_tst.o-c_compat_y_tst.o execute
FAIL: gcc.dg/debug/dwarf2/dwarf-die7.c scan-assembler 1.*DW_AT_inline
FAIL: gcc.dg/20030225-2.c (test for excess errors)
FAIL: gcc.dg/c90-const-expr-3.c (test for excess errors)
FAIL: gcc.dg/c99-const-expr-3.c (test for excess errors)
WARNING: program timed out.
FAIL: gcc.dg/c99-intconst-1.c (test for excess errors)
FAIL: gcc.dg/ia64-asm-1.c (test for excess errors)
FAIL: gcc.dg/ia64-sync-1.c (test for excess errors)
FAIL: gcc.dg/ia64-sync-2.c (test for excess errors)
FAIL: gcc.dg/ia64-sync-3.c (test for excess errors)
FAIL: gcc.dg/uninit-H.c (test for bogus messages, line 20)
FAIL: gcc.dg/uninit-H.c (test for excess errors)
FAIL: gcc.dg/special/gcsec-1.c (test for excess errors)
FAIL: gcc.dg/tree-ssa/ifc-20040816-2.c scan-tree-dump-times Applying if-conversion 1
FAIL: gcc.dg/tree-ssa/loop-2.c scan-tree-dump-times arr_base.*= 0
FAIL: gcc.dg/tree-ssa/loop-2.c scan-tree-dump-times 1700 1
FAIL: gcc.dg/tree-ssa/loop-2.c scan-tree-dump-times iter 0
FAIL: gcc.dg/tree-ssa/loop-4.c scan-tree-dump-times arr_base.*= 0
FAIL: gcc.dg/tree-ssa/loop-4.c scan-tree-dump-times iter 0
FAIL: 96:is -:should be 1
FAIL: gcc.misc-tests/gcov-4.c gcov: 1 failures in line counts, 0 in branch percentages, 0 in return percentages
=== gcc Summary ===
# of expected passes 29543
# of unexpected failures 51
# of unexpected successes 2
# of expected failures 70
# of unresolved testcases 20
# of untested testcases 28
# of unsupported tests 465
/export/build/gnu/gcc/build-ia64-linux/gcc/xgcc version 4.0.0 20040914 (experimental)
=== gfortran tests ===
Running target unix
FAIL: gfortran.dg/assignment_1.f90 execution test
FAIL: gfortran.dg/assignment_1.f90 execution test
FAIL: gfortran.dg/assignment_1.f90 execution test
FAIL: gfortran.dg/assignment_1.f90 execution test
FAIL: gfortran.dg/assignment_1.f90 execution test
FAIL: gfortran.dg/assignment_1.f90 execution test
FAIL: gfortran.dg/assignment_1.f90 execution test
FAIL: gfortran.dg/assignment_1.f90 execution test
FAIL: gfortran.dg/auto_array_1.f90 execution test
FAIL: gfortran.dg/auto_array_1.f90 execution test
FAIL: gfortran.dg/auto_array_1.f90 execution test
FAIL: gfortran.dg/auto_array_1.f90 execution test
FAIL: gfortran.dg/auto_array_1.f90 execution test
FAIL: gfortran.dg/auto_array_1.f90 execution test
FAIL: gfortran.dg/auto_array_1.f90 execution test
FAIL: gfortran.dg/auto_array_1.f90 execution test
FAIL: gfortran.dg/blockdata_1.f90 execution test
FAIL: gfortran.dg/blockdata_1.f90 execution test
FAIL: gfortran.dg/blockdata_1.f90 execution test
FAIL: gfortran.dg/blockdata_1.f90 execution test
FAIL: gfortran.dg/blockdata_1.f90 execution test
FAIL: gfortran.dg/blockdata_1.f90 execution test
FAIL: gfortran.dg/blockdata_1.f90 execution test
FAIL: gfortran.dg/blockdata_1.f90 execution test
FAIL: gfortran.dg/common_pointer_1.f90 execution test
FAIL: gfortran.dg/common_pointer_1.f90 execution test
FAIL: gfortran.dg/common_pointer_1.f90 execution test
FAIL: gfortran.dg/common_pointer_1.f90 execution test
FAIL: gfortran.dg/common_pointer_1.f90 execution test
FAIL: gfortran.dg/common_pointer_1.f90 execution test
FAIL: gfortran.dg/common_pointer_1.f90 execution test
FAIL: gfortran.dg/common_pointer_1.f90 execution test
FAIL: gfortran.dg/contained_1.f90 execution test
FAIL: gfortran.dg/contained_1.f90 execution test
FAIL: gfortran.dg/contained_1.f90 execution test
FAIL: gfortran.dg/contained_1.f90 execution test
FAIL: gfortran.dg/contained_1.f90 execution test
FAIL: gfortran.dg/contained_1.f90 execution test
FAIL: gfortran.dg/contained_1.f90 execution test
FAIL: gfortran.dg/contained_1.f90 execution test
FAIL: gfortran.dg/der_array_1.f90 execution test
FAIL: gfortran.dg/der_array_1.f90 execution test
FAIL: gfortran.dg/der_array_1.f90 execution test
FAIL: gfortran.dg/der_array_1.f90 execution test
FAIL: gfortran.dg/der_array_1.f90 execution test
FAIL: gfortran.dg/der_array_1.f90 execution test
FAIL: gfortran.dg/der_array_1.f90 execution test
FAIL: gfortran.dg/der_array_1.f90 execution test
FAIL: gfortran.dg/dfloat_1.f90 execution test
FAIL: gfortran.dg/dfloat_1.f90 execution test
FAIL: gfortran.dg/dfloat_1.f90 execution test
FAIL: gfortran.dg/dfloat_1.f90 execution test
FAIL: gfortran.dg/dfloat_1.f90 execution test
FAIL: gfortran.dg/dfloat_1.f90 execution test
FAIL: gfortran.dg/dfloat_1.f90 execution test
FAIL: gfortran.dg/dfloat_1.f90 execution test
FAIL: gfortran.dg/edit_real_1.f90 execution test
FAIL: gfortran.dg/edit_real_1.f90 execution test
FAIL: gfortran.dg/edit_real_1.f90 execution test
FAIL: gfortran.dg/edit_real_1.f90 execution test
FAIL: gfortran.dg/edit_real_1.f90 execution test
FAIL: gfortran.dg/edit_real_1.f90 execution test
FAIL: gfortran.dg/edit_real_1.f90 execution test
FAIL: gfortran.dg/edit_real_1.f90 execution test
FAIL: gfortran.dg/eof_1.f90 execution test
FAIL: gfortran.dg/eof_1.f90 execution test
FAIL: gfortran.dg/eof_1.f90 execution test
FAIL: gfortran.dg/eof_1.f90 execution test
FAIL: gfortran.dg/eof_1.f90 execution test
FAIL: gfortran.dg/eof_1.f90 execution test
FAIL: gfortran.dg/eof_1.f90 execution test
FAIL: gfortran.dg/eof_1.f90 execution test
FAIL: gfortran.dg/eof_2.f90 execution test
FAIL: gfortran.dg/eof_2.f90 execution test
FAIL: gfortran.dg/eof_2.f90 execution test
FAIL: gfortran.dg/eof_2.f90 execution test
FAIL: gfortran.dg/eof_2.f90 execution test
FAIL: gfortran.dg/eof_2.f90 execution test
FAIL: gfortran.dg/eof_2.f90 execution test
FAIL: gfortran.dg/eof_2.f90 execution test
FAIL: gfortran.dg/func_derived_1.f90 execution test
FAIL: gfortran.dg/func_derived_1.f90 execution test
FAIL: gfortran.dg/func_derived_1.f90 execution test
FAIL: gfortran.dg/func_derived_1.f90 execution test
FAIL: gfortran.dg/func_derived_1.f90 execution test
FAIL: gfortran.dg/func_derived_1.f90 execution test
FAIL: gfortran.dg/func_derived_1.f90 execution test
FAIL: gfortran.dg/func_derived_1.f90 execution test
FAIL: gfortran.dg/list_read_1.f90 execution test
FAIL: gfortran.dg/list_read_1.f90 execution test
FAIL: gfortran.dg/list_read_1.f90 execution test
FAIL: gfortran.dg/list_read_1.f90 execution test
FAIL: gfortran.dg/list_read_1.f90 execution test
FAIL: gfortran.dg/list_read_1.f90 execution test
FAIL: gfortran.dg/list_read_1.f90 execution test
FAIL: gfortran.dg/list_read_1.f90 execution test
FAIL: gfortran.dg/list_read_2.f90 execution test
FAIL: gfortran.dg/list_read_2.f90 execution test
FAIL: gfortran.dg/list_read_2.f90 execution test
FAIL: gfortran.dg/list_read_2.f90 execution test
FAIL: gfortran.dg/list_read_2.f90 execution test
FAIL: gfortran.dg/list_read_2.f90 execution test
FAIL: gfortran.dg/list_read_2.f90 execution test
FAIL: gfortran.dg/list_read_2.f90 execution test
FAIL: gfortran.dg/merge_char_1.f90 execution test
FAIL: gfortran.dg/merge_char_1.f90 execution test
FAIL: gfortran.dg/merge_char_1.f90 execution test
FAIL: gfortran.dg/merge_char_1.f90 execution test
FAIL: gfortran.dg/merge_char_1.f90 execution test
FAIL: gfortran.dg/merge_char_1.f90 execution test
FAIL: gfortran.dg/merge_char_1.f90 execution test
FAIL: gfortran.dg/merge_char_1.f90 execution test
FAIL: gfortran.dg/pointer_init_1.f90 execution test
FAIL: gfortran.dg/pointer_init_1.f90 execution test
FAIL: gfortran.dg/pointer_init_1.f90 execution test
FAIL: gfortran.dg/pointer_init_1.f90 execution test
FAIL: gfortran.dg/pointer_init_1.f90 execution test
FAIL: gfortran.dg/pointer_init_1.f90 execution test
FAIL: gfortran.dg/pointer_init_1.f90 execution test
FAIL: gfortran.dg/pointer_init_1.f90 execution test
FAIL: gfortran.dg/pr15129.f90 execution test
FAIL: gfortran.dg/pr15129.f90 execution test
FAIL: gfortran.dg/pr15129.f90 execution test
FAIL: gfortran.dg/pr15129.f90 execution test
FAIL: gfortran.dg/pr15129.f90 execution test
FAIL: gfortran.dg/pr15129.f90 execution test
FAIL: gfortran.dg/pr15129.f90 execution test
FAIL: gfortran.dg/pr15129.f90 execution test
FAIL: gfortran.dg/pr15140.f90 execution test
FAIL: gfortran.dg/pr15140.f90 execution test
FAIL: gfortran.dg/pr15140.f90 execution test
FAIL: gfortran.dg/pr15140.f90 execution test
FAIL: gfortran.dg/pr15140.f90 execution test
FAIL: gfortran.dg/pr15140.f90 execution test
FAIL: gfortran.dg/pr15140.f90 execution test
FAIL: gfortran.dg/pr15140.f90 execution test
FAIL: gfortran.dg/pr15324.f90 execution test
FAIL: gfortran.dg/pr15324.f90 execution test
FAIL: gfortran.dg/pr15324.f90 execution test
FAIL: gfortran.dg/pr15324.f90 execution test
FAIL: gfortran.dg/pr15324.f90 execution test
FAIL: gfortran.dg/pr15324.f90 execution test
FAIL: gfortran.dg/pr15324.f90 execution test
FAIL: gfortran.dg/pr15324.f90 execution test
FAIL: gfortran.dg/pr16935.f90 execution test
FAIL: gfortran.dg/pr16935.f90 execution test
FAIL: gfortran.dg/pr16935.f90 execution test
FAIL: gfortran.dg/pr16935.f90 execution test
FAIL: gfortran.dg/pr16935.f90 execution test
FAIL: gfortran.dg/pr16935.f90 execution test
FAIL: gfortran.dg/pr16935.f90 execution test
FAIL: gfortran.dg/pr16935.f90 execution test
FAIL: gfortran.dg/pr17090.f90 execution test
FAIL: gfortran.dg/pr17090.f90 execution test
FAIL: gfortran.dg/pr17090.f90 execution test
FAIL: gfortran.dg/pr17090.f90 execution test
FAIL: gfortran.dg/pr17090.f90 execution test
FAIL: gfortran.dg/pr17090.f90 execution test
FAIL: gfortran.dg/pr17090.f90 execution test
FAIL: gfortran.dg/pr17090.f90 execution test
FAIL: gfortran.dg/reduction.f90 execution test
FAIL: gfortran.dg/reduction.f90 execution test
FAIL: gfortran.dg/reduction.f90 execution test
FAIL: gfortran.dg/reduction.f90 execution test
FAIL: gfortran.dg/reduction.f90 execution test
FAIL: gfortran.dg/reduction.f90 execution test
FAIL: gfortran.dg/reduction.f90 execution test
FAIL: gfortran.dg/reduction.f90 execution test
FAIL: gfortran.dg/ret_array_1.f90 execution test
FAIL: gfortran.dg/ret_array_1.f90 execution test
FAIL: gfortran.dg/ret_array_1.f90 execution test
FAIL: gfortran.dg/ret_array_1.f90 execution test
FAIL: gfortran.dg/ret_array_1.f90 execution test
FAIL: gfortran.dg/ret_array_1.f90 execution test
FAIL: gfortran.dg/ret_array_1.f90 execution test
FAIL: gfortran.dg/ret_array_1.f90 execution test
FAIL: gfortran.dg/rewind_1.f90 execution test
FAIL: gfortran.dg/rewind_1.f90 execution test
FAIL: gfortran.dg/rewind_1.f90 execution test
FAIL: gfortran.dg/rewind_1.f90 execution test
FAIL: gfortran.dg/rewind_1.f90 execution test
FAIL: gfortran.dg/rewind_1.f90 execution test
FAIL: gfortran.dg/rewind_1.f90 execution test
FAIL: gfortran.dg/rewind_1.f90 execution test
FAIL: gfortran.dg/simpleif_1.f90 execution test
FAIL: gfortran.dg/simpleif_1.f90 execution test
FAIL: gfortran.dg/simpleif_1.f90 execution test
FAIL: gfortran.dg/simpleif_1.f90 execution test
FAIL: gfortran.dg/simpleif_1.f90 execution test
FAIL: gfortran.dg/simpleif_1.f90 execution test
FAIL: gfortran.dg/simpleif_1.f90 execution test
FAIL: gfortran.dg/simpleif_1.f90 execution test
FAIL: gfortran.dg/string_ctor_1.f90 execution test
FAIL: gfortran.dg/string_ctor_1.f90 execution test
FAIL: gfortran.dg/string_ctor_1.f90 execution test
FAIL: gfortran.dg/string_ctor_1.f90 execution test
FAIL: gfortran.dg/string_ctor_1.f90 execution test
FAIL: gfortran.dg/string_ctor_1.f90 execution test
FAIL: gfortran.dg/string_ctor_1.f90 execution test
FAIL: gfortran.dg/string_ctor_1.f90 execution test
FAIL: gfortran.dg/g77/13037.f execution test
FAIL: gfortran.dg/g77/13037.f execution test
FAIL: gfortran.dg/g77/13037.f execution test
FAIL: gfortran.dg/g77/13037.f execution test
FAIL: gfortran.dg/g77/13037.f execution test
FAIL: gfortran.dg/g77/13037.f execution test
FAIL: gfortran.dg/g77/13037.f execution test
FAIL: gfortran.dg/g77/13037.f execution test
FAIL: gfortran.dg/g77/1832.f execution test
FAIL: gfortran.dg/g77/1832.f execution test
FAIL: gfortran.dg/g77/1832.f execution test
FAIL: gfortran.dg/g77/1832.f execution test
FAIL: gfortran.dg/g77/1832.f execution test
FAIL: gfortran.dg/g77/1832.f execution test
FAIL: gfortran.dg/g77/1832.f execution test
FAIL: gfortran.dg/g77/1832.f execution test
FAIL: gfortran.dg/g77/19981119-0.f execution test
FAIL: gfortran.dg/g77/19981119-0.f execution test
FAIL: gfortran.dg/g77/19981119-0.f execution test
FAIL: gfortran.dg/g77/19981119-0.f execution test
FAIL: gfortran.dg/g77/19981119-0.f execution test
FAIL: gfortran.dg/g77/19981119-0.f execution test
FAIL: gfortran.dg/g77/19981119-0.f execution test
FAIL: gfortran.dg/g77/19981119-0.f execution test
FAIL: gfortran.dg/g77/19990313-0.f execution test
FAIL: gfortran.dg/g77/19990313-0.f execution test
FAIL: gfortran.dg/g77/19990313-0.f execution test
FAIL: gfortran.dg/g77/19990313-0.f execution test
FAIL: gfortran.dg/g77/19990313-0.f execution test
FAIL: gfortran.dg/g77/19990313-0.f execution test
FAIL: gfortran.dg/g77/19990313-0.f execution test
FAIL: gfortran.dg/g77/19990313-0.f execution test
FAIL: gfortran.dg/g77/19990313-1.f execution test
FAIL: gfortran.dg/g77/19990313-1.f execution test
FAIL: gfortran.dg/g77/19990313-1.f execution test
FAIL: gfortran.dg/g77/19990313-1.f execution test
FAIL: gfortran.dg/g77/19990313-1.f execution test
FAIL: gfortran.dg/g77/19990313-1.f execution test
FAIL: gfortran.dg/g77/19990313-1.f execution test
FAIL: gfortran.dg/g77/19990313-1.f execution test
FAIL: gfortran.dg/g77/19990313-2.f execution test
FAIL: gfortran.dg/g77/19990313-2.f execution test
FAIL: gfortran.dg/g77/19990313-2.f execution test
FAIL: gfortran.dg/g77/19990313-2.f execution test
FAIL: gfortran.dg/g77/19990313-2.f execution test
FAIL: gfortran.dg/g77/19990313-2.f execution test
FAIL: gfortran.dg/g77/19990313-2.f execution test
FAIL: gfortran.dg/g77/19990313-2.f execution test
FAIL: gfortran.dg/g77/19990313-3.f execution test
FAIL: gfortran.dg/g77/19990313-3.f execution test
FAIL: gfortran.dg/g77/19990313-3.f execution test
FAIL: gfortran.dg/g77/19990313-3.f execution test
FAIL: gfortran.dg/g77/19990313-3.f execution test
FAIL: gfortran.dg/g77/19990313-3.f execution test
FAIL: gfortran.dg/g77/19990313-3.f execution test
FAIL: gfortran.dg/g77/19990313-3.f execution test
FAIL: gfortran.dg/g77/19990419-1.f execution test
FAIL: gfortran.dg/g77/19990419-1.f execution test
FAIL: gfortran.dg/g77/19990419-1.f execution test
FAIL: gfortran.dg/g77/19990419-1.f execution test
FAIL: gfortran.dg/g77/19990419-1.f execution test
FAIL: gfortran.dg/g77/19990419-1.f execution test
FAIL: gfortran.dg/g77/19990419-1.f execution test
FAIL: gfortran.dg/g77/19990419-1.f execution test
FAIL: gfortran.dg/g77/19990826-0.f execution test
FAIL: gfortran.dg/g77/19990826-0.f execution test
FAIL: gfortran.dg/g77/19990826-0.f execution test
FAIL: gfortran.dg/g77/19990826-0.f execution test
FAIL: gfortran.dg/g77/19990826-0.f execution test
FAIL: gfortran.dg/g77/19990826-0.f execution test
FAIL: gfortran.dg/g77/19990826-0.f execution test
FAIL: gfortran.dg/g77/19990826-0.f execution test
FAIL: gfortran.dg/g77/19990826-2.f execution test
FAIL: gfortran.dg/g77/19990826-2.f execution test
FAIL: gfortran.dg/g77/19990826-2.f execution test
FAIL: gfortran.dg/g77/19990826-2.f execution test
FAIL: gfortran.dg/g77/19990826-2.f execution test
FAIL: gfortran.dg/g77/19990826-2.f execution test
FAIL: gfortran.dg/g77/19990826-2.f execution test
FAIL: gfortran.dg/g77/19990826-2.f execution test
FAIL: gfortran.dg/g77/20000503-1.f execution test
FAIL: gfortran.dg/g77/20000503-1.f execution test
FAIL: gfortran.dg/g77/20000503-1.f execution test
FAIL: gfortran.dg/g77/20000503-1.f execution test
FAIL: gfortran.dg/g77/20000503-1.f execution test
FAIL: gfortran.dg/g77/20000503-1.f execution test
FAIL: gfortran.dg/g77/20000503-1.f execution test
FAIL: gfortran.dg/g77/20000503-1.f execution test
FAIL: gfortran.dg/g77/20001111.f execution test
FAIL: gfortran.dg/g77/20001111.f execution test
FAIL: gfortran.dg/g77/20001111.f execution test
FAIL: gfortran.dg/g77/20001111.f execution test
FAIL: gfortran.dg/g77/20001111.f execution test
FAIL: gfortran.dg/g77/20001111.f execution test
FAIL: gfortran.dg/g77/20001111.f execution test
FAIL: gfortran.dg/g77/20001111.f execution test
FAIL: gfortran.dg/g77/20010116.f execution test
FAIL: gfortran.dg/g77/20010116.f execution test
FAIL: gfortran.dg/g77/20010116.f execution test
FAIL: gfortran.dg/g77/20010116.f execution test
FAIL: gfortran.dg/g77/20010116.f execution test
FAIL: gfortran.dg/g77/20010116.f execution test
FAIL: gfortran.dg/g77/20010116.f execution test
FAIL: gfortran.dg/g77/20010116.f execution test
FAIL: gfortran.dg/g77/20010426-1.f execution test
FAIL: gfortran.dg/g77/20010426-1.f execution test
FAIL: gfortran.dg/g77/20010426-1.f execution test
FAIL: gfortran.dg/g77/20010426-1.f execution test
FAIL: gfortran.dg/g77/20010426-1.f execution test
FAIL: gfortran.dg/g77/20010426-1.f execution test
FAIL: gfortran.dg/g77/20010426-1.f execution test
FAIL: gfortran.dg/g77/20010426-1.f execution test
FAIL: gfortran.dg/g77/20010430.f execution test
FAIL: gfortran.dg/g77/20010430.f execution test
FAIL: gfortran.dg/g77/20010430.f execution test
FAIL: gfortran.dg/g77/20010430.f execution test
FAIL: gfortran.dg/g77/20010430.f execution test
FAIL: gfortran.dg/g77/20010430.f execution test
FAIL: gfortran.dg/g77/20010430.f execution test
FAIL: gfortran.dg/g77/20010430.f execution test
FAIL: gfortran.dg/g77/20010610.f execution test
FAIL: gfortran.dg/g77/20010610.f execution test
FAIL: gfortran.dg/g77/20010610.f execution test
FAIL: gfortran.dg/g77/20010610.f execution test
FAIL: gfortran.dg/g77/20010610.f execution test
FAIL: gfortran.dg/g77/20010610.f execution test
FAIL: gfortran.dg/g77/20010610.f execution test
FAIL: gfortran.dg/g77/20010610.f execution test
FAIL: gfortran.dg/g77/6177.f execution test
FAIL: gfortran.dg/g77/6177.f execution test
FAIL: gfortran.dg/g77/6177.f execution test
FAIL: gfortran.dg/g77/6177.f execution test
FAIL: gfortran.dg/g77/6177.f execution test
FAIL: gfortran.dg/g77/6177.f execution test
FAIL: gfortran.dg/g77/6177.f execution test
FAIL: gfortran.dg/g77/6177.f execution test
FAIL: gfortran.dg/g77/7388.f execution test
FAIL: gfortran.dg/g77/7388.f execution test
FAIL: gfortran.dg/g77/7388.f execution test
FAIL: gfortran.dg/g77/7388.f execution test
FAIL: gfortran.dg/g77/7388.f execution test
FAIL: gfortran.dg/g77/7388.f execution test
FAIL: gfortran.dg/g77/7388.f execution test
FAIL: gfortran.dg/g77/7388.f execution test
FAIL: gfortran.dg/g77/947.f execution test
FAIL: gfortran.dg/g77/947.f execution test
FAIL: gfortran.dg/g77/947.f execution test
FAIL: gfortran.dg/g77/947.f execution test
FAIL: gfortran.dg/g77/947.f execution test
FAIL: gfortran.dg/g77/947.f execution test
FAIL: gfortran.dg/g77/947.f execution test
FAIL: gfortran.dg/g77/947.f execution test
FAIL: gfortran.dg/g77/970816-3.f execution test
FAIL: gfortran.dg/g77/970816-3.f execution test
FAIL: gfortran.dg/g77/970816-3.f execution test
FAIL: gfortran.dg/g77/970816-3.f execution test
FAIL: gfortran.dg/g77/970816-3.f execution test
FAIL: gfortran.dg/g77/970816-3.f execution test
FAIL: gfortran.dg/g77/970816-3.f execution test
FAIL: gfortran.dg/g77/970816-3.f execution test
FAIL: gfortran.dg/g77/971102-1.f execution test
FAIL: gfortran.dg/g77/971102-1.f execution test
FAIL: gfortran.dg/g77/971102-1.f execution test
FAIL: gfortran.dg/g77/971102-1.f execution test
FAIL: gfortran.dg/g77/971102-1.f execution test
FAIL: gfortran.dg/g77/971102-1.f execution test
FAIL: gfortran.dg/g77/971102-1.f execution test
FAIL: gfortran.dg/g77/971102-1.f execution test
FAIL: gfortran.dg/g77/980520-1.f execution test
FAIL: gfortran.dg/g77/980520-1.f execution test
FAIL: gfortran.dg/g77/980520-1.f execution test
FAIL: gfortran.dg/g77/980520-1.f execution test
FAIL: gfortran.dg/g77/980520-1.f execution test
FAIL: gfortran.dg/g77/980520-1.f execution test
FAIL: gfortran.dg/g77/980520-1.f execution test
FAIL: gfortran.dg/g77/980520-1.f execution test
FAIL: gfortran.dg/g77/980628-0.f execution test
FAIL: gfortran.dg/g77/980628-0.f execution test
FAIL: gfortran.dg/g77/980628-0.f execution test
FAIL: gfortran.dg/g77/980628-0.f execution test
FAIL: gfortran.dg/g77/980628-0.f execution test
FAIL: gfortran.dg/g77/980628-0.f execution test
FAIL: gfortran.dg/g77/980628-0.f execution test
FAIL: gfortran.dg/g77/980628-0.f execution test
FAIL: gfortran.dg/g77/980628-1.f execution test
FAIL: gfortran.dg/g77/980628-1.f execution test
FAIL: gfortran.dg/g77/980628-1.f execution test
FAIL: gfortran.dg/g77/980628-1.f execution test
FAIL: gfortran.dg/g77/980628-1.f execution test
FAIL: gfortran.dg/g77/980628-1.f execution test
FAIL: gfortran.dg/g77/980628-1.f execution test
FAIL: gfortran.dg/g77/980628-1.f execution test
FAIL: gfortran.dg/g77/980628-10.f execution test
FAIL: gfortran.dg/g77/980628-10.f execution test
FAIL: gfortran.dg/g77/980628-10.f execution test
FAIL: gfortran.dg/g77/980628-10.f execution test
FAIL: gfortran.dg/g77/980628-10.f execution test
FAIL: gfortran.dg/g77/980628-10.f execution test
FAIL: gfortran.dg/g77/980628-10.f execution test
FAIL: gfortran.dg/g77/980628-10.f execution test
FAIL: gfortran.dg/g77/980628-2.f execution test
FAIL: gfortran.dg/g77/980628-2.f execution test
FAIL: gfortran.dg/g77/980628-2.f execution test
FAIL: gfortran.dg/g77/980628-2.f execution test
FAIL: gfortran.dg/g77/980628-2.f execution test
FAIL: gfortran.dg/g77/980628-2.f execution test
FAIL: gfortran.dg/g77/980628-2.f execution test
FAIL: gfortran.dg/g77/980628-2.f execution test
FAIL: gfortran.dg/g77/980628-3.f execution test
FAIL: gfortran.dg/g77/980628-3.f execution test
FAIL: gfortran.dg/g77/980628-3.f execution test
FAIL: gfortran.dg/g77/980628-3.f execution test
FAIL: gfortran.dg/g77/980628-3.f execution test
FAIL: gfortran.dg/g77/980628-3.f execution test
FAIL: gfortran.dg/g77/980628-3.f execution test
FAIL: gfortran.dg/g77/980628-3.f execution test
FAIL: gfortran.dg/g77/980628-7.f execution test
FAIL: gfortran.dg/g77/980628-7.f execution test
FAIL: gfortran.dg/g77/980628-7.f execution test
FAIL: gfortran.dg/g77/980628-7.f execution test
FAIL: gfortran.dg/g77/980628-7.f execution test
FAIL: gfortran.dg/g77/980628-7.f execution test
FAIL: gfortran.dg/g77/980628-7.f execution test
FAIL: gfortran.dg/g77/980628-7.f execution test
FAIL: gfortran.dg/g77/980628-8.f execution test
FAIL: gfortran.dg/g77/980628-8.f execution test
FAIL: gfortran.dg/g77/980628-8.f execution test
FAIL: gfortran.dg/g77/980628-8.f execution test
FAIL: gfortran.dg/g77/980628-8.f execution test
FAIL: gfortran.dg/g77/980628-8.f execution test
FAIL: gfortran.dg/g77/980628-8.f execution test
FAIL: gfortran.dg/g77/980628-8.f execution test
FAIL: gfortran.dg/g77/980628-9.f execution test
FAIL: gfortran.dg/g77/980628-9.f execution test
FAIL: gfortran.dg/g77/980628-9.f execution test
FAIL: gfortran.dg/g77/980628-9.f execution test
FAIL: gfortran.dg/g77/980628-9.f execution test
FAIL: gfortran.dg/g77/980628-9.f execution test
FAIL: gfortran.dg/g77/980628-9.f execution test
FAIL: gfortran.dg/g77/980628-9.f execution test
FAIL: gfortran.dg/g77/980701-0.f execution test
FAIL: gfortran.dg/g77/980701-0.f execution test
FAIL: gfortran.dg/g77/980701-0.f execution test
FAIL: gfortran.dg/g77/980701-0.f execution test
FAIL: gfortran.dg/g77/980701-0.f execution test
FAIL: gfortran.dg/g77/980701-0.f execution test
FAIL: gfortran.dg/g77/980701-0.f execution test
FAIL: gfortran.dg/g77/980701-0.f execution test
FAIL: gfortran.dg/g77/980701-1.f execution test
FAIL: gfortran.dg/g77/980701-1.f execution test
FAIL: gfortran.dg/g77/980701-1.f execution test
FAIL: gfortran.dg/g77/980701-1.f execution test
FAIL: gfortran.dg/g77/980701-1.f execution test
FAIL: gfortran.dg/g77/980701-1.f execution test
FAIL: gfortran.dg/g77/980701-1.f execution test
FAIL: gfortran.dg/g77/980701-1.f execution test
FAIL: gfortran.dg/g77/cabs.f execution test
FAIL: gfortran.dg/g77/cabs.f execution test
FAIL: gfortran.dg/g77/cabs.f execution test
FAIL: gfortran.dg/g77/cabs.f execution test
FAIL: gfortran.dg/g77/cabs.f execution test
FAIL: gfortran.dg/g77/cabs.f execution test
FAIL: gfortran.dg/g77/cabs.f execution test
FAIL: gfortran.dg/g77/cabs.f execution test
FAIL: gfortran.dg/g77/claus.f execution test
FAIL: gfortran.dg/g77/claus.f execution test
FAIL: gfortran.dg/g77/claus.f execution test
FAIL: gfortran.dg/g77/claus.f execution test
FAIL: gfortran.dg/g77/claus.f execution test
FAIL: gfortran.dg/g77/claus.f execution test
FAIL: gfortran.dg/g77/claus.f execution test
FAIL: gfortran.dg/g77/claus.f execution test
FAIL: gfortran.dg/g77/complex_1.f execution test
FAIL: gfortran.dg/g77/complex_1.f execution test
FAIL: gfortran.dg/g77/complex_1.f execution test
FAIL: gfortran.dg/g77/complex_1.f execution test
FAIL: gfortran.dg/g77/complex_1.f execution test
FAIL: gfortran.dg/g77/complex_1.f execution test
FAIL: gfortran.dg/g77/complex_1.f execution test
FAIL: gfortran.dg/g77/complex_1.f execution test
FAIL: gfortran.dg/g77/cpp3.F execution test
FAIL: gfortran.dg/g77/cpp3.F execution test
FAIL: gfortran.dg/g77/cpp3.F execution test
FAIL: gfortran.dg/g77/cpp3.F execution test
FAIL: gfortran.dg/g77/cpp3.F execution test
FAIL: gfortran.dg/g77/cpp3.F execution test
FAIL: gfortran.dg/g77/cpp3.F execution test
FAIL: gfortran.dg/g77/cpp3.F execution test
FAIL: gfortran.dg/g77/dcomplex.f execution test
FAIL: gfortran.dg/g77/dcomplex.f execution test
FAIL: gfortran.dg/g77/dcomplex.f execution test
FAIL: gfortran.dg/g77/dcomplex.f execution test
FAIL: gfortran.dg/g77/dcomplex.f execution test
FAIL: gfortran.dg/g77/dcomplex.f execution test
FAIL: gfortran.dg/g77/dcomplex.f execution test
FAIL: gfortran.dg/g77/dcomplex.f execution test
FAIL: gfortran.dg/g77/dnrm2.f execution test
FAIL: gfortran.dg/g77/dnrm2.f execution test
FAIL: gfortran.dg/g77/dnrm2.f execution test
FAIL: gfortran.dg/g77/dnrm2.f execution test
FAIL: gfortran.dg/g77/dnrm2.f execution test
FAIL: gfortran.dg/g77/dnrm2.f execution test
FAIL: gfortran.dg/g77/dnrm2.f execution test
FAIL: gfortran.dg/g77/dnrm2.f execution test
FAIL: gfortran.dg/g77/erfc.f execution test
FAIL: gfortran.dg/g77/erfc.f execution test
FAIL: gfortran.dg/g77/erfc.f execution test
FAIL: gfortran.dg/g77/erfc.f execution test
FAIL: gfortran.dg/g77/erfc.f execution test
FAIL: gfortran.dg/g77/erfc.f execution test
FAIL: gfortran.dg/g77/erfc.f execution test
FAIL: gfortran.dg/g77/erfc.f execution test
FAIL: gfortran.dg/g77/f77-edit-apostrophe-out.f execution test
FAIL: gfortran.dg/g77/f77-edit-apostrophe-out.f execution test
FAIL: gfortran.dg/g77/f77-edit-apostrophe-out.f execution test
FAIL: gfortran.dg/g77/f77-edit-apostrophe-out.f execution test
FAIL: gfortran.dg/g77/f77-edit-apostrophe-out.f execution test
FAIL: gfortran.dg/g77/f77-edit-apostrophe-out.f execution test
FAIL: gfortran.dg/g77/f77-edit-apostrophe-out.f execution test
FAIL: gfortran.dg/g77/f77-edit-apostrophe-out.f execution test
FAIL: gfortran.dg/g77/f77-edit-colon-out.f execution test
FAIL: gfortran.dg/g77/f77-edit-colon-out.f execution test
FAIL: gfortran.dg/g77/f77-edit-colon-out.f execution test
FAIL: gfortran.dg/g77/f77-edit-colon-out.f execution test
FAIL: gfortran.dg/g77/f77-edit-colon-out.f execution test
FAIL: gfortran.dg/g77/f77-edit-colon-out.f execution test
FAIL: gfortran.dg/g77/f77-edit-colon-out.f execution test
FAIL: gfortran.dg/g77/f77-edit-colon-out.f execution test
FAIL: gfortran.dg/g77/f77-edit-h-out.f execution test
FAIL: gfortran.dg/g77/f77-edit-h-out.f execution test
FAIL: gfortran.dg/g77/f77-edit-h-out.f execution test
FAIL: gfortran.dg/g77/f77-edit-h-out.f execution test
FAIL: gfortran.dg/g77/f77-edit-h-out.f execution test
FAIL: gfortran.dg/g77/f77-edit-h-out.f execution test
FAIL: gfortran.dg/g77/f77-edit-h-out.f execution test
FAIL: gfortran.dg/g77/f77-edit-h-out.f execution test
FAIL: gfortran.dg/g77/f77-edit-i-in.f execution test
FAIL: gfortran.dg/g77/f77-edit-i-in.f execution test
FAIL: gfortran.dg/g77/f77-edit-i-in.f execution test
FAIL: gfortran.dg/g77/f77-edit-i-in.f execution test
FAIL: gfortran.dg/g77/f77-edit-i-in.f execution test
FAIL: gfortran.dg/g77/f77-edit-i-in.f execution test
FAIL: gfortran.dg/g77/f77-edit-i-in.f execution test
FAIL: gfortran.dg/g77/f77-edit-i-in.f execution test
FAIL: gfortran.dg/g77/f77-edit-i-out.f execution test
FAIL: gfortran.dg/g77/f77-edit-i-out.f execution test
FAIL: gfortran.dg/g77/f77-edit-i-out.f execution test
FAIL: gfortran.dg/g77/f77-edit-i-out.f execution test
FAIL: gfortran.dg/g77/f77-edit-i-out.f execution test
FAIL: gfortran.dg/g77/f77-edit-i-out.f execution test
FAIL: gfortran.dg/g77/f77-edit-i-out.f execution test
FAIL: gfortran.dg/g77/f77-edit-i-out.f execution test
FAIL: gfortran.dg/g77/f77-edit-s-out.f execution test
FAIL: gfortran.dg/g77/f77-edit-s-out.f execution test
FAIL: gfortran.dg/g77/f77-edit-s-out.f execution test
FAIL: gfortran.dg/g77/f77-edit-s-out.f execution test
FAIL: gfortran.dg/g77/f77-edit-s-out.f execution test
FAIL: gfortran.dg/g77/f77-edit-s-out.f execution test
FAIL: gfortran.dg/g77/f77-edit-s-out.f execution test
FAIL: gfortran.dg/g77/f77-edit-s-out.f execution test
FAIL: gfortran.dg/g77/f77-edit-slash-out.f execution test
FAIL: gfortran.dg/g77/f77-edit-slash-out.f execution test
FAIL: gfortran.dg/g77/f77-edit-slash-out.f execution test
FAIL: gfortran.dg/g77/f77-edit-slash-out.f execution test
FAIL: gfortran.dg/g77/f77-edit-slash-out.f execution test
FAIL: gfortran.dg/g77/f77-edit-slash-out.f execution test
FAIL: gfortran.dg/g77/f77-edit-slash-out.f execution test
FAIL: gfortran.dg/g77/f77-edit-slash-out.f execution test
FAIL: gfortran.dg/g77/f77-edit-t-out.f execution test
FAIL: gfortran.dg/g77/f77-edit-t-out.f execution test
FAIL: gfortran.dg/g77/f77-edit-t-out.f execution test
FAIL: gfortran.dg/g77/f77-edit-t-out.f execution test
FAIL: gfortran.dg/g77/f77-edit-t-out.f execution test
FAIL: gfortran.dg/g77/f77-edit-t-out.f execution test
FAIL: gfortran.dg/g77/f77-edit-t-out.f execution test
FAIL: gfortran.dg/g77/f77-edit-t-out.f execution test
FAIL: gfortran.dg/g77/f77-edit-x-out.f execution test
FAIL: gfortran.dg/g77/f77-edit-x-out.f execution test
FAIL: gfortran.dg/g77/f77-edit-x-out.f execution test
FAIL: gfortran.dg/g77/f77-edit-x-out.f execution test
FAIL: gfortran.dg/g77/f77-edit-x-out.f execution test
FAIL: gfortran.dg/g77/f77-edit-x-out.f execution test
FAIL: gfortran.dg/g77/f77-edit-x-out.f execution test
FAIL: gfortran.dg/g77/f77-edit-x-out.f execution test
FAIL: gfortran.dg/g77/f90-intrinsic-mathematical.f execution test
FAIL: gfortran.dg/g77/f90-intrinsic-mathematical.f execution test
FAIL: gfortran.dg/g77/f90-intrinsic-mathematical.f execution test
FAIL: gfortran.dg/g77/f90-intrinsic-mathematical.f execution test
FAIL: gfortran.dg/g77/f90-intrinsic-mathematical.f execution test
FAIL: gfortran.dg/g77/f90-intrinsic-mathematical.f execution test
FAIL: gfortran.dg/g77/f90-intrinsic-mathematical.f execution test
FAIL: gfortran.dg/g77/f90-intrinsic-mathematical.f execution test
FAIL: gfortran.dg/g77/f90-intrinsic-numeric.f execution test
FAIL: gfortran.dg/g77/f90-intrinsic-numeric.f execution test
FAIL: gfortran.dg/g77/f90-intrinsic-numeric.f execution test
FAIL: gfortran.dg/g77/f90-intrinsic-numeric.f execution test
FAIL: gfortran.dg/g77/f90-intrinsic-numeric.f execution test
FAIL: gfortran.dg/g77/f90-intrinsic-numeric.f execution test
FAIL: gfortran.dg/g77/f90-intrinsic-numeric.f execution test
FAIL: gfortran.dg/g77/f90-intrinsic-numeric.f execution test
FAIL: gfortran.dg/g77/int8421.f execution test
FAIL: gfortran.dg/g77/int8421.f execution test
FAIL: gfortran.dg/g77/int8421.f execution test
FAIL: gfortran.dg/g77/int8421.f execution test
FAIL: gfortran.dg/g77/int8421.f execution test
FAIL: gfortran.dg/g77/int8421.f execution test
FAIL: gfortran.dg/g77/int8421.f execution test
FAIL: gfortran.dg/g77/int8421.f execution test
FAIL: gfortran.dg/g77/intrinsic-unix-bessel.f execution test
FAIL: gfortran.dg/g77/intrinsic-unix-bessel.f execution test
FAIL: gfortran.dg/g77/intrinsic-unix-bessel.f execution test
FAIL: gfortran.dg/g77/intrinsic-unix-bessel.f execution test
FAIL: gfortran.dg/g77/intrinsic-unix-bessel.f execution test
FAIL: gfortran.dg/g77/intrinsic-unix-bessel.f execution test
FAIL: gfortran.dg/g77/intrinsic-unix-bessel.f execution test
FAIL: gfortran.dg/g77/intrinsic-unix-bessel.f execution test
FAIL: gfortran.dg/g77/intrinsic-unix-erf.f execution test
FAIL: gfortran.dg/g77/intrinsic-unix-erf.f execution test
FAIL: gfortran.dg/g77/intrinsic-unix-erf.f execution test
FAIL: gfortran.dg/g77/intrinsic-unix-erf.f execution test
FAIL: gfortran.dg/g77/intrinsic-unix-erf.f execution test
FAIL: gfortran.dg/g77/intrinsic-unix-erf.f execution test
FAIL: gfortran.dg/g77/intrinsic-unix-erf.f execution test
FAIL: gfortran.dg/g77/intrinsic-unix-erf.f execution test
FAIL: gfortran.dg/g77/labug1.f execution test
FAIL: gfortran.dg/g77/labug1.f execution test
FAIL: gfortran.dg/g77/labug1.f execution test
FAIL: gfortran.dg/g77/labug1.f execution test
FAIL: gfortran.dg/g77/labug1.f execution test
FAIL: gfortran.dg/g77/labug1.f execution test
FAIL: gfortran.dg/g77/labug1.f execution test
FAIL: gfortran.dg/g77/labug1.f execution test
FAIL: gfortran.dg/g77/large_vec.f execution test
FAIL: gfortran.dg/g77/large_vec.f execution test
FAIL: gfortran.dg/g77/large_vec.f execution test
FAIL: gfortran.dg/g77/large_vec.f execution test
FAIL: gfortran.dg/g77/large_vec.f execution test
FAIL: gfortran.dg/g77/large_vec.f execution test
FAIL: gfortran.dg/g77/large_vec.f execution test
FAIL: gfortran.dg/g77/large_vec.f execution test
FAIL: gfortran.dg/g77/le.f execution test
FAIL: gfortran.dg/g77/le.f execution test
FAIL: gfortran.dg/g77/le.f execution test
FAIL: gfortran.dg/g77/le.f execution test
FAIL: gfortran.dg/g77/le.f execution test
FAIL: gfortran.dg/g77/le.f execution test
FAIL: gfortran.dg/g77/le.f execution test
FAIL: gfortran.dg/g77/le.f execution test
FAIL: gfortran.dg/g77/short.f execution test
FAIL: gfortran.dg/g77/short.f execution test
FAIL: gfortran.dg/g77/short.f execution test
FAIL: gfortran.dg/g77/short.f execution test
FAIL: gfortran.dg/g77/short.f execution test
FAIL: gfortran.dg/g77/short.f execution test
FAIL: gfortran.dg/g77/short.f execution test
FAIL: gfortran.dg/g77/short.f execution test
FAIL: gfortran.dg/g77/strlen0.f execution test
FAIL: gfortran.dg/g77/strlen0.f execution test
FAIL: gfortran.dg/g77/strlen0.f execution test
FAIL: gfortran.dg/g77/strlen0.f execution test
FAIL: gfortran.dg/g77/strlen0.f execution test
FAIL: gfortran.dg/g77/strlen0.f execution test
FAIL: gfortran.dg/g77/strlen0.f execution test
FAIL: gfortran.dg/g77/strlen0.f execution test
FAIL: gfortran.fortran-torture/execute/common.f90 execution, -O0
FAIL: gfortran.fortran-torture/execute/common.f90 execution, -O1
FAIL: gfortran.fortran-torture/execute/common.f90 execution, -O2
FAIL: gfortran.fortran-torture/execute/common.f90 execution, -O3 -fomit-frame-pointer
FAIL: gfortran.fortran-torture/execute/common.f90 execution, -O3 -fomit-frame-pointer -funroll-loops
FAIL: gfortran.fortran-torture/execute/common.f90 execution, -O3 -fomit-frame-pointer -funroll-all-loops -finline-functions
FAIL: gfortran.fortran-torture/execute/common.f90 execution, -O3 -g
FAIL: gfortran.fortran-torture/execute/common.f90 execution, -Os
FAIL: gfortran.fortran-torture/execute/contained_3.f90 compilation, -O2
FAIL: gfortran.fortran-torture/execute/contained_3.f90 compilation, -O3 -fomit-frame-pointer
FAIL: gfortran.fortran-torture/execute/contained_3.f90 compilation, -O3 -fomit-frame-pointer -funroll-loops
FAIL: gfortran.fortran-torture/execute/contained_3.f90 compilation, -O3 -fomit-frame-pointer -funroll-all-loops -finline-functions
FAIL: gfortran.fortran-torture/execute/contained_3.f90 compilation, -O3 -g
FAIL: gfortran.fortran-torture/execute/contained_3.f90 compilation, -Os
FAIL: gfortran.fortran-torture/execute/equiv_1.f90 execution, -O0
FAIL: gfortran.fortran-torture/execute/equiv_1.f90 execution, -O1
FAIL: gfortran.fortran-torture/execute/equiv_1.f90 execution, -O2
FAIL: gfortran.fortran-torture/execute/equiv_1.f90 execution, -O3 -fomit-frame-pointer
FAIL: gfortran.fortran-torture/execute/equiv_1.f90 execution, -O3 -fomit-frame-pointer -funroll-loops
FAIL: gfortran.fortran-torture/execute/equiv_1.f90 execution, -O3 -fomit-frame-pointer -funroll-all-loops -finline-functions
FAIL: gfortran.fortran-torture/execute/equiv_1.f90 execution, -O3 -g
FAIL: gfortran.fortran-torture/execute/equiv_1.f90 execution, -Os
FAIL: gfortran.fortran-torture/execute/equiv_init_1.f90 execution, -O0
FAIL: gfortran.fortran-torture/execute/equiv_init_1.f90 execution, -O1
FAIL: gfortran.fortran-torture/execute/equiv_init_1.f90 execution, -O2
FAIL: gfortran.fortran-torture/execute/equiv_init_1.f90 execution, -O3 -fomit-frame-pointer
FAIL: gfortran.fortran-torture/execute/equiv_init_1.f90 execution, -O3 -fomit-frame-pointer -funroll-loops
FAIL: gfortran.fortran-torture/execute/equiv_init_1.f90 execution, -O3 -fomit-frame-pointer -funroll-all-loops -finline-functions
FAIL: gfortran.fortran-torture/execute/equiv_init_1.f90 execution, -O3 -g
FAIL: gfortran.fortran-torture/execute/equiv_init_1.f90 execution, -Os
FAIL: gfortran.fortran-torture/execute/forall_3.f90 execution, -O0
FAIL: gfortran.fortran-torture/execute/forall_3.f90 execution, -O1
FAIL: gfortran.fortran-torture/execute/forall_3.f90 execution, -O2
FAIL: gfortran.fortran-torture/execute/forall_3.f90 execution, -O3 -fomit-frame-pointer
FAIL: gfortran.fortran-torture/execute/forall_3.f90 execution, -O3 -fomit-frame-pointer -funroll-loops
FAIL: gfortran.fortran-torture/execute/forall_3.f90 execution, -O3 -fomit-frame-pointer -funroll-all-loops -finline-functions
FAIL: gfortran.fortran-torture/execute/forall_3.f90 execution, -O3 -g
FAIL: gfortran.fortran-torture/execute/forall_3.f90 execution, -Os
FAIL: gfortran.fortran-torture/execute/intrinsic_mod_ulo.f90 compilation, -Os
FAIL: gfortran.fortran-torture/execute/intrinsic_nearest.f90 execution, -O0
FAIL: gfortran.fortran-torture/execute/intrinsic_nearest.f90 execution, -O1
FAIL: gfortran.fortran-torture/execute/intrinsic_nearest.f90 execution, -O2
FAIL: gfortran.fortran-torture/execute/intrinsic_nearest.f90 execution, -O3 -fomit-frame-pointer
FAIL: gfortran.fortran-torture/execute/intrinsic_nearest.f90 execution, -O3 -fomit-frame-pointer -funroll-loops
FAIL: gfortran.fortran-torture/execute/intrinsic_nearest.f90 execution, -O3 -fomit-frame-pointer -funroll-all-loops -finline-functions
FAIL: gfortran.fortran-torture/execute/intrinsic_nearest.f90 execution, -O3 -g
FAIL: gfortran.fortran-torture/execute/intrinsic_nearest.f90 execution, -Os
FAIL: gfortran.fortran-torture/execute/st_function.f90 compilation, -O2
FAIL: gfortran.fortran-torture/execute/st_function.f90 compilation, -O3 -fomit-frame-pointer
FAIL: gfortran.fortran-torture/execute/st_function.f90 compilation, -O3 -fomit-frame-pointer -funroll-loops
FAIL: gfortran.fortran-torture/execute/st_function.f90 compilation, -O3 -fomit-frame-pointer -funroll-all-loops -finline-functions
FAIL: gfortran.fortran-torture/execute/st_function.f90 compilation, -O3 -g
FAIL: gfortran.fortran-torture/execute/st_function.f90 compilation, -Os
=== gfortran Summary ===
# of expected passes 3577
# of unexpected failures 717
# of expected failures 19
# of untested testcases 13
# of unsupported tests 8
/export/build/gnu/gcc/build-ia64-linux/gcc/testsuite/../gfortran version 4.0.0 20040914 (experimental)
=== g++ tests ===
Running target unix
FAIL: g++.dg/abi/inline1.C scan-assembler-not _ZTV1S
FAIL: g++.dg/inherit/thunk1.C (test for excess errors)
WARNING: g++.dg/inherit/thunk1.C compilation failed to produce executable
WARNING: program timed out.
FAIL: g++.dg/opt/longbranch1.C (test for excess errors)
WARNING: program timed out.
FAIL: g++.dg/parse/stack1.C (test for excess errors)
XPASS: g++.dg/rtti/tinfo1.C scan-assembler _ZTIP9CTemplateIhE:
XPASS: g++.dg/rtti/tinfo1.C scan-assembler-not .globl[ \\t]+_ZTIP9CTemplateIhE
XPASS: g++.dg/rtti/tinfo1.C scan-assembler-not .section[^\\n\\r]*_ZTIP9CTemplateIhE[^\\n\\r]*
FAIL: 102:is -:should be 1
FAIL: g++.dg/gcov/gcov-1.C gcov: 1 failures in line counts, 0 in branch percentages, 0 in return percentages
WARNING: g++.old-deja/g++.mike/p10769a.C compilation failed to produce executable
WARNING: g++.old-deja/g++.other/enum5.C compilation failed to produce executable
WARNING: g++.old-deja/g++.pt/friend44.C compilation failed to produce executable
=== g++ Summary ===
# of expected passes 9719
# of unexpected failures 6
# of unexpected successes 3
# of expected failures 79
# of unsupported tests 80
/export/build/gnu/gcc/build-ia64-linux/gcc/testsuite/../g++ version 4.0.0 20040914 (experimental)
=== objc tests ===
Running target unix
FAIL: objc.dg/proto-lossage-4.m (test for excess errors)
=== objc Summary ===
# of expected passes 1420
# of unexpected failures 1
# of unsupported tests 7
/export/build/gnu/gcc/build-ia64-linux/gcc/xgcc version 4.0.0 20040914 (experimental)
=== libffi tests ===
Running target unix
FAIL: libffi.call/cls_64byte.c execution test
FAIL: libffi.call/cls_align_longdouble.c output pattern test, is 12 0 0 181 0 56: 193 0 56
FAIL: libffi.call/float.c execution test
FAIL: libffi.call/float2.c execution test
=== libffi Summary ===
# of expected passes 207
# of unexpected failures 4
# of unsupported tests 2
=== libjava tests ===
Running target unix
WARNING: program timed out.
FAIL: Thread_Wait_2 compilation from bytecode
=== libjava Summary ===
# of expected passes 3570
# of unexpected failures 1
# of expected failures 14
# of untested testcases 18
=== libmudflap tests ===
Running target unix
FAIL: libmudflap.c++/pass41-frag.cxx (test for excess errors)
WARNING: libmudflap.c++/pass41-frag.cxx compilation failed to produce executable
FAIL: libmudflap.c++/pass41-frag.cxx (-O2) (test for excess errors)
WARNING: libmudflap.c++/pass41-frag.cxx (-O2) compilation failed to produce executable
FAIL: libmudflap.c++/pass41-frag.cxx (-O3) (test for excess errors)
WARNING: libmudflap.c++/pass41-frag.cxx (-O3) compilation failed to produce executable
FAIL: ctors-12 linkage
FAIL: ctors-21 linkage
WARNING: program timed out.
FAIL: ctors-12 execution
WARNING: program timed out.
FAIL: ctors-21 execution
FAIL: ctors-12 linkage -static
FAIL: ctors-21 linkage -static
WARNING: program timed out.
FAIL: ctors-12 execution -static
WARNING: program timed out.
FAIL: ctors-21 execution -static
FAIL: ctors-12 linkage -O2
FAIL: ctors-21 linkage -O2
WARNING: program timed out.
FAIL: ctors-12 execution -O2
WARNING: program timed out.
FAIL: ctors-21 execution -O2
FAIL: ctors-12 linkage -O3
FAIL: ctors-21 linkage -O3
WARNING: program timed out.
FAIL: ctors-12 execution -O3
WARNING: program timed out.
FAIL: ctors-21 execution -O3
WARNING: program timed out.
FAIL: libmudflap.cth/pass37-frag.c execution test
FAIL: libmudflap.cth/pass37-frag.c output pattern test
WARNING: program timed out.
FAIL: libmudflap.cth/pass37-frag.c (rerun 1) execution test
FAIL: libmudflap.cth/pass37-frag.c (rerun 1) output pattern test
WARNING: program timed out.
FAIL: libmudflap.cth/pass37-frag.c (rerun 2) execution test
FAIL: libmudflap.cth/pass37-frag.c (rerun 2) output pattern test
WARNING: program timed out.
FAIL: libmudflap.cth/pass37-frag.c (rerun 3) execution test
FAIL: libmudflap.cth/pass37-frag.c (rerun 3) output pattern test
WARNING: program timed out.
FAIL: libmudflap.cth/pass37-frag.c (rerun 10) execution test
FAIL: libmudflap.cth/pass37-frag.c (rerun 10) output pattern test
WARNING: program timed out.
FAIL: libmudflap.cth/pass37-frag.c (rerun 11) execution test
FAIL: libmudflap.cth/pass37-frag.c (rerun 11) output pattern test
WARNING: program timed out.
FAIL: libmudflap.cth/pass37-frag.c (rerun 12) execution test
FAIL: libmudflap.cth/pass37-frag.c (rerun 12) output pattern test
WARNING: program timed out.
FAIL: libmudflap.cth/pass37-frag.c (rerun 13) execution test
FAIL: libmudflap.cth/pass37-frag.c (rerun 13) output pattern test
WARNING: program timed out.
FAIL: libmudflap.cth/pass37-frag.c (rerun 14) execution test
FAIL: libmudflap.cth/pass37-frag.c (rerun 14) output pattern test
WARNING: program timed out.
FAIL: libmudflap.cth/pass37-frag.c (rerun 15) execution test
FAIL: libmudflap.cth/pass37-frag.c (rerun 15) output pattern test
WARNING: program timed out.
FAIL: libmudflap.cth/pass37-frag.c (rerun 16) execution test
FAIL: libmudflap.cth/pass37-frag.c (rerun 16) output pattern test
WARNING: program timed out.
FAIL: libmudflap.cth/pass37-frag.c (rerun 17) execution test
FAIL: libmudflap.cth/pass37-frag.c (rerun 17) output pattern test
WARNING: program timed out.
FAIL: libmudflap.cth/pass37-frag.c (rerun 19) execution test
FAIL: libmudflap.cth/pass37-frag.c (rerun 19) output pattern test
WARNING: program timed out.
FAIL: libmudflap.cth/pass39-frag.c execution test
FAIL: libmudflap.cth/pass39-frag.c output pattern test
WARNING: program timed out.
FAIL: libmudflap.cth/pass39-frag.c (rerun 1) execution test
FAIL: libmudflap.cth/pass39-frag.c (rerun 1) output pattern test
WARNING: program timed out.
FAIL: libmudflap.cth/pass39-frag.c (rerun 2) execution test
FAIL: libmudflap.cth/pass39-frag.c (rerun 2) output pattern test
WARNING: program timed out.
FAIL: libmudflap.cth/pass39-frag.c (rerun 3) execution test
FAIL: libmudflap.cth/pass39-frag.c (rerun 3) output pattern test
WARNING: program timed out.
FAIL: libmudflap.cth/pass39-frag.c (rerun 4) execution test
FAIL: libmudflap.cth/pass39-frag.c (rerun 4) output pattern test
WARNING: program timed out.
FAIL: libmudflap.cth/pass39-frag.c (rerun 5) execution test
FAIL: libmudflap.cth/pass39-frag.c (rerun 5) output pattern test
WARNING: program timed out.
FAIL: libmudflap.cth/pass39-frag.c (rerun 6) execution test
FAIL: libmudflap.cth/pass39-frag.c (rerun 6) output pattern test
WARNING: program timed out.
FAIL: libmudflap.cth/pass39-frag.c (rerun 7) execution test
FAIL: libmudflap.cth/pass39-frag.c (rerun 7) output pattern test
WARNING: program timed out.
FAIL: libmudflap.cth/pass39-frag.c (rerun 8) execution test
FAIL: libmudflap.cth/pass39-frag.c (rerun 8) output pattern test
WARNING: program timed out.
FAIL: libmudflap.cth/pass39-frag.c (rerun 9) execution test
FAIL: libmudflap.cth/pass39-frag.c (rerun 9) output pattern test
WARNING: program timed out.
FAIL: libmudflap.cth/pass39-frag.c (rerun 10) execution test
FAIL: libmudflap.cth/pass39-frag.c (rerun 10) output pattern test
WARNING: program timed out.
FAIL: libmudflap.cth/pass39-frag.c (rerun 11) execution test
FAIL: libmudflap.cth/pass39-frag.c (rerun 11) output pattern test
WARNING: program timed out.
FAIL: libmudflap.cth/pass39-frag.c (rerun 12) execution test
FAIL: libmudflap.cth/pass39-frag.c (rerun 12) output pattern test
WARNING: program timed out.
FAIL: libmudflap.cth/pass39-frag.c (rerun 13) execution test
FAIL: libmudflap.cth/pass39-frag.c (rerun 13) output pattern test
WARNING: program timed out.
FAIL: libmudflap.cth/pass39-frag.c (rerun 15) execution test
FAIL: libmudflap.cth/pass39-frag.c (rerun 15) output pattern test
WARNING: program timed out.
FAIL: libmudflap.cth/pass39-frag.c (rerun 16) execution test
FAIL: libmudflap.cth/pass39-frag.c (rerun 16) output pattern test
WARNING: program timed out.
FAIL: libmudflap.cth/pass39-frag.c (rerun 17) execution test
FAIL: libmudflap.cth/pass39-frag.c (rerun 17) output pattern test
WARNING: program timed out.
FAIL: libmudflap.cth/pass39-frag.c (rerun 18) execution test
FAIL: libmudflap.cth/pass39-frag.c (rerun 18) output pattern test
WARNING: program timed out.
FAIL: libmudflap.cth/pass39-frag.c (rerun 19) execution test
FAIL: libmudflap.cth/pass39-frag.c (rerun 19) output pattern test
WARNING: program timed out.
FAIL: libmudflap.cth/pass40-frag.c execution test
FAIL: libmudflap.cth/pass40-frag.c output pattern test
WARNING: program timed out.
FAIL: libmudflap.cth/pass37-frag.c (-static -DSTATIC) execution test
FAIL: libmudflap.cth/pass37-frag.c (-static -DSTATIC) output pattern test
WARNING: program timed out.
FAIL: libmudflap.cth/pass37-frag.c (-static -DSTATIC) (rerun 1) execution test
FAIL: libmudflap.cth/pass37-frag.c (-static -DSTATIC) (rerun 1) output pattern test
WARNING: program timed out.
FAIL: libmudflap.cth/pass39-frag.c (-static -DSTATIC) execution test
FAIL: libmudflap.cth/pass39-frag.c (-static -DSTATIC) output pattern test
WARNING: program timed out.
FAIL: libmudflap.cth/pass39-frag.c (-static -DSTATIC) (rerun 16) execution test
FAIL: libmudflap.cth/pass39-frag.c (-static -DSTATIC) (rerun 16) output pattern test
WARNING: program timed out.
FAIL: libmudflap.cth/pass39-frag.c (-static -DSTATIC) (rerun 17) execution test
FAIL: libmudflap.cth/pass39-frag.c (-static -DSTATIC) (rerun 17) output pattern test
WARNING: program timed out.
FAIL: libmudflap.cth/pass39-frag.c (-static -DSTATIC) (rerun 18) execution test
FAIL: libmudflap.cth/pass39-frag.c (-static -DSTATIC) (rerun 18) output pattern test
WARNING: program timed out.
FAIL: libmudflap.cth/pass39-frag.c (-static -DSTATIC) (rerun 19) execution test
FAIL: libmudflap.cth/pass39-frag.c (-static -DSTATIC) (rerun 19) output pattern test
WARNING: program timed out.
FAIL: libmudflap.cth/pass39-frag.c (-O2) execution test
FAIL: libmudflap.cth/pass39-frag.c (-O2) output pattern test
WARNING: program timed out.
FAIL: libmudflap.cth/pass39-frag.c (-O2) (rerun 1) execution test
FAIL: libmudflap.cth/pass39-frag.c (-O2) (rerun 1) output pattern test
WARNING: program timed out.
FAIL: libmudflap.cth/pass39-frag.c (-O2) (rerun 2) execution test
FAIL: libmudflap.cth/pass39-frag.c (-O2) (rerun 2) output pattern test
WARNING: program timed out.
FAIL: libmudflap.cth/pass39-frag.c (-O2) (rerun 3) execution test
FAIL: libmudflap.cth/pass39-frag.c (-O2) (rerun 3) output pattern test
WARNING: program timed out.
FAIL: libmudflap.cth/pass39-frag.c (-O2) (rerun 4) execution test
FAIL: libmudflap.cth/pass39-frag.c (-O2) (rerun 4) output pattern test
WARNING: program timed out.
FAIL: libmudflap.cth/pass39-frag.c (-O2) (rerun 5) execution test
FAIL: libmudflap.cth/pass39-frag.c (-O2) (rerun 5) output pattern test
WARNING: program timed out.
FAIL: libmudflap.cth/pass39-frag.c (-O2) (rerun 6) execution test
FAIL: libmudflap.cth/pass39-frag.c (-O2) (rerun 6) output pattern test
WARNING: program timed out.
FAIL: libmudflap.cth/pass39-frag.c (-O2) (rerun 7) execution test
FAIL: libmudflap.cth/pass39-frag.c (-O2) (rerun 7) output pattern test
WARNING: program timed out.
FAIL: libmudflap.cth/pass39-frag.c (-O2) (rerun 8) execution test
FAIL: libmudflap.cth/pass39-frag.c (-O2) (rerun 8) output pattern test
WARNING: program timed out.
FAIL: libmudflap.cth/pass39-frag.c (-O2) (rerun 9) execution test
FAIL: libmudflap.cth/pass39-frag.c (-O2) (rerun 9) output pattern test
WARNING: program timed out.
FAIL: libmudflap.cth/pass39-frag.c (-O2) (rerun 10) execution test
FAIL: libmudflap.cth/pass39-frag.c (-O2) (rerun 10) output pattern test
WARNING: program timed out.
FAIL: libmudflap.cth/pass39-frag.c (-O2) (rerun 11) execution test
FAIL: libmudflap.cth/pass39-frag.c (-O2) (rerun 11) output pattern test
WARNING: program timed out.
FAIL: libmudflap.cth/pass39-frag.c (-O2) (rerun 12) execution test
FAIL: libmudflap.cth/pass39-frag.c (-O2) (rerun 12) output pattern test
WARNING: program timed out.
FAIL: libmudflap.cth/pass39-frag.c (-O2) (rerun 13) execution test
FAIL: libmudflap.cth/pass39-frag.c (-O2) (rerun 13) output pattern test
WARNING: program timed out.
FAIL: libmudflap.cth/pass39-frag.c (-O2) (rerun 14) execution test
FAIL: libmudflap.cth/pass39-frag.c (-O2) (rerun 14) output pattern test
WARNING: program timed out.
FAIL: libmudflap.cth/pass39-frag.c (-O2) (rerun 15) execution test
FAIL: libmudflap.cth/pass39-frag.c (-O2) (rerun 15) output pattern test
WARNING: program timed out.
FAIL: libmudflap.cth/pass39-frag.c (-O2) (rerun 16) execution test
FAIL: libmudflap.cth/pass39-frag.c (-O2) (rerun 16) output pattern test
WARNING: program timed out.
FAIL: libmudflap.cth/pass39-frag.c (-O2) (rerun 17) execution test
FAIL: libmudflap.cth/pass39-frag.c (-O2) (rerun 17) output pattern test
WARNING: program timed out.
FAIL: libmudflap.cth/pass39-frag.c (-O2) (rerun 18) execution test
FAIL: libmudflap.cth/pass39-frag.c (-O2) (rerun 18) output pattern test
WARNING: program timed out.
FAIL: libmudflap.cth/pass39-frag.c (-O2) (rerun 19) execution test
FAIL: libmudflap.cth/pass39-frag.c (-O2) (rerun 19) output pattern test
WARNING: program timed out.
FAIL: libmudflap.cth/pass40-frag.c (-O2) execution test
FAIL: libmudflap.cth/pass40-frag.c (-O2) output pattern test
WARNING: program timed out.
FAIL: libmudflap.cth/pass37-frag.c (-O3) execution test
FAIL: libmudflap.cth/pass37-frag.c (-O3) output pattern test
WARNING: program timed out.
FAIL: libmudflap.cth/pass37-frag.c (-O3) (rerun 1) execution test
FAIL: libmudflap.cth/pass37-frag.c (-O3) (rerun 1) output pattern test
WARNING: program timed out.
FAIL: libmudflap.cth/pass37-frag.c (-O3) (rerun 2) execution test
FAIL: libmudflap.cth/pass37-frag.c (-O3) (rerun 2) output pattern test
WARNING: program timed out.
FAIL: libmudflap.cth/pass37-frag.c (-O3) (rerun 3) execution test
FAIL: libmudflap.cth/pass37-frag.c (-O3) (rerun 3) output pattern test
WARNING: program timed out.
FAIL: libmudflap.cth/pass37-frag.c (-O3) (rerun 4) execution test
FAIL: libmudflap.cth/pass37-frag.c (-O3) (rerun 4) output pattern test
WARNING: program timed out.
FAIL: libmudflap.cth/pass37-frag.c (-O3) (rerun 5) execution test
FAIL: libmudflap.cth/pass37-frag.c (-O3) (rerun 5) output pattern test
WARNING: program timed out.
FAIL: libmudflap.cth/pass37-frag.c (-O3) (rerun 6) execution test
FAIL: libmudflap.cth/pass37-frag.c (-O3) (rerun 6) output pattern test
WARNING: program timed out.
FAIL: libmudflap.cth/pass37-frag.c (-O3) (rerun 7) execution test
FAIL: libmudflap.cth/pass37-frag.c (-O3) (rerun 7) output pattern test
WARNING: program timed out.
FAIL: libmudflap.cth/pass37-frag.c (-O3) (rerun 8) execution test
FAIL: libmudflap.cth/pass37-frag.c (-O3) (rerun 8) output pattern test
WARNING: program timed out.
FAIL: libmudflap.cth/pass37-frag.c (-O3) (rerun 9) execution test
FAIL: libmudflap.cth/pass37-frag.c (-O3) (rerun 9) output pattern test
WARNING: program timed out.
FAIL: libmudflap.cth/pass37-frag.c (-O3) (rerun 10) execution test
FAIL: libmudflap.cth/pass37-frag.c (-O3) (rerun 10) output pattern test
WARNING: program timed out.
FAIL: libmudflap.cth/pass37-frag.c (-O3) (rerun 11) execution test
FAIL: libmudflap.cth/pass37-frag.c (-O3) (rerun 11) output pattern test
WARNING: program timed out.
FAIL: libmudflap.cth/pass37-frag.c (-O3) (rerun 12) execution test
FAIL: libmudflap.cth/pass37-frag.c (-O3) (rerun 12) output pattern test
WARNING: program timed out.
FAIL: libmudflap.cth/pass37-frag.c (-O3) (rerun 13) execution test
FAIL: libmudflap.cth/pass37-frag.c (-O3) (rerun 13) output pattern test
WARNING: program timed out.
FAIL: libmudflap.cth/pass37-frag.c (-O3) (rerun 14) execution test
FAIL: libmudflap.cth/pass37-frag.c (-O3) (rerun 14) output pattern test
WARNING: program timed out.
FAIL: libmudflap.cth/pass37-frag.c (-O3) (rerun 15) execution test
FAIL: libmudflap.cth/pass37-frag.c (-O3) (rerun 15) output pattern test
WARNING: program timed out.
FAIL: libmudflap.cth/pass37-frag.c (-O3) (rerun 16) execution test
FAIL: libmudflap.cth/pass37-frag.c (-O3) (rerun 16) output pattern test
WARNING: program timed out.
FAIL: libmudflap.cth/pass37-frag.c (-O3) (rerun 19) execution test
FAIL: libmudflap.cth/pass37-frag.c (-O3) (rerun 19) output pattern test
WARNING: program timed out.
FAIL: libmudflap.cth/pass39-frag.c (-O3) execution test
FAIL: libmudflap.cth/pass39-frag.c (-O3) output pattern test
WARNING: program timed out.
FAIL: libmudflap.cth/pass39-frag.c (-O3) (rerun 1) execution test
FAIL: libmudflap.cth/pass39-frag.c (-O3) (rerun 1) output pattern test
WARNING: program timed out.
FAIL: libmudflap.cth/pass39-frag.c (-O3) (rerun 2) execution test
FAIL: libmudflap.cth/pass39-frag.c (-O3) (rerun 2) output pattern test
WARNING: program timed out.
FAIL: libmudflap.cth/pass39-frag.c (-O3) (rerun 5) execution test
FAIL: libmudflap.cth/pass39-frag.c (-O3) (rerun 5) output pattern test
WARNING: program timed out.
FAIL: libmudflap.cth/pass39-frag.c (-O3) (rerun 6) execution test
FAIL: libmudflap.cth/pass39-frag.c (-O3) (rerun 6) output pattern test
WARNING: program timed out.
FAIL: libmudflap.cth/pass39-frag.c (-O3) (rerun 7) execution test
FAIL: libmudflap.cth/pass39-frag.c (-O3) (rerun 7) output pattern test
WARNING: program timed out.
FAIL: libmudflap.cth/pass39-frag.c (-O3) (rerun 8) execution test
FAIL: libmudflap.cth/pass39-frag.c (-O3) (rerun 8) output pattern test
WARNING: program timed out.
FAIL: libmudflap.cth/pass40-frag.c (-O3) execution test
FAIL: libmudflap.cth/pass40-frag.c (-O3) output pattern test
=== libmudflap Summary ===
# of expected passes 972
# of unexpected failures 193
=== libstdc++-v3 check-abi Summary ===
# of added symbols: 37
# of missing symbols: 0
# of incompatible symbols: 11
using: /net/gnu/export/gnu/src/gcc/gcc/libstdc++-v3/config/abi/ia64-linux-gnu/baseline_symbols.txt
=== libstdc++ tests ===
Running target unix
XPASS: 22_locale/locale/cons/12658_thread-1.cc execution test
FAIL: 23_containers/deque/cons/2.cc execution test
FAIL: 23_containers/vector/invalidation/2.cc execution test
FAIL: 23_containers/vector/invalidation/3.cc execution test
FAIL: 23_containers/vector/invalidation/4.cc execution test
XPASS: 26_numerics/cmath/c99_classification_macros_c.cc (test for excess errors)
XPASS: 27_io/fpos/14320-1.cc execution test
=== libstdc++ Summary ===
# of expected passes 2895
# of unexpected failures 4
# of unexpected successes 3
# of expected failures 4
Compiler version: 4.0.0 20040914 (experimental)
Platform: ia64-unknown-linux-gnu
configure flags: --enable-clocale=gnu --with-system-zlib --with-system-libunwind --enable-shared --enable-threads=posix --enable-haifa --disable-checking --prefix=/usr/gcc-3.5 --with-local-prefix=/usr/local --enable-languages=c,c++,f95,java,objc
More information about the Gcc-testresults
mailing list