Results for 3.4.2 testsuite on i686-pc-linux-gnu
Joerg Reiners
jreiners@ies.de
Wed Sep 15 14:25:00 GMT 2004
LAST_UPDATED: Obtained from CVS: -rgcc_3_4_2_release
Native configuration is i686-pc-linux-gnu
=== g++ tests ===
Running target unix
XPASS: g++.dg/rtti/tinfo1.C scan-assembler _ZTIP9CTemplateIhE:
XPASS: g++.dg/rtti/tinfo1.C scan-assembler-not .globl[ \\t]+_ZTIP9CTemplateIhE
WARNING: g++.old-deja/g++.mike/p10769a.C compilation failed to produce executable
WARNING: g++.old-deja/g++.other/enum5.C compilation failed to produce executable
WARNING: g++.old-deja/g++.pt/friend44.C compilation failed to produce executable
=== g++ Summary ===
# of expected passes 9680
# of unexpected successes 2
# of expected failures 68
# of unsupported tests 43
/pa/PMProjects/data/SOFTWARE/GCC/gcc-3.4.2-sles8/gcc/testsuite/../g++ version 3.4.2
=== gcc tests ===
Running target unix
FAIL: gcc.c-torture/execute/va-arg-25.c execution, -Os
=== gcc Summary ===
# of expected passes 24794
# of unexpected failures 1
# of expected failures 69
# of untested testcases 7
# of unsupported tests 197
/pa/PMProjects/data/SOFTWARE/GCC/gcc-3.4.2-sles8/gcc/xgcc version 3.4.2
=== libstdc++ tests ===
Running target unix
FAIL: 22_locale/codecvt/encoding/wchar_t/wrapped_locale.cc execution test
FAIL: 22_locale/codecvt/in/wchar_t/9.cc execution test
FAIL: 22_locale/codecvt/max_length/wchar_t/wrapped_locale.cc execution test
FAIL: 22_locale/ctype/widen/wchar_t/2.cc execution test
FAIL: 22_locale/locale/cons/12438.cc execution test
XPASS: 22_locale/locale/cons/12658_thread.cc execution test
FAIL: 22_locale/messages/members/char/1.cc execution test
FAIL: 22_locale/messages/members/char/2.cc execution test
FAIL: 22_locale/messages/members/char/wrapped_env.cc execution test
FAIL: 22_locale/messages/members/char/wrapped_locale.cc execution test
FAIL: 22_locale/messages_byname/named_equivalence.cc execution test
XPASS: 26_numerics/c99_classification_macros_c.cc (test for excess errors)
FAIL: 27_io/basic_filebuf/imbue/wchar_t/12868.cc execution test
FAIL: 27_io/basic_filebuf/overflow/wchar_t/11305-1.cc execution test
FAIL: 27_io/basic_filebuf/overflow/wchar_t/11305-2.cc execution test
FAIL: 27_io/basic_filebuf/overflow/wchar_t/11305-3.cc execution test
FAIL: 27_io/basic_filebuf/overflow/wchar_t/11305-4.cc execution test
FAIL: 27_io/basic_filebuf/underflow/wchar_t/9520.cc execution test
=== libstdc++ Summary ===
# of expected passes 2693
# of unexpected failures 16
# of unexpected successes 2
# of expected failures 5
Compiler version: 3.4.2
Platform: i686-pc-linux-gnu
configure flags: --enable-threads=posix --prefix=/usr/local/gcc342 --enable-languages=c,c++ --with-system-zlib
More information about the Gcc-testresults
mailing list