Results for 3.4.3 20040915 (prerelease) testsuite on ia64-unknown-linux-gnu
Al Stone
ahs3@fcahs3.fc.hp.com
Wed Sep 15 11:15:00 GMT 2004
LAST_UPDATED: Wed Sep 15 09:34:44 UTC 2004
Native configuration is ia64-unknown-linux-gnu
=== gcc tests ===
Running target unix
WARNING: program timed out.
FAIL: gcc.c-torture/execute/20020328-1.c compilation, -O1
WARNING: program timed out.
FAIL: gcc.c-torture/execute/20030715-1.c compilation, -O0
FAIL: gcc.dg/compat/scalar-by-value-3 c_compat_x_tst.o compile
FAIL: gcc.dg/compat/scalar-return-3 c_compat_x_tst.o compile
FAIL: gcc.dg/compat/struct-by-value-18 c_compat_x_tst.o compile
FAIL: gcc.dg/compat/struct-by-value-7a c_compat_x_tst.o-c_compat_y_tst.o execute
FAIL: gcc.dg/compat/struct-by-value-7b c_compat_x_tst.o-c_compat_y_tst.o execute
FAIL: gcc.dg/cleanup-10.c execution test
FAIL: gcc.dg/cleanup-11.c execution test
FAIL: gcc.dg/cleanup-5.c execution test
FAIL: gcc.dg/cleanup-8.c execution test
FAIL: gcc.dg/cleanup-9.c execution test
FAIL: gcc.dg/special/gcsec-1.c (test for excess errors)
=== gcc Summary ===
# of expected passes 24043
# of unexpected failures 13
# of expected failures 75
# of unresolved testcases 8
# of untested testcases 7
# of unsupported tests 325
/bfd/opt/toolchain/ia64/obj/gcc-3.4/gcc/xgcc version 3.4.3 20040915 (prerelease)
=== g++ tests ===
Running target unix
XPASS: g++.dg/rtti/tinfo1.C scan-assembler _ZTIP9CTemplateIhE:
XPASS: g++.dg/rtti/tinfo1.C scan-assembler-not .globl[ \\t]+_ZTIP9CTemplateIhE
WARNING: g++.old-deja/g++.mike/p10769a.C compilation failed to produce executable
WARNING: g++.old-deja/g++.other/enum5.C compilation failed to produce executable
WARNING: g++.old-deja/g++.pt/friend44.C compilation failed to produce executable
=== g++ Summary ===
# of expected passes 9324
# of unexpected successes 2
# of expected failures 72
# of unsupported tests 80
/bfd/opt/toolchain/ia64/obj/gcc-3.4/gcc/testsuite/../g++ version 3.4.3 20040915 (prerelease)
=== g77 tests ===
Running target unix
=== g77 Summary ===
# of expected passes 1800
# of unsupported tests 6
/bfd/opt/toolchain/ia64/obj/gcc-3.4/gcc/testsuite/../g77 version 3.4.3 20040915 (prerelease)
=== libstdc++ tests ===
Running target unix
XPASS: 22_locale/locale/cons/12658_thread.cc execution test
XPASS: 26_numerics/c99_classification_macros_c.cc (test for excess errors)
XPASS: 27_io/fpos/14320-1.cc execution test
=== libstdc++ Summary ===
# of expected passes 2713
# of unexpected successes 3
# of expected failures 4
=== g++ tests ===
Running target unix
XPASS: g++.dg/rtti/tinfo1.C scan-assembler _ZTIP9CTemplateIhE:
XPASS: g++.dg/rtti/tinfo1.C scan-assembler-not .globl[ \\t]+_ZTIP9CTemplateIhE
WARNING: g++.old-deja/g++.mike/p10769a.C compilation failed to produce executable
WARNING: g++.old-deja/g++.other/enum5.C compilation failed to produce executable
WARNING: g++.old-deja/g++.pt/friend44.C compilation failed to produce executable
=== g++ Summary ===
# of expected passes 9324
# of unexpected successes 2
# of expected failures 72
# of unsupported tests 80
/bfd/opt/toolchain/ia64/obj/gcc-3.4/gcc/testsuite/../g++ version 3.4.3 20040915 (prerelease)
=== g77 tests ===
Running target unix
=== g77 Summary ===
# of expected passes 1800
# of unsupported tests 6
/bfd/opt/toolchain/ia64/obj/gcc-3.4/gcc/testsuite/../g77 version 3.4.3 20040915 (prerelease)
=== gcc tests ===
Running target unix
WARNING: program timed out.
FAIL: gcc.c-torture/execute/20020328-1.c compilation, -O1
UNRESOLVED: gcc.c-torture/execute/20020328-1.c execution, -O1
WARNING: program timed out.
FAIL: gcc.c-torture/execute/20030715-1.c compilation, -O0
UNRESOLVED: gcc.c-torture/execute/20030715-1.c execution, -O0
FAIL: gcc.dg/compat/scalar-by-value-3 c_compat_x_tst.o compile
UNRESOLVED: gcc.dg/compat/scalar-by-value-3 c_compat_x_tst.o-c_compat_y_tst.o link
UNRESOLVED: gcc.dg/compat/scalar-by-value-3 c_compat_x_tst.o-c_compat_y_tst.o execute
FAIL: gcc.dg/compat/scalar-return-3 c_compat_x_tst.o compile
UNRESOLVED: gcc.dg/compat/scalar-return-3 c_compat_x_tst.o-c_compat_y_tst.o link
UNRESOLVED: gcc.dg/compat/scalar-return-3 c_compat_x_tst.o-c_compat_y_tst.o execute
FAIL: gcc.dg/compat/struct-by-value-18 c_compat_x_tst.o compile
UNRESOLVED: gcc.dg/compat/struct-by-value-18 c_compat_x_tst.o-c_compat_y_tst.o link
UNRESOLVED: gcc.dg/compat/struct-by-value-18 c_compat_x_tst.o-c_compat_y_tst.o execute
FAIL: gcc.dg/compat/struct-by-value-7a c_compat_x_tst.o-c_compat_y_tst.o execute
FAIL: gcc.dg/compat/struct-by-value-7b c_compat_x_tst.o-c_compat_y_tst.o execute
FAIL: gcc.dg/cleanup-10.c execution test
FAIL: gcc.dg/cleanup-11.c execution test
FAIL: gcc.dg/cleanup-5.c execution test
FAIL: gcc.dg/cleanup-8.c execution test
FAIL: gcc.dg/cleanup-9.c execution test
FAIL: gcc.dg/special/gcsec-1.c (test for excess errors)
=== gcc Summary ===
# of expected passes 24043
# of unexpected failures 13
# of expected failures 75
# of unresolved testcases 8
# of untested testcases 7
# of unsupported tests 325
/bfd/opt/toolchain/ia64/obj/gcc-3.4/gcc/xgcc version 3.4.3 20040915 (prerelease)
=== libstdc++ tests ===
Running target unix
XPASS: 22_locale/locale/cons/12658_thread.cc execution test
XPASS: 26_numerics/c99_classification_macros_c.cc (test for excess errors)
XPASS: 27_io/fpos/14320-1.cc execution test
=== libstdc++ Summary ===
# of expected passes 2713
# of unexpected successes 3
# of expected failures 4
Compiler version: 3.4.3 20040915 (prerelease)
Platform: ia64-unknown-linux-gnu
configure flags: --enable-shared --enable-languages=c,c++,f77 --program-suffix=-3.4 --with-system-zlib --enable-nls --without-included-gettext --prefix=/opt/toolchain/ia64
Counting all warnings,
there are 105 warnings in stage3 of this bootstrap.
Number of warnings per file:
88 genattrtab
11 gengtype-lex.c
3 insn-attrtab.c
2 gcc/gcc.c
1 gcc/libgcc2.c
Number of warning types:
56 unit \`???' excludes and requires presence of \`???'
32 unit \`???' is not used
3 string length \`???' is greater than the length \`???' ISO C89 compilers are required to support
2 old-style parameter declaration
1 no previous prototype for 'yyset_out'
1 no previous prototype for 'yyset_lineno'
1 no previous prototype for 'yyset_in'
1 no previous prototype for 'yyset_debug'
1 no previous prototype for 'yylex_destroy'
1 no previous prototype for 'yyget_text'
1 no previous prototype for 'yyget_out'
1 no previous prototype for 'yyget_lineno'
1 no previous prototype for 'yyget_leng'
1 no previous prototype for 'yyget_in'
1 no previous prototype for 'yyget_debug'
1 no previous prototype for '__enable_execute_stack'
More information about the Gcc-testresults
mailing list