Results for 4.0.0 20040910 (experimental) testsuite on i686-pc-linux-gnu
Al Stone
ahs3@fcahs3.fc.hp.com
Fri Sep 10 08:14:00 GMT 2004
LAST_UPDATED: Fri Sep 10 06:49:20 UTC 2004
Native configuration is i686-pc-linux-gnu
=== gcc tests ===
Running target unix
XPASS: gcc.c-torture/execute/loop-2e.c execution, -Os
FAIL: tmpdir-gcc.dg-struct-layout-1/t026 c_compat_x_tst.o-c_compat_y_tst.o execute
FAIL: tmpdir-gcc.dg-struct-layout-1/t028 c_compat_x_tst.o-c_compat_y_tst.o execute
FAIL: gcc.dg/debug/dwarf2/dwarf-die7.c scan-assembler 1.*DW_AT_inline
FAIL: gcc.dg/c90-const-expr-3.c (test for excess errors)
FAIL: gcc.dg/c99-const-expr-3.c (test for excess errors)
FAIL: gcc.dg/tree-ssa/ifc-20040816-2.c scan-tree-dump-times Applying if-conversion 1
FAIL: gcc.dg/tree-ssa/loop-2.c scan-tree-dump-times arr_base.*= 0
FAIL: gcc.dg/tree-ssa/loop-4.c scan-tree-dump-times arr_base.*= 0
FAIL: 96:is -:should be 1
FAIL: gcc.misc-tests/gcov-4.c gcov: 1 failures in line counts, 0 in branch percentages, 0 in return percentages
=== gcc Summary ===
# of expected passes 30424
# of unexpected failures 10
# of unexpected successes 1
# of expected failures 107
# of untested testcases 28
# of unsupported tests 270
/opt/toolchain/i686/obj/gcc/gcc/xgcc version 4.0.0 20040910 (experimental)
=== g++ tests ===
Running target unix
XPASS: g++.dg/rtti/tinfo1.C scan-assembler _ZTIP9CTemplateIhE:
XPASS: g++.dg/rtti/tinfo1.C scan-assembler-not .globl[ \\t]+_ZTIP9CTemplateIhE
XPASS: g++.dg/rtti/tinfo1.C scan-assembler-not .section[^\\n\\r]*_ZTIP9CTemplateIhE[^\\n\\r]*
FAIL: g++.dg/rtti/typeid4.C execution test
FAIL: 102:is -:should be 1
FAIL: g++.dg/gcov/gcov-1.C gcov: 1 failures in line counts, 0 in branch percentages, 0 in return percentages
FAIL: g++.old-deja/g++.jason/template24.C execution test
FAIL: g++.old-deja/g++.law/arg8.C execution test
FAIL: g++.old-deja/g++.mike/eh2.C execution test
FAIL: g++.old-deja/g++.mike/net34.C execution test
WARNING: g++.old-deja/g++.mike/p10769a.C compilation failed to produce executable
WARNING: g++.old-deja/g++.other/enum5.C compilation failed to produce executable
FAIL: g++.old-deja/g++.other/unchanging1.C execution test
WARNING: g++.old-deja/g++.pt/friend44.C compilation failed to produce executable
FAIL: g++.old-deja/g++.robertl/eb115.C execution test
FAIL: g++.old-deja/g++.robertl/eb77.C execution test
=== g++ Summary ===
# of expected passes 10091
# of unexpected failures 10
# of unexpected successes 3
# of expected failures 79
# of unsupported tests 49
/opt/toolchain/i686/obj/gcc/gcc/testsuite/../g++ version 4.0.0 20040910 (experimental)
=== libstdc++ tests ===
Running target unix
XPASS: 22_locale/locale/cons/12658_thread-1.cc execution test
FAIL: 22_locale/money_get/get/wchar_t/14.cc execution test
FAIL: 22_locale/money_get/get/wchar_t/19.cc execution test
FAIL: 22_locale/money_get/get/wchar_t/6.cc execution test
FAIL: 22_locale/money_get/get/wchar_t/7.cc execution test
FAIL: 22_locale/money_get/get/wchar_t/8.cc execution test
FAIL: 22_locale/money_get/get/wchar_t/9.cc execution test
FAIL: 22_locale/num_put/put/char/14220.cc execution test
FAIL: 22_locale/num_put/put/char/15565.cc execution test
FAIL: 22_locale/num_put/put/char/2.cc execution test
FAIL: 22_locale/num_put/put/char/6.cc execution test
FAIL: 22_locale/num_put/put/char/7.cc execution test
FAIL: 22_locale/num_put/put/char/8.cc execution test
FAIL: 22_locale/num_put/put/char/9.cc execution test
FAIL: 22_locale/numpunct/members/char/cache_1.cc execution test
FAIL: 22_locale/numpunct/members/char/cache_2.cc execution test
FAIL: 22_locale/time_get/date_order/wchar_t/1.cc execution test
FAIL: 22_locale/time_get/get_date/wchar_t/1.cc execution test
FAIL: 22_locale/time_get/get_date/wchar_t/12791.cc execution test
FAIL: 22_locale/time_get/get_monthname/wchar_t/1.cc execution test
FAIL: 22_locale/time_get/get_monthname/wchar_t/4.cc execution test
FAIL: 22_locale/time_get/get_time/wchar_t/4.cc execution test
FAIL: 22_locale/time_get/get_weekday/wchar_t/1.cc execution test
FAIL: 22_locale/time_get/get_year/wchar_t/1.cc execution test
FAIL: 23_containers/map/operators/1.cc execution test
FAIL: 23_containers/multiset/insert/1.cc execution test
XPASS: 26_numerics/cmath/c99_classification_macros_c.cc (test for excess errors)
FAIL: 26_numerics/complex/complex_inserters_extractors.cc execution test
FAIL: 26_numerics/valarray/binary_closure.cc execution test
FAIL: 27_io/basic_filebuf/overflow/char/1.cc execution test
FAIL: 27_io/basic_istream/extractors_arithmetic/char/01.cc execution test
FAIL: 27_io/basic_istream/seekg/char/2346-fstream.cc execution test
FAIL: 27_io/basic_istream/seekg/char/2346-sstream.cc execution test
FAIL: 27_io/basic_ostream/cons/char/9827.cc execution test
FAIL: 27_io/basic_ostream/inserters_arithmetic/char/1.cc execution test
FAIL: 27_io/basic_ostream/inserters_arithmetic/char/3.cc execution test
FAIL: 27_io/basic_ostream/inserters_arithmetic/char/4.cc execution test
FAIL: 27_io/basic_ostream/inserters_arithmetic/char/4402.cc execution test
FAIL: 27_io/basic_ostream/inserters_arithmetic/char/5.cc execution test
FAIL: 27_io/basic_ostream/inserters_arithmetic/char/6.cc execution test
FAIL: 27_io/basic_ostream/inserters_arithmetic/char/9555-oa.cc execution test
FAIL: 27_io/basic_ostream/inserters_character/char/4.cc execution test
FAIL: 27_io/basic_streambuf/overflow/char/2.cc execution test
FAIL: 27_io/basic_stringbuf/overflow/char/2.cc execution test
FAIL: 27_io/basic_stringstream/str/char/3.cc execution test
FAIL: 27_io/ios_base/state/1.cc execution test
FAIL: 27_io/ios_base/sync_with_stdio/1.cc execution test
FAIL: 27_io/manipulators/adjustfield/char/1.cc execution test
FAIL: 27_io/manipulators/basefield/char/1.cc execution test
FAIL: 27_io/objects/char/3647.cc execution test
FAIL: backward/strstream_members.cc execution test
=== libstdc++ Summary ===
# of expected passes 2850
# of unexpected failures 49
# of unexpected successes 2
# of expected failures 5
=== g++ tests ===
Running target unix
XPASS: g++.dg/rtti/tinfo1.C scan-assembler _ZTIP9CTemplateIhE:
XPASS: g++.dg/rtti/tinfo1.C scan-assembler-not .globl[ \\t]+_ZTIP9CTemplateIhE
XPASS: g++.dg/rtti/tinfo1.C scan-assembler-not .section[^\\n\\r]*_ZTIP9CTemplateIhE[^\\n\\r]*
FAIL: g++.dg/rtti/typeid4.C execution test
FAIL: 102:is -:should be 1
FAIL: g++.dg/gcov/gcov-1.C gcov: 1 failures in line counts, 0 in branch percentages, 0 in return percentages
FAIL: g++.old-deja/g++.jason/template24.C execution test
FAIL: g++.old-deja/g++.law/arg8.C execution test
FAIL: g++.old-deja/g++.mike/eh2.C execution test
FAIL: g++.old-deja/g++.mike/net34.C execution test
WARNING: g++.old-deja/g++.mike/p10769a.C compilation failed to produce executable
WARNING: g++.old-deja/g++.other/enum5.C compilation failed to produce executable
FAIL: g++.old-deja/g++.other/unchanging1.C execution test
WARNING: g++.old-deja/g++.pt/friend44.C compilation failed to produce executable
FAIL: g++.old-deja/g++.robertl/eb115.C execution test
FAIL: g++.old-deja/g++.robertl/eb77.C execution test
=== g++ Summary ===
# of expected passes 10091
# of unexpected failures 10
# of unexpected successes 3
# of expected failures 79
# of unsupported tests 49
/opt/toolchain/i686/obj/gcc/gcc/testsuite/../g++ version 4.0.0 20040910 (experimental)
=== gcc tests ===
Running target unix
XPASS: gcc.c-torture/execute/loop-2e.c execution, -Os
FAIL: tmpdir-gcc.dg-struct-layout-1/t026 c_compat_x_tst.o-c_compat_y_tst.o execute
FAIL: tmpdir-gcc.dg-struct-layout-1/t028 c_compat_x_tst.o-c_compat_y_tst.o execute
FAIL: gcc.dg/debug/dwarf2/dwarf-die7.c scan-assembler 1.*DW_AT_inline
FAIL: gcc.dg/c90-const-expr-3.c (test for excess errors)
FAIL: gcc.dg/c99-const-expr-3.c (test for excess errors)
FAIL: gcc.dg/tree-ssa/ifc-20040816-2.c scan-tree-dump-times Applying if-conversion 1
FAIL: gcc.dg/tree-ssa/loop-2.c scan-tree-dump-times arr_base.*= 0
FAIL: gcc.dg/tree-ssa/loop-4.c scan-tree-dump-times arr_base.*= 0
FAIL: 96:is -:should be 1
FAIL: gcc.misc-tests/gcov-4.c gcov: 1 failures in line counts, 0 in branch percentages, 0 in return percentages
=== gcc Summary ===
# of expected passes 30424
# of unexpected failures 10
# of unexpected successes 1
# of expected failures 107
# of untested testcases 28
# of unsupported tests 270
/opt/toolchain/i686/obj/gcc/gcc/xgcc version 4.0.0 20040910 (experimental)
=== libstdc++ tests ===
Running target unix
XPASS: 22_locale/locale/cons/12658_thread-1.cc execution test
FAIL: 22_locale/money_get/get/wchar_t/14.cc execution test
FAIL: 22_locale/money_get/get/wchar_t/19.cc execution test
FAIL: 22_locale/money_get/get/wchar_t/6.cc execution test
FAIL: 22_locale/money_get/get/wchar_t/7.cc execution test
FAIL: 22_locale/money_get/get/wchar_t/8.cc execution test
FAIL: 22_locale/money_get/get/wchar_t/9.cc execution test
FAIL: 22_locale/num_put/put/char/14220.cc execution test
FAIL: 22_locale/num_put/put/char/15565.cc execution test
FAIL: 22_locale/num_put/put/char/2.cc execution test
FAIL: 22_locale/num_put/put/char/6.cc execution test
FAIL: 22_locale/num_put/put/char/7.cc execution test
FAIL: 22_locale/num_put/put/char/8.cc execution test
FAIL: 22_locale/num_put/put/char/9.cc execution test
FAIL: 22_locale/numpunct/members/char/cache_1.cc execution test
FAIL: 22_locale/numpunct/members/char/cache_2.cc execution test
FAIL: 22_locale/time_get/date_order/wchar_t/1.cc execution test
FAIL: 22_locale/time_get/get_date/wchar_t/1.cc execution test
FAIL: 22_locale/time_get/get_date/wchar_t/12791.cc execution test
FAIL: 22_locale/time_get/get_monthname/wchar_t/1.cc execution test
FAIL: 22_locale/time_get/get_monthname/wchar_t/4.cc execution test
FAIL: 22_locale/time_get/get_time/wchar_t/4.cc execution test
FAIL: 22_locale/time_get/get_weekday/wchar_t/1.cc execution test
FAIL: 22_locale/time_get/get_year/wchar_t/1.cc execution test
FAIL: 23_containers/map/operators/1.cc execution test
FAIL: 23_containers/multiset/insert/1.cc execution test
XPASS: 26_numerics/cmath/c99_classification_macros_c.cc (test for excess errors)
FAIL: 26_numerics/complex/complex_inserters_extractors.cc execution test
FAIL: 26_numerics/valarray/binary_closure.cc execution test
FAIL: 27_io/basic_filebuf/overflow/char/1.cc execution test
FAIL: 27_io/basic_istream/extractors_arithmetic/char/01.cc execution test
FAIL: 27_io/basic_istream/seekg/char/2346-fstream.cc execution test
FAIL: 27_io/basic_istream/seekg/char/2346-sstream.cc execution test
FAIL: 27_io/basic_ostream/cons/char/9827.cc execution test
FAIL: 27_io/basic_ostream/inserters_arithmetic/char/1.cc execution test
FAIL: 27_io/basic_ostream/inserters_arithmetic/char/3.cc execution test
FAIL: 27_io/basic_ostream/inserters_arithmetic/char/4.cc execution test
FAIL: 27_io/basic_ostream/inserters_arithmetic/char/4402.cc execution test
FAIL: 27_io/basic_ostream/inserters_arithmetic/char/5.cc execution test
FAIL: 27_io/basic_ostream/inserters_arithmetic/char/6.cc execution test
FAIL: 27_io/basic_ostream/inserters_arithmetic/char/9555-oa.cc execution test
FAIL: 27_io/basic_ostream/inserters_character/char/4.cc execution test
FAIL: 27_io/basic_streambuf/overflow/char/2.cc execution test
FAIL: 27_io/basic_stringbuf/overflow/char/2.cc execution test
FAIL: 27_io/basic_stringstream/str/char/3.cc execution test
FAIL: 27_io/ios_base/state/1.cc execution test
FAIL: 27_io/ios_base/sync_with_stdio/1.cc execution test
FAIL: 27_io/manipulators/adjustfield/char/1.cc execution test
FAIL: 27_io/manipulators/basefield/char/1.cc execution test
FAIL: 27_io/objects/char/3647.cc execution test
FAIL: backward/strstream_members.cc execution test
=== libstdc++ Summary ===
# of expected passes 2850
# of unexpected failures 49
# of unexpected successes 2
# of expected failures 5
Compiler version: 4.0.0 20040910 (experimental)
Platform: i686-pc-linux-gnu
configure flags: --enable-shared --program-suffix=-main --with-system-zlib --enable-nls --without-included-gettext --prefix=/opt/toolchain/i686 --enable-languages=c,c++
Counting all warnings,
there are 23 warnings in stage3 of this bootstrap.
Number of warnings per file:
11 gengtype-lex.c
5 gcc/config/i386/i386.md
3 insn-conditions.c
3 gcc/gcc.c
1 gcc/libgcc2.c
Number of warning types:
6 string length \`???' is greater than the length \`???' ISO C89 compilers are required to support
4 source missing a mode?
1 pointer targets in passing arg ??? of \`???' differ in signedness
1 operand 1 missing mode?
1 no previous prototype for 'yyset_out'
1 no previous prototype for 'yyset_lineno'
1 no previous prototype for 'yyset_in'
1 no previous prototype for 'yyset_debug'
1 no previous prototype for 'yylex_destroy'
1 no previous prototype for 'yyget_text'
1 no previous prototype for 'yyget_out'
1 no previous prototype for 'yyget_lineno'
1 no previous prototype for 'yyget_leng'
1 no previous prototype for 'yyget_in'
1 no previous prototype for 'yyget_debug'
More information about the Gcc-testresults
mailing list