Results for gcc libjava testsuite on ia64-unknown-linux-gnu
H.J. Lu
hjl@gnu-4.sc.intel.com
Wed Sep 8 16:40:00 GMT 2004
LAST_UPDATED: Wed Sep 8 15:18:54 UTC 2004
Native configuration is ia64-unknown-linux-gnu
=== libjava tests ===
Running target unix
FAIL: linking simple
FAIL: /net/gnu/export/gnu/src/gcc/gcc/libjava/testsuite/libjava.jar/simple.jar execution - gij test
=== libjava Summary ===
# of unexpected failures 2
# of expected failures 1
# of untested testcases 1
Compiler version: gcc libjava
Platform: ia64-unknown-linux-gnu
configure flags: --enable-clocale=gnu --with-system-zlib --with-demangler-in-ld --enable-shared --enable-threads=posix --enable-haifa --disable-checking --prefix=/usr/gcc-3.5 --with-local-prefix=/usr/local --enable-languages=c,c++,java,objc
More information about the Gcc-testresults
mailing list