Results for 3.3.5 20040907 (prerelease) testsuite on sparc-sun-solaris2.5.1
Eric Botcazou
eric@localhost.localdomain
Wed Sep 8 06:15:00 GMT 2004
LAST_UPDATED: Tue Sep 7 04:35:39 UTC 2004
Native configuration is sparc-sun-solaris2.5.1
=== g++ tests ===
Running target unix
=== g++ Summary ===
# of expected passes 8066
# of expected failures 101
# of untested testcases 21
# of unsupported tests 28
/opt/build/eric/gcc-3_3-branch/gcc/testsuite/../g++ version 3.3.5 20040907 (prerelease)
=== g77 tests ===
Running target unix
=== g77 Summary ===
# of expected passes 1720
# of unsupported tests 8
/opt/build/eric/gcc-3_3-branch/gcc/testsuite/../g77 version 3.3.5 20040907 (prerelease)
=== gcc tests ===
Running target unix
WARNING: gcc.dg/20021014-1.c compilation failed to produce executable
FAIL: gcc.dg/duff-2.c (test for excess errors)
=== gcc Summary ===
# of expected passes 21017
# of unexpected failures 1
# of expected failures 67
# of unsupported tests 183
/opt/build/eric/gcc-3_3-branch/gcc/xgcc version 3.3.5 20040907 (prerelease)
=== objc tests ===
Running target unix
=== objc Summary ===
# of expected passes 1166
/opt/build/eric/gcc-3_3-branch/gcc/xgcc version 3.3.5 20040907 (prerelease)
=== libjava tests ===
Running target unix
FAIL: Array_3 execution - gij test
FAIL: Array_3 execution - gij test
FAIL: FileHandleGcTest execution - source compiled test
FAIL: FileHandleGcTest execution - gij test
FAIL: FileHandleGcTest execution - bytecode->native test
FAIL: FileHandleGcTest -O execution - source compiled test
FAIL: FileHandleGcTest -O execution - bytecode->native test
WARNING: program timed out.
FAIL: SyncTest execution - gij test
WARNING: program timed out.
FAIL: SyncTest execution - bytecode->native test
WARNING: program timed out.
FAIL: SyncTest execution - gij test
WARNING: program timed out.
FAIL: SyncTest -O execution - bytecode->native test
FAIL: Thread_Interrupt output - source compiled test
FAIL: Thread_Interrupt output - gij test
FAIL: Thread_Interrupt output - bytecode->native test
FAIL: Thread_Interrupt -O output - source compiled test
FAIL: Thread_Interrupt output - gij test
FAIL: Thread_Interrupt -O output - bytecode->native test
FAIL: Throw_2 execution - source compiled test
FAIL: Throw_2 execution - gij test
FAIL: Throw_2 execution - bytecode->native test
FAIL: Throw_2 -O execution - source compiled test
FAIL: Throw_2 execution - gij test
FAIL: Throw_2 -O execution - bytecode->native test
=== libjava Summary ===
# of expected passes 2951
# of unexpected failures 23
# of expected failures 16
# of untested testcases 29
=== libstdc++-v3 tests ===
Running target unix
FAIL: 23_containers/vector_resize.cc execution test
FAIL: 27_io/ios_base_storage.cc execution test
FAIL: 27_io/istream_unformatted.cc execution test
FAIL: thread/pthread1.cc (test for excess errors)
WARNING: thread/pthread1.cc compilation failed to produce executable
FAIL: thread/pthread2.cc (test for excess errors)
WARNING: thread/pthread2.cc compilation failed to produce executable
FAIL: thread/pthread3.cc (test for excess errors)
WARNING: thread/pthread3.cc compilation failed to produce executable
FAIL: thread/pthread4.cc (test for excess errors)
WARNING: thread/pthread4.cc compilation failed to produce executable
FAIL: thread/pthread5.cc (test for excess errors)
WARNING: thread/pthread5.cc compilation failed to produce executable
FAIL: thread/pthread6.cc (test for excess errors)
WARNING: thread/pthread6.cc compilation failed to produce executable
=== libstdc++-v3 Summary ===
# of expected passes 414
# of unexpected failures 9
# of expected failures 18
Compiler version: 3.3.5 20040907 (prerelease)
Platform: sparc-sun-solaris2.5.1
configure flags: --host=sparc-sun-solaris2.5.1 --prefix=/opt/build/eric/local/gcc-3.3.5 --enable-languages=c,c++,objc,f77,java --disable-checking
More information about the Gcc-testresults
mailing list