Results for 3.5.0 20040901 (experimental) testsuite on i686-pc-linux-gnu

Laurent GUERBY laurent@guerby.net
Thu Sep 2 11:08:00 GMT 2004


LAST_UPDATED: Wed Sep  1 20:22:55 UTC 2004

		=== acats tests ===
FAIL:	c32001e
FAIL:	c380004
FAIL:	c41325a
FAIL:	c45347a
FAIL:	c45347b
FAIL:	c45347c
FAIL:	c74004a
FAIL:	c761010
FAIL:	c910003
FAIL:	c940001
FAIL:	c940002
FAIL:	c940007
FAIL:	c940a03
FAIL:	c95072a
FAIL:	c95072b
FAIL:	c954a01
FAIL:	c954a02
FAIL:	c954a03
FAIL:	c97114a
FAIL:	c97117a
FAIL:	c974006
FAIL:	c974007
FAIL:	c980001
FAIL:	c980003
FAIL:	cb20004
FAIL:	cc1221d
FAIL:	cd2a31a
FAIL:	cxa4012
FAIL:	cxa4015
FAIL:	cxa4016
FAIL:	cxa4020
FAIL:	cxa4022
FAIL:	cxa4023
FAIL:	cxa4033
FAIL:	cxaa017
FAIL:	cxb4004
FAIL:	cxh3001
FAIL:	cxh3002
FAIL:	cxh3003

		=== acats Summary ===
# of expected passes		2283
# of unexpected failures	39
Native configuration is i686-pc-linux-gnu

		=== gcc tests ===


Running target unix
FAIL: tmpdir-gcc.dg-struct-layout-1/t026 c_compat_x_tst.o-c_compat_y_tst.o execute 
FAIL: tmpdir-gcc.dg-struct-layout-1/t028 c_compat_x_tst.o-c_compat_y_tst.o execute 
FAIL: gcc.dg/debug/dwarf2/dwarf-die7.c scan-assembler 1.*DW_AT_inline
FAIL: gcc.dg/c90-const-expr-3.c (test for excess errors)
FAIL: gcc.dg/c99-const-expr-3.c (test for excess errors)
FAIL: 96:is -:should be 1
FAIL: gcc.misc-tests/gcov-4.c gcov: 1 failures in line counts, 0 in branch percentages, 0 in return percentages

		=== gcc Summary ===

# of expected passes		29491
# of unexpected failures	7
# of expected failures		107
# of untested testcases		28
# of unsupported tests		264
/home/guerby/work/gcc/build/build-20040901T223854/gcc/xgcc  version 3.5.0 20040901 (experimental)


Compiler version: 3.5.0 20040901 (experimental) 
Platform: i686-pc-linux-gnu
configure flags: --prefix=/home/guerby/work/gcc/install/install-20040901T223854 --enable-__cxa_atexit --disable-nls --enable-threads=posix --enable-languages=c,ada




More information about the Gcc-testresults mailing list