Results for 4.0.0 20040910 (experimental) testsuite on i386-pc-solaris2.10
Rainer Orth
ro@TechFak.Uni-Bielefeld.DE
Fri Oct 29 17:07:00 GMT 2004
LAST_UPDATED: Fri Sep 10 16:39:28 UTC 2004
Native configuration is i386-pc-solaris2.10
=== g++ tests ===
Running target unix
FAIL: g++.dg/ext/visibility/assign1.C (test for excess errors)
FAIL: g++.dg/ext/visibility/assign1.C scan-hidden hidden[ \\t_]*_ZN1DaSERKS_
FAIL: g++.dg/ext/visibility/fvisibility-inlines-hidden.C (test for excess errors)
FAIL: g++.dg/ext/visibility/fvisibility-inlines-hidden.C scan-hidden hidden[ \\t_]*_ZN3Foo6methodEv
FAIL: g++.dg/ext/visibility/fvisibility-override1.C (test for excess errors)
FAIL: g++.dg/ext/visibility/fvisibility-override1.C scan-assembler \\\\.internal.*Foo.methodEv
FAIL: g++.dg/ext/visibility/fvisibility-override2.C (test for excess errors)
FAIL: g++.dg/ext/visibility/fvisibility-override2.C scan-assembler \\\\.internal.*Foo.methodEv
FAIL: g++.dg/ext/visibility/fvisibility.C (test for excess errors)
FAIL: g++.dg/ext/visibility/fvisibility.C scan-hidden hidden[ \\t_]*_ZN3Foo6methodEv
FAIL: g++.dg/ext/visibility/memfuncts.C (test for excess errors)
FAIL: g++.dg/ext/visibility/memfuncts.C scan-hidden hidden[ \\t_]*_ZN3Foo6methodEv
FAIL: g++.dg/ext/visibility/new1.C (test for excess errors)
FAIL: g++.dg/ext/visibility/noPLT.C (test for excess errors)
FAIL: g++.dg/ext/visibility/pragma-override1.C (test for excess errors)
FAIL: g++.dg/ext/visibility/pragma-override1.C scan-assembler \\\\.internal.*Foo.methodEv
FAIL: g++.dg/ext/visibility/pragma-override2.C (test for excess errors)
FAIL: g++.dg/ext/visibility/pragma-override2.C scan-assembler \\\\.internal.*Foo.methodEv
FAIL: g++.dg/ext/visibility/pragma.C (test for excess errors)
FAIL: g++.dg/ext/visibility/pragma.C scan-hidden hidden[ \\t_]*_ZN3Foo6methodEv
FAIL: g++.dg/ext/visibility/staticmemfuncts.C (test for excess errors)
FAIL: g++.dg/ext/visibility/staticmemfuncts.C scan-hidden hidden[ \\t_]*_ZN3Foo6methodEv
FAIL: g++.dg/ext/visibility/virtual.C (test for excess errors)
FAIL: g++.dg/ext/visibility/virtual.C scan-hidden hidden[ \\t_]*ZTV3Foo
FAIL: g++.dg/ext/visibility/visibility-1.C (test for excess errors)
FAIL: g++.dg/ext/visibility/visibility-1.C scan-hidden hidden[ \\t_]*_Z3foov
FAIL: g++.dg/ext/visibility/visibility-2.C (test for excess errors)
FAIL: g++.dg/ext/visibility/visibility-2.C scan-hidden hidden[ \\t_]*_Z3foov
FAIL: g++.dg/ext/visibility/visibility-3.C (test for excess errors)
FAIL: g++.dg/ext/visibility/visibility-3.C scan-hidden hidden[ \\t_]*xyzzy
FAIL: g++.dg/ext/visibility/visibility-4.C (test for excess errors)
FAIL: g++.dg/ext/visibility/visibility-4.C scan-hidden hidden[ \\t_]*xyzzy
FAIL: g++.dg/ext/visibility/visibility-5.C (test for excess errors)
FAIL: g++.dg/ext/visibility/visibility-5.C scan-hidden hidden[ \\t_]*_Z3foov
FAIL: g++.dg/ext/visibility/visibility-6.C (test for excess errors)
FAIL: g++.dg/ext/visibility/visibility-6.C scan-hidden hidden[ \\t_]*xyzzy
FAIL: g++.dg/ext/visibility/visibility-7.C (test for excess errors)
FAIL: g++.dg/ext/visibility/visibility-7.C scan-hidden hidden[ \\t_]*xyzzy
XPASS: g++.dg/rtti/tinfo1.C scan-assembler _ZTIP9CTemplateIhE:
XPASS: g++.dg/rtti/tinfo1.C scan-assembler-not .globl[ \\t]+_ZTIP9CTemplateIhE
XPASS: g++.dg/rtti/tinfo1.C scan-assembler-not .section[^\\n\\r]*_ZTIP9CTemplateIhE[^\\n\\r]*
FAIL: 102:is -:should be 1
FAIL: g++.dg/gcov/gcov-1.C gcov: 1 failures in line counts, 0 in branch percentages, 0 in return percentages
FAIL: g++.dg/special/conpr-1.C execution test
FAIL: g++.dg/special/conpr-3.C execution test
FAIL: g++.dg/special/conpr-4.C execution test
FAIL: g++.old-deja/g++.eh/badalloc1.C execution test
WARNING: g++.old-deja/g++.mike/p10769a.C compilation failed to produce executable
WARNING: g++.old-deja/g++.other/enum5.C compilation failed to produce executable
WARNING: g++.old-deja/g++.pt/friend44.C compilation failed to produce executable
=== g++ Summary ===
# of expected passes 10025
# of unexpected failures 44
# of unexpected successes 3
# of expected failures 81
# of unsupported tests 66
/amnt/figaro/volumes/obj-gcc/gcc/obj.sol86/gcc-4.0.0-20040910/10-gcc-gas/gcc/testsuite/../g++ version 4.0.0 20040910 (experimental)
=== gcc tests ===
Running target unix
XPASS: gcc.c-torture/compile/20040323-1.c (test for excess errors)
XPASS: gcc.c-torture/compile/20040323-1.c (test for excess errors)
XPASS: gcc.c-torture/compile/20040323-1.c (test for excess errors)
XPASS: gcc.c-torture/compile/20040323-1.c (test for excess errors)
XPASS: gcc.c-torture/compile/20040323-1.c (test for excess errors)
XPASS: gcc.c-torture/compile/20040323-1.c (test for excess errors)
XPASS: gcc.c-torture/execute/loop-2e.c execution, -Os
WARNING: Could not compile gcc.dg/compat/struct-layout-1 generator
FAIL: gcc.dg/debug/dwarf2/dwarf-die7.c scan-assembler 1.*DW_AT_inline
FAIL: gcc.dg/c90-const-expr-3.c (test for excess errors)
FAIL: gcc.dg/c99-const-expr-3.c (test for excess errors)
FAIL: gcc.dg/visibility-1.c (test for excess errors)
FAIL: gcc.dg/visibility-1.c scan-assembler \\\\.hidden.*foo
FAIL: gcc.dg/visibility-2.c (test for excess errors)
FAIL: gcc.dg/visibility-2.c scan-assembler \\\\.hidden.*foo
FAIL: gcc.dg/visibility-3.c (test for excess errors)
FAIL: gcc.dg/visibility-3.c scan-assembler \\\\.hidden.*xyzzy
FAIL: gcc.dg/visibility-4.c (test for excess errors)
FAIL: gcc.dg/visibility-4.c scan-assembler \\\\.hidden.*xyzzy
FAIL: gcc.dg/visibility-5.c (test for excess errors)
FAIL: gcc.dg/visibility-5.c scan-assembler \\\\.hidden.*foo
FAIL: gcc.dg/visibility-6.c (test for excess errors)
FAIL: gcc.dg/visibility-6.c scan-assembler \\\\.hidden.*xyzzy
FAIL: gcc.dg/visibility-7.c (test for excess errors)
FAIL: gcc.dg/visibility-7.c scan-assembler \\\\.hidden.*xyzzy
FAIL: gcc.dg/visibility-8.c (test for excess errors)
FAIL: gcc.dg/visibility-8.c scan-assembler \\\\.hidden.*__GI_fputs_unlocked
FAIL: gcc.dg/visibility-9.c (test for excess errors)
FAIL: gcc.dg/visibility-9.c scan-assembler \\\\.hidden.*foo
FAIL: gcc.dg/visibility-a.c (test for excess errors)
FAIL: gcc.dg/visibility-a.c scan-assembler \\\\.hidden.*foo
FAIL: largefile.c (test for excess errors)
FAIL: largefile.c (test for excess errors)
FAIL: largefile.c (test for excess errors)
FAIL: largefile.c (test for excess errors)
FAIL: largefile.c (test for excess errors)
FAIL: largefile.c (test for excess errors)
FAIL: largefile.c (test for excess errors)
FAIL: gcc.dg/tls/alias-1.c (test for excess errors)
XPASS: gcc.dg/tree-ssa/20040204-1.c scan-tree-dump-times link_error 0
FAIL: gcc.dg/tree-ssa/ifc-20040816-2.c scan-tree-dump-times Applying if-conversion 1
FAIL: gcc.dg/tree-ssa/loop-2.c scan-tree-dump-times arr_base.*= 0
FAIL: gcc.dg/tree-ssa/loop-4.c scan-tree-dump-times arr_base.*= 0
FAIL: 96:is -:should be 1
FAIL: gcc.misc-tests/gcov-4.c gcov: 1 failures in line counts, 0 in branch percentages, 0 in return percentages
=== gcc Summary ===
# of expected passes 30260
# of unexpected failures 36
# of unexpected successes 8
# of expected failures 106
# of untested testcases 35
# of unsupported tests 283
/amnt/figaro/volumes/obj-gcc/gcc/obj.sol86/gcc-4.0.0-20040910/10-gcc-gas/gcc/xgcc version 4.0.0 20040910 (experimental)
=== objc tests ===
Running target unix
=== objc Summary ===
# of expected passes 1421
# of unsupported tests 7
/amnt/figaro/volumes/obj-gcc/gcc/obj.sol86/gcc-4.0.0-20040910/10-gcc-gas/gcc/xgcc version 4.0.0 20040910 (experimental)
=== libffi tests ===
Running target unix
=== libffi Summary ===
# of expected passes 212
# of unsupported tests 2
=== libjava tests ===
Running target unix
FAIL: FileHandleGcTest execution - source compiled test
FAIL: FileHandleGcTest execution - gij test
FAIL: FileHandleGcTest execution - bytecode->native test
FAIL: FileHandleGcTest -O3 execution - source compiled test
FAIL: FileHandleGcTest execution - gij test
FAIL: FileHandleGcTest -O3 execution - bytecode->native test
WARNING: program timed out.
FAIL: Process_1 execution - source compiled test
WARNING: program timed out.
FAIL: Process_1 execution - gij test
WARNING: program timed out.
FAIL: Process_1 execution - bytecode->native test
WARNING: program timed out.
FAIL: Process_1 -O3 execution - source compiled test
WARNING: program timed out.
FAIL: Process_1 execution - gij test
WARNING: program timed out.
FAIL: Process_1 -O3 execution - bytecode->native test
WARNING: program timed out.
FAIL: Process_2 execution - source compiled test
WARNING: program timed out.
FAIL: Process_2 execution - gij test
WARNING: program timed out.
FAIL: Process_2 execution - bytecode->native test
WARNING: program timed out.
FAIL: Process_2 -O3 execution - source compiled test
WARNING: program timed out.
FAIL: Process_2 execution - gij test
WARNING: program timed out.
FAIL: Process_2 -O3 execution - bytecode->native test
WARNING: program timed out.
FAIL: Process_3 execution - source compiled test
WARNING: program timed out.
FAIL: Process_3 execution - gij test
WARNING: program timed out.
FAIL: Process_3 execution - bytecode->native test
WARNING: program timed out.
FAIL: Process_3 -O3 execution - source compiled test
WARNING: program timed out.
FAIL: Process_3 execution - gij test
WARNING: program timed out.
FAIL: Process_3 -O3 execution - bytecode->native test
WARNING: program timed out.
FAIL: Process_4 execution - source compiled test
WARNING: program timed out.
FAIL: Process_4 execution - gij test
WARNING: program timed out.
FAIL: Process_4 execution - bytecode->native test
WARNING: program timed out.
FAIL: Process_4 -O3 execution - source compiled test
WARNING: program timed out.
FAIL: Process_4 execution - gij test
WARNING: program timed out.
FAIL: Process_4 -O3 execution - bytecode->native test
WARNING: program timed out.
FAIL: Process_5 execution - source compiled test
WARNING: program timed out.
FAIL: Process_5 execution - gij test
WARNING: program timed out.
FAIL: Process_5 execution - bytecode->native test
WARNING: program timed out.
FAIL: Process_5 -O3 execution - source compiled test
WARNING: program timed out.
FAIL: Process_5 execution - gij test
WARNING: program timed out.
FAIL: Process_5 -O3 execution - bytecode->native test
FAIL: Throw_2 execution - source compiled test
FAIL: Throw_2 execution - gij test
FAIL: Throw_2 execution - bytecode->native test
FAIL: Throw_2 -O3 execution - source compiled test
FAIL: Throw_2 execution - gij test
FAIL: Throw_2 -O3 execution - bytecode->native test
FAIL: pr83 -O3 compilation from bytecode
=== libjava Summary ===
# of expected passes 3486
# of unexpected failures 43
# of expected failures 14
# of untested testcases 60
=== libstdc++ tests ===
Running target unix
FAIL: 21_strings/basic_string/find/char/3.cc execution test
FAIL: 22_locale/num_put/put/char/14220.cc execution test
FAIL: 22_locale/num_put/put/wchar_t/14220.cc execution test
FAIL: 26_numerics/cmath/c99_classification_macros_c++.cc (test for excess errors)
FAIL: 26_numerics/cmath/c99_classification_macros_c.cc (test for excess errors)
FAIL: 27_io/basic_istream/extractors_arithmetic/char/12.cc execution test
=== libstdc++ Summary ===
# of expected passes 2894
# of unexpected failures 6
# of expected failures 6
Compiler version: 4.0.0 20040910 (experimental)
Platform: i386-pc-solaris2.10
configure flags: --prefix=/vol/gcc --with-local-prefix=/vol/gcc --disable-nls --with-gnu-as --with-as=/vol/gcc/lib/gas-2.15 --disable-libmudflap --enable-languages=c,c++,java,objc
BOOT_CFLAGS=-g -O2
More information about the Gcc-testresults
mailing list