Results for 4.0.0 20041022 (experimental) testsuite on i586-redhat-linux-gnu
Eric Botcazou
eric@localhost.localdomain
Sat Oct 23 07:50:00 GMT 2004
LAST_UPDATED: Fri Oct 22 05:55:47 UTC 2004
=== acats tests ===
FAIL: c32001e
FAIL: c330001
FAIL: c380004
FAIL: c43214c
FAIL: c45273a
FAIL: c45347a
FAIL: c45347b
FAIL: c45347c
FAIL: c64104c
FAIL: c64106b
FAIL: c74004a
FAIL: ca11005
FAIL: cc1221d
FAIL: cc51003
FAIL: cc70a01
FAIL: cd10002
FAIL: cd2a21e
FAIL: cd2a22i
FAIL: cd2a31a
FAIL: cxaa010
FAIL: cxaa017
FAIL: cxb4004
=== acats Summary ===
# of expected passes 2300
# of unexpected failures 22
Native configuration is i586-redhat-linux-gnu
=== gcc tests ===
Running target unix
XPASS: gcc.c-torture/compile/pr17529.c -O0 (test for excess errors)
XPASS: gcc.c-torture/execute/loop-2e.c execution, -Os
WARNING: Could not compile gcc.dg/compat/struct-layout-1 generator
XPASS: gcc.dg/cpp/cmdlne-dI-M.c scan-file (^|\\\\n)cmdlne-dI-M.*:[^\\\\n]*cmdlne-dI-M.c
XPASS: gcc.dg/cpp/cmdlne-dM-M.c scan-file (^|\\\\n)cmdlne-dM-M[^\\\\n]*:[^\\\\n]*cmdlne-dM-M.c
FAIL: gcc.dg/debug/dwarf2/dwarf-die7.c scan-assembler 1.*DW_AT_inline
FAIL: gcc.dg/c90-const-expr-3.c (test for excess errors)
FAIL: gcc.dg/c99-const-expr-3.c (test for excess errors)
FAIL: gcc.dg/i386-sse-9.c execution test
=== gcc Summary ===
# of expected passes 31275
# of unexpected failures 4
# of unexpected successes 4
# of expected failures 111
# of untested testcases 28
# of unsupported tests 291
/home/eric/build/gcc/native/gcc/xgcc version 4.0.0 20041022 (experimental)
=== gfortran tests ===
Running target unix
XPASS: gfortran.dg/ret_pointer_1.f90 -O0 execution test
XPASS: gfortran.dg/ret_pointer_1.f90 -O1 execution test
XPASS: gfortran.dg/ret_pointer_1.f90 -O2 execution test
XPASS: gfortran.dg/ret_pointer_1.f90 -O3 -fomit-frame-pointer execution test
XPASS: gfortran.dg/ret_pointer_1.f90 -O3 -fomit-frame-pointer -funroll-loops execution test
XPASS: gfortran.dg/ret_pointer_1.f90 -O3 -fomit-frame-pointer -funroll-all-loops -finline-functions execution test
XPASS: gfortran.dg/ret_pointer_1.f90 -O3 -g execution test
FAIL: gfortran.fortran-torture/execute/emptyif.f90 compilation, -O1
FAIL: gfortran.fortran-torture/execute/emptyif.f90 compilation, -O2
FAIL: gfortran.fortran-torture/execute/emptyif.f90 compilation, -O3 -fomit-frame-pointer
FAIL: gfortran.fortran-torture/execute/emptyif.f90 compilation, -O3 -fomit-frame-pointer -funroll-loops
FAIL: gfortran.fortran-torture/execute/emptyif.f90 compilation, -O3 -fomit-frame-pointer -funroll-all-loops -finline-functions
FAIL: gfortran.fortran-torture/execute/emptyif.f90 compilation, -O3 -g
FAIL: gfortran.fortran-torture/execute/emptyif.f90 compilation, -Os
FAIL: gfortran.fortran-torture/execute/forall_3.f90 execution, -O1
=== gfortran Summary ===
# of expected passes 4624
# of unexpected failures 8
# of unexpected successes 7
# of expected failures 20
# of untested testcases 7
# of unsupported tests 8
/home/eric/build/gcc/native/gcc/testsuite/../gfortran version 4.0.0 20041022 (experimental)
=== g++ tests ===
Running target unix
FAIL: g++.dg/expr/cast2.C (test for errors, line 4)
FAIL: g++.dg/parse/crash10.C (test for excess errors)
FAIL: g++.dg/parse/error14.C (test for excess errors)
FAIL: g++.dg/parse/parameter-declaration-1.C (test for excess errors)
XPASS: g++.dg/rtti/tinfo1.C scan-assembler _ZTIP9CTemplateIhE:
XPASS: g++.dg/rtti/tinfo1.C scan-assembler-not .globl[ \\t]+_ZTIP9CTemplateIhE
XPASS: g++.dg/rtti/tinfo1.C scan-assembler-not .section[^\\n\\r]*_ZTIP9CTemplateIhE[^\\n\\r]*
WARNING: g++.old-deja/g++.mike/p10769a.C compilation failed to produce executable
WARNING: g++.old-deja/g++.other/enum5.C compilation failed to produce executable
XPASS: g++.old-deja/g++.other/init5.C execution test
=== g++ Summary ===
# of expected passes 10254
# of unexpected failures 4
# of unexpected successes 4
# of expected failures 75
# of unsupported tests 61
/home/eric/build/gcc/native/gcc/testsuite/../g++ version 4.0.0 20041022 (experimental)
=== objc tests ===
Running target unix
=== objc Summary ===
# of expected passes 1424
# of unsupported tests 8
/home/eric/build/gcc/native/gcc/xgcc version 4.0.0 20041022 (experimental)
=== libffi tests ===
Running target unix
=== libffi Summary ===
# of expected passes 216
# of unsupported tests 2
=== libjava tests ===
Running target unix
FAIL: md5test output - source compiled test
FAIL: md5test output - gij test
FAIL: md5test output - bytecode->native test
FAIL: md5test -O3 output - source compiled test
FAIL: md5test output - gij test
FAIL: md5test -O3 output - bytecode->native test
FAIL: pr83 -O3 compilation from bytecode
FAIL: shatest output - source compiled test
FAIL: shatest output - gij test
FAIL: shatest output - bytecode->native test
FAIL: shatest -O3 output - source compiled test
FAIL: shatest output - gij test
FAIL: shatest -O3 output - bytecode->native test
=== libjava Summary ===
# of expected passes 3634
# of unexpected failures 13
# of expected failures 14
# of untested testcases 18
=== libstdc++-v3 check-abi Summary ===
# of added symbols: 43
# of missing symbols: 0
# of incompatible symbols: 0
using: /home/eric/cvs/gcc/libstdc++-v3/config/abi/i486-linux-gnu/baseline_symbols.txt
=== libstdc++ tests ===
Running target unix
FAIL: 22_locale/codecvt/encoding/wchar_t/wrapped_locale.cc execution test
FAIL: 22_locale/codecvt/in/wchar_t/9.cc execution test
FAIL: 22_locale/codecvt/max_length/wchar_t/wrapped_locale.cc execution test
FAIL: 22_locale/ctype/widen/wchar_t/2.cc execution test
FAIL: 22_locale/locale/cons/12438.cc execution test
XPASS: 22_locale/locale/cons/12658_thread-1.cc execution test
XPASS: 26_numerics/cmath/c99_classification_macros_c.cc (test for excess errors)
FAIL: 27_io/basic_filebuf/imbue/wchar_t/12868.cc execution test
FAIL: 27_io/basic_filebuf/overflow/wchar_t/11305-1.cc execution test
FAIL: 27_io/basic_filebuf/overflow/wchar_t/11305-2.cc execution test
FAIL: 27_io/basic_filebuf/overflow/wchar_t/11305-3.cc execution test
FAIL: 27_io/basic_filebuf/overflow/wchar_t/11305-4.cc execution test
FAIL: 27_io/basic_filebuf/seekoff/wchar_t/1.cc execution test
FAIL: 27_io/basic_filebuf/seekoff/wchar_t/2.cc execution test
FAIL: 27_io/basic_filebuf/seekpos/wchar_t/9874.cc execution test
FAIL: 27_io/basic_filebuf/underflow/wchar_t/1.cc execution test
FAIL: 27_io/basic_filebuf/underflow/wchar_t/2.cc execution test
FAIL: 27_io/basic_filebuf/underflow/wchar_t/3.cc execution test
FAIL: 27_io/basic_filebuf/underflow/wchar_t/9520.cc execution test
=== libstdc++ Summary ===
# of expected passes 3010
# of unexpected failures 17
# of unexpected successes 2
# of expected failures 5
Compiler version: 4.0.0 20041022 (experimental)
Platform: i586-redhat-linux-gnu
configure flags: i586-redhat-linux-gnu --prefix=/home/eric/install/gcc/native --enable-__cxa_atexit --disable-checking --disable-libmudflap --enable-languages=c,ada,c++,f95,java,objc
BOOT_CFLAGS=-O2 -g -fomit-frame-pointer
More information about the Gcc-testresults
mailing list