Results for 4.0.0 20041019 (experimental) testsuite on powerpc-ibm-aix5.2.0.0
David Edelsohn
dje@watson.ibm.com
Tue Oct 19 14:04:00 GMT 2004
LAST_UPDATED: Tue Oct 19 04:34:04 UTC 2004
Native configuration is powerpc-ibm-aix5.2.0.0
=== g++ tests ===
Running target unix
FAIL: g++.dg/abi/inline1.C scan-assembler-not _ZTV1S
FAIL: g++.dg/abi/local1.C execution test
WARNING: g++.dg/ext/altivec-3.C compilation failed to produce executable
ERROR: g++.dg/ext/altivec-7.C: error executing dg-final: couldn't open "altivec-7.s": no such file or directory
UNRESOLVED: g++.dg/ext/altivec-7.C: error executing dg-final: couldn't open "altivec-7.s": no such file or directory
XPASS: g++.dg/other/packed1.C execution test
XPASS: g++.dg/rtti/tinfo1.C scan-assembler _ZTIP9CTemplateIhE:
XPASS: g++.dg/rtti/tinfo1.C scan-assembler-not .globl[ \\t]+_ZTIP9CTemplateIhE
XPASS: g++.dg/rtti/tinfo1.C scan-assembler-not .section[^\\n\\r]*_ZTIP9CTemplateIhE[^\\n\\r]*
FAIL: g++.dg/template/repo3.C (test for excess errors)
WARNING: g++.old-deja/g++.mike/p10769a.C compilation failed to produce executable
WARNING: g++.old-deja/g++.other/enum5.C compilation failed to produce executable
FAIL: g++.old-deja/g++.pt/const2.C (test for errors, line )
WARNING: g++.old-deja/g++.pt/friend44.C compilation failed to produce executable
FAIL: g++.old-deja/g++.pt/instantiate4.C (test for excess errors)
FAIL: g++.old-deja/g++.pt/instantiate6.C (test for excess errors)
FAIL: g++.old-deja/g++.pt/repo1.C (test for excess errors)
FAIL: g++.old-deja/g++.pt/repo2.C (test for excess errors)
FAIL: g++.old-deja/g++.pt/repo4.C (test for excess errors)
=== g++ Summary ===
# of expected passes 9833
# of unexpected failures 9
# of unexpected successes 4
# of expected failures 92
# of unresolved testcases 1
# of unsupported tests 106
/tmp/powerpc-ibm-aix5.2.0.0-20041019/gcc/testsuite/../g++ version 4.0.0 20041019 (experimental)
=== gcc tests ===
Running target unix
XPASS: gcc.c-torture/compile/pr17529.c -O0 (test for excess errors)
FAIL: gcc.dg/compat/vector-2 c_compat_x_tst.o compile
FAIL: gcc.dg/compat/vector-2 c_compat_y_tst.o compile
UNRESOLVED: gcc.dg/compat/vector-2 c_compat_x_tst.o-c_compat_y_tst.o link
UNRESOLVED: gcc.dg/compat/vector-2 c_compat_x_tst.o-c_compat_y_tst.o execute
WARNING: Could not compile gcc.dg/compat/struct-layout-1 generator
FAIL: gcc.dg/cpp/Wmissingdirs.c -Wmissing-include-dirs (test for warnings, line )
FAIL: gcc.dg/cpp/Wmissingdirs.c (test for excess errors)
XPASS: gcc.dg/cpp/cmdlne-dI-M.c scan-file (^|\\\\n)cmdlne-dI-M.*:[^\\\\n]*cmdlne-dI-M.c
XPASS: gcc.dg/cpp/cmdlne-dM-M.c scan-file (^|\\\\n)cmdlne-dM-M[^\\\\n]*:[^\\\\n]*cmdlne-dM-M.c
FAIL: gcc.dg/20020103-1.c scan-assembler-not LC
FAIL: gcc.dg/20020118-1.c execution test
FAIL: gcc.dg/20040813-1.c (test for excess errors)
ERROR: gcc.dg/20040813-1.c: error executing dg-final: couldn't open "20040813-1.s": no such file or directory
UNRESOLVED: gcc.dg/20040813-1.c: error executing dg-final: couldn't open "20040813-1.s": no such file or directory
WARNING: gcc.dg/altivec-1.c compilation failed to produce executable
ERROR: gcc.dg/altivec-11.c: error executing dg-final: couldn't open "altivec-11.s": no such file or directory
UNRESOLVED: gcc.dg/altivec-11.c: error executing dg-final: couldn't open "altivec-11.s": no such file or directory
WARNING: gcc.dg/altivec-12.c compilation failed to produce executable
FAIL: gcc.dg/altivec-14.c (test for warnings, line 8)
FAIL: gcc.dg/altivec-14.c (test for warnings, line 9)
FAIL: gcc.dg/altivec-14.c (test for warnings, line 10)
FAIL: gcc.dg/altivec-14.c (test for warnings, line 11)
FAIL: gcc.dg/altivec-14.c (test for warnings, line 12)
FAIL: gcc.dg/altivec-14.c (test for warnings, line 14)
FAIL: gcc.dg/altivec-14.c (test for warnings, line 15)
FAIL: gcc.dg/altivec-14.c (test for warnings, line 16)
FAIL: gcc.dg/altivec-14.c (test for warnings, line 20)
FAIL: gcc.dg/altivec-14.c (test for warnings, line 21)
FAIL: gcc.dg/altivec-14.c (test for warnings, line 22)
FAIL: gcc.dg/altivec-14.c (test for excess errors)
ERROR: gcc.dg/altivec-18.c: error executing dg-final: couldn't open "altivec-18.s": no such file or directory
UNRESOLVED: gcc.dg/altivec-18.c: error executing dg-final: couldn't open "altivec-18.s": no such file or directory
WARNING: gcc.dg/altivec-3.c compilation failed to produce executable
WARNING: gcc.dg/altivec-varargs-1.c compilation failed to produce executable
FAIL: gcc.dg/asm-names.c scan-assembler-not ____frob14
FAIL: gcc.dg/c90-const-expr-3.c (test for excess errors)
FAIL: gcc.dg/c99-const-expr-3.c (test for excess errors)
XPASS: gcc.dg/const-elim-1.c scan-assembler-not L\\\\\$?C[^A-Z]
WARNING: gcc.dg/darwin-longlong.c compilation failed to produce executable
FAIL: gcc.dg/ppc-vector-memcpy.c scan-assembler lvx
XPASS: gcc.dg/ppc-vector-memset.c (test for excess errors)
FAIL: gcc.dg/ppc-vector-memset.c scan-assembler stvx
XPASS: gcc.dg/pr16155.c -maltivec -mansi (test for bogus messages, line )
FAIL: gcc.dg/pr16155.c (test for excess errors)
XPASS: gcc.dg/pr16286.c -maltivec (test for bogus messages, line )
FAIL: gcc.dg/pr16286.c (test for excess errors)
FAIL: gcc.dg/pr17055-1.c (test for excess errors)
FAIL: gcc.dg/wint_t-1.c (test for excess errors)
FAIL: gcc.dg/tree-ssa/ifc-20040816-2.c scan-tree-dump-times Applying if-conversion 1
FAIL: gcc.dg/tree-ssa/sra-1.c scan-tree-dump-times link_error 0
=== gcc Summary ===
# of expected passes 29247
# of unexpected failures 30
# of unexpected successes 7
# of expected failures 93
# of unresolved testcases 5
# of unsupported tests 429
/tmp/powerpc-ibm-aix5.2.0.0-20041019/gcc/xgcc version 4.0.0 20041019 (experimental)
=== gfortran tests ===
Running target unix
XPASS: gfortran.dg/ret_pointer_1.f90 -O0 execution test
XPASS: gfortran.dg/ret_pointer_1.f90 -O1 execution test
XPASS: gfortran.dg/ret_pointer_1.f90 -O2 execution test
XPASS: gfortran.dg/ret_pointer_1.f90 -O3 -fomit-frame-pointer execution test
XPASS: gfortran.dg/ret_pointer_1.f90 -O3 -fomit-frame-pointer -funroll-loops execution test
XPASS: gfortran.dg/ret_pointer_1.f90 -O3 -fomit-frame-pointer -funroll-all-loops -finline-functions execution test
XPASS: gfortran.dg/ret_pointer_1.f90 -O3 -g execution test
XPASS: gfortran.dg/ret_pointer_1.f90 -Os execution test
FAIL: gfortran.fortran-torture/execute/emptyif.f90 compilation, -O1
FAIL: gfortran.fortran-torture/execute/emptyif.f90 compilation, -O2
FAIL: gfortran.fortran-torture/execute/emptyif.f90 compilation, -O3 -fomit-frame-pointer
FAIL: gfortran.fortran-torture/execute/emptyif.f90 compilation, -O3 -fomit-frame-pointer -funroll-loops
FAIL: gfortran.fortran-torture/execute/emptyif.f90 compilation, -O3 -fomit-frame-pointer -funroll-all-loops -finline-functions
FAIL: gfortran.fortran-torture/execute/emptyif.f90 compilation, -O3 -g
FAIL: gfortran.fortran-torture/execute/emptyif.f90 compilation, -Os
FAIL: gfortran.fortran-torture/execute/forall_3.f90 execution, -O0
FAIL: gfortran.fortran-torture/execute/forall_3.f90 execution, -O1
FAIL: gfortran.fortran-torture/execute/forall_3.f90 execution, -O2
FAIL: gfortran.fortran-torture/execute/forall_3.f90 execution, -O3 -fomit-frame-pointer
FAIL: gfortran.fortran-torture/execute/forall_3.f90 execution, -O3 -fomit-frame-pointer -funroll-loops
FAIL: gfortran.fortran-torture/execute/forall_3.f90 execution, -O3 -fomit-frame-pointer -funroll-all-loops -finline-functions
FAIL: gfortran.fortran-torture/execute/forall_3.f90 execution, -O3 -g
FAIL: gfortran.fortran-torture/execute/forall_3.f90 execution, -Os
FAIL: gfortran.fortran-torture/execute/intrinsic_nearest.f90 execution, -O0
FAIL: gfortran.fortran-torture/execute/intrinsic_nearest.f90 execution, -O1
FAIL: gfortran.fortran-torture/execute/intrinsic_nearest.f90 execution, -O2
FAIL: gfortran.fortran-torture/execute/intrinsic_nearest.f90 execution, -O3 -fomit-frame-pointer
FAIL: gfortran.fortran-torture/execute/intrinsic_nearest.f90 execution, -O3 -fomit-frame-pointer -funroll-loops
FAIL: gfortran.fortran-torture/execute/intrinsic_nearest.f90 execution, -O3 -fomit-frame-pointer -funroll-all-loops -finline-functions
FAIL: gfortran.fortran-torture/execute/intrinsic_nearest.f90 execution, -O3 -g
FAIL: gfortran.fortran-torture/execute/intrinsic_nearest.f90 execution, -Os
FAIL: gfortran.fortran-torture/execute/intrinsic_set_exponent.f90 execution, -O0
FAIL: gfortran.fortran-torture/execute/intrinsic_set_exponent.f90 execution, -O1
FAIL: gfortran.fortran-torture/execute/intrinsic_set_exponent.f90 execution, -O2
FAIL: gfortran.fortran-torture/execute/intrinsic_set_exponent.f90 execution, -O3 -fomit-frame-pointer
FAIL: gfortran.fortran-torture/execute/intrinsic_set_exponent.f90 execution, -O3 -fomit-frame-pointer -funroll-loops
FAIL: gfortran.fortran-torture/execute/intrinsic_set_exponent.f90 execution, -O3 -fomit-frame-pointer -funroll-all-loops -finline-functions
FAIL: gfortran.fortran-torture/execute/intrinsic_set_exponent.f90 execution, -O3 -g
FAIL: gfortran.fortran-torture/execute/intrinsic_set_exponent.f90 execution, -Os
FAIL: gfortran.fortran-torture/execute/read_eof.f90 execution, -O0
FAIL: gfortran.fortran-torture/execute/read_eof.f90 execution, -O1
FAIL: gfortran.fortran-torture/execute/read_eof.f90 execution, -O2
FAIL: gfortran.fortran-torture/execute/read_eof.f90 execution, -O3 -fomit-frame-pointer
FAIL: gfortran.fortran-torture/execute/read_eof.f90 execution, -O3 -fomit-frame-pointer -funroll-loops
FAIL: gfortran.fortran-torture/execute/read_eof.f90 execution, -O3 -fomit-frame-pointer -funroll-all-loops -finline-functions
FAIL: gfortran.fortran-torture/execute/read_eof.f90 execution, -O3 -g
FAIL: gfortran.fortran-torture/execute/read_eof.f90 execution, -Os
=== gfortran Summary ===
# of expected passes 4593
# of unexpected failures 39
# of unexpected successes 8
# of expected failures 19
# of untested testcases 7
# of unsupported tests 8
/tmp/powerpc-ibm-aix5.2.0.0-20041019/gcc/testsuite/../gfortran version 4.0.0 20041019 (experimental)
=== objc tests ===
Running target unix
=== objc Summary ===
# of expected passes 1424
# of unsupported tests 7
/tmp/powerpc-ibm-aix5.2.0.0-20041019/gcc/xgcc version 4.0.0 20041019 (experimental)
=== libstdc++ tests ===
Running target unix
FAIL: 22_locale/ctype/is/char/3.cc execution test
WARNING: program timed out.
FAIL: 27_io/basic_filebuf/open/char/9507.cc execution test
FAIL: 27_io/ios_base/storage/11584.cc execution test
FAIL: 27_io/objects/char/6.cc execution test
FAIL: 27_io/objects/wchar_t/6.cc execution test
=== libstdc++ Summary ===
# of expected passes 2953
# of unexpected failures 5
# of expected failures 5
Compiler version: 4.0.0 20041019 (experimental)
Platform: powerpc-ibm-aix5.2.0.0
configure flags: --prefix=/farm/dje/install/powerpc-ibm-aix5.2.0.0-20041019 --disable-werror --disable-libmudflap --with-gmp=/farm/dje --with-mpfr=/farm/dje --enable-languages=c,c++,f95,objc
More information about the Gcc-testresults
mailing list