Results for 4.0.0 20041012 (experimental) testsuite on i686-pc-linux-gnu
Christian Joensson
chj@j-son.org
Tue Oct 12 18:32:00 GMT 2004
Fedora Core release Rawhide (Rawhide) ia32 pentium III dual i686:
binutils-2.15.92.0.2-2
bison-1.875c-2
dejagnu-1.4.4-2
expect-5.42.1-1
gcc-3.4.2-5
glibc-2.3.3-66
glibc-kernheaders-2.4-9.1.87
kernel-2.6.8-1.603
kernel-smp-2.6.8-1.603
tcl-8.4.7-1
LAST_UPDATED: Tue Oct 12 10:49:22 UTC 2004
=== acats tests ===
FAIL: c330001
FAIL: c380004
FAIL: c43214c
FAIL: c45273a
FAIL: c45347a
FAIL: c45347b
FAIL: c45347c
FAIL: c54a13b
FAIL: c74004a
FAIL: c97114a
FAIL: c97117a
FAIL: ca11005
FAIL: cc1221d
FAIL: cd10002
FAIL: cd2a21e
FAIL: cd2a22i
FAIL: cd2a31a
FAIL: cxaa010
FAIL: cxaa017
FAIL: cxb4004
FAIL: cxh3002
=== acats Summary ===
# of expected passes 2301
# of unexpected failures 21
Native configuration is i686-pc-linux-gnu
=== gcc tests ===
Running target unix
XPASS: gcc.c-torture/execute/loop-2e.c execution, -Os
FAIL: gcc.dg/debug/dwarf2/dwarf-die7.c scan-assembler 1.*DW_AT_inline
FAIL: gcc.dg/c90-const-expr-3.c (test for excess errors)
FAIL: gcc.dg/c99-const-expr-3.c (test for excess errors)
FAIL: gcc.dg/cleanup-10.c execution test
FAIL: gcc.dg/cleanup-11.c execution test
FAIL: gcc.dg/cleanup-8.c execution test
FAIL: gcc.dg/cleanup-9.c execution test
FAIL: gcc.dg/tree-ssa/ifc-20040816-2.c scan-tree-dump-times Applying if-conversion 1
FAIL: 96:is -:should be 1
FAIL: gcc.misc-tests/gcov-4.c gcov: 1 failures in line counts, 0 in branch percentages, 0 in return percentages
=== gcc Summary ===
# of expected passes 31380
# of unexpected failures 10
# of unexpected successes 1
# of expected failures 114
# of untested testcases 28
# of unsupported tests 274
/usr/local/src/trunk/objdir/gcc/xgcc version 4.0.0 20041012 (experimental)
=== gfortran tests ===
Running target unix
XPASS: gfortran.dg/ret_pointer_1.f90 -O0 execution test
XPASS: gfortran.dg/ret_pointer_1.f90 -O1 execution test
XPASS: gfortran.dg/ret_pointer_1.f90 -O3 -fomit-frame-pointer execution test
XPASS: gfortran.dg/ret_pointer_1.f90 -O3 -fomit-frame-pointer -funroll-loops execution test
XPASS: gfortran.dg/ret_pointer_1.f90 -O3 -fomit-frame-pointer -funroll-all-loops -finline-functions execution test
FAIL: gfortran.fortran-torture/execute/emptyif.f90 compilation, -O1
FAIL: gfortran.fortran-torture/execute/emptyif.f90 compilation, -O2
FAIL: gfortran.fortran-torture/execute/emptyif.f90 compilation, -O3 -fomit-frame-pointer
FAIL: gfortran.fortran-torture/execute/emptyif.f90 compilation, -O3 -fomit-frame-pointer -funroll-loops
FAIL: gfortran.fortran-torture/execute/emptyif.f90 compilation, -O3 -fomit-frame-pointer -funroll-all-loops -finline-functions
FAIL: gfortran.fortran-torture/execute/emptyif.f90 compilation, -O3 -g
FAIL: gfortran.fortran-torture/execute/emptyif.f90 compilation, -Os
FAIL: gfortran.fortran-torture/execute/forall_3.f90 execution, -O1
=== gfortran Summary ===
# of expected passes 4640
# of unexpected failures 8
# of unexpected successes 5
# of expected failures 22
# of untested testcases 7
/usr/local/src/trunk/objdir/gcc/testsuite/../gfortran version 4.0.0 20041012 (experimental)
=== g++ tests ===
Running target unix
XPASS: g++.dg/rtti/tinfo1.C scan-assembler _ZTIP9CTemplateIhE:
XPASS: g++.dg/rtti/tinfo1.C scan-assembler-not .globl[ \\t]+_ZTIP9CTemplateIhE
XPASS: g++.dg/rtti/tinfo1.C scan-assembler-not .section[^\\n\\r]*_ZTIP9CTemplateIhE[^\\n\\r]*
FAIL: 102:is -:should be 1
FAIL: g++.dg/gcov/gcov-1.C gcov: 1 failures in line counts, 0 in branch percentages, 0 in return percentages
WARNING: g++.old-deja/g++.mike/p10769a.C compilation failed to produce executable
WARNING: g++.old-deja/g++.other/enum5.C compilation failed to produce executable
XPASS: g++.old-deja/g++.other/init5.C execution test
WARNING: g++.old-deja/g++.pt/friend44.C compilation failed to produce executable
=== g++ Summary ===
# of expected passes 10231
# of unexpected failures 2
# of unexpected successes 4
# of expected failures 77
# of unsupported tests 49
/usr/local/src/trunk/objdir/gcc/testsuite/../g++ version 4.0.0 20041012 (experimental)
=== objc tests ===
Running target unix
=== objc Summary ===
# of expected passes 1421
# of unsupported tests 7
/usr/local/src/trunk/objdir/gcc/xgcc version 4.0.0 20041012 (experimental)
=== libffi tests ===
Running target unix
=== libffi Summary ===
# of expected passes 214
# of unsupported tests 2
=== libjava tests ===
Running target unix
FAIL: md5test output - source compiled test
FAIL: md5test output - gij test
FAIL: md5test output - bytecode->native test
FAIL: md5test -O3 output - source compiled test
FAIL: md5test output - gij test
FAIL: md5test -O3 output - bytecode->native test
FAIL: shatest output - source compiled test
FAIL: shatest output - gij test
FAIL: shatest output - bytecode->native test
FAIL: shatest -O3 output - source compiled test
FAIL: shatest output - gij test
FAIL: shatest -O3 output - bytecode->native test
=== libjava Summary ===
# of expected passes 3637
# of unexpected failures 12
# of expected failures 14
# of untested testcases 16
=== libmudflap tests ===
Running target unix
FAIL: libmudflap.cth/pass40-frag.c execution test
FAIL: libmudflap.cth/pass40-frag.c output pattern test
FAIL: libmudflap.cth/pass40-frag.c (-O2) execution test
FAIL: libmudflap.cth/pass40-frag.c (-O2) output pattern test
FAIL: libmudflap.cth/pass40-frag.c (-O3) execution test
FAIL: libmudflap.cth/pass40-frag.c (-O3) output pattern test
=== libmudflap Summary ===
# of expected passes 1194
# of unexpected failures 6
=== libstdc++-v3 check-abi Summary ===
# of added symbols: 37
# of missing symbols: 0
# of incompatible symbols: 0
using: /usr/local/src/trunk/gcc/libstdc++-v3/config/abi/i486-linux-gnu/baseline_symbols.txt
=== libstdc++ tests ===
Running target unix
XPASS: 22_locale/locale/cons/12658_thread-1.cc execution test
XPASS: 26_numerics/cmath/c99_classification_macros_c.cc (test for excess errors)
=== libstdc++ Summary ===
# of expected passes 2964
# of unexpected successes 2
# of expected failures 5
Compiler version: 4.0.0 20041012 (experimental)
Platform: i686-pc-linux-gnu
configure flags: --enable-__cxa_atexit --enable-shared --enable-languages=c,ada,c++,f95,java,objc
Counting all warnings,
there are 530 warnings in stage0 of this bootstrap.
Number of warnings per file:
212 include/gc_config.h
212 include/config.h
25 libiberty/concat.c
15 libiberty/regex.c
8 g-spipat.adb
6 include/xregex2.h
4 libjava/java/lang/strtod.c
3 libjava/java/lang/e_exp.c
3 libjava/java/lang/dtoa.c
3 include/java-signal.h
2 raise.c
2 make[5]
2 libtool
2 libjava/java/lang/natClassLoader.cc
2 libiberty/pex-unix.c
2 libcpp/macro.c
2 fastjar/shift.c
1 make[4]
1 libobjc/thr.c
1 libobjc/sendmsg.c
1 libjava/java/lang/e_rem_pio2.c
1 libjava/java/lang/e_asin.c
1 libjava/gnu/gcj/io/shs.cc
1 libgfortran/generated/transpose_i8.c
1 libgfortran/generated/transpose_i4.c
1 libgfortran/generated/matmul_r8.c
1 libgfortran/generated/matmul_r4.c
1 libgfortran/generated/matmul_l8.c
1 libgfortran/generated/matmul_l4.c
1 libgfortran/generated/matmul_i8.c
1 libgfortran/generated/matmul_i4.c
1 libgfortran/generated/matmul_c8.c
1 libgfortran/generated/matmul_c4.c
1 libcpp/pch.c
1 libcpp/directives.c
1 java/net/natNetworkInterface.cc
1 gnu/java/nio/natPipeImpl.cc
1 gcc/coretypes.h
1 gcc/boehm-gc/mark_rts.c
1 gcc/ada/prj-nmsc.adb
1 fastjar/jartool.c
1 fastjar/compress.c
Number of warning types:
213 this is the location of the previous definition
53 \`PACKAGE_VERSION' redefined
53 \`PACKAGE_TARNAME' redefined
53 \`PACKAGE_STRING' redefined
53 \`PACKAGE_NAME' redefined
25 traditional C rejects ISO C style function definitions
15 signed and unsigned type in conditional expression
10 passing argument 1 of '_gfortran_size0' from incompatible pointer type
4 'STOP' may be used uninitialized in this function
4 'START' may be used uninitialized in this function
4 ISO C90 does not support \`static' or type qualifiers in parameter array declarators
3 'void restore()' declared 'static' but never defined
3 jobserver unavailable: using -j1. Add \`???' to parent make rule.
3 comparison between signed and unsigned integer expressions
2 variable 'out' might be clobbered by 'longjmp' or 'vfork'
2 pointer targets in passing arg ??? of \`???' differ in signedness
2 pointer targets in assignment differ in signedness
2 ISO C90 does not support 'static' or type qualifiers in parameter array declarators
2 comparison between signed and unsigned
1 'z' is used uninitialized in this function
1 'void byteReverse()' declared 'static' but never defined
1 unused parameter 'ze'
1 unused parameter 'self'
1 'Unit_Kind' may be used uninitialized in this function
1 to ensure that POSIX-compatible ar will work
1 't' may be used uninitialized in this function
1 string length \`???' is greater than the length \`???' ISO C89 compilers are required to support
1 'spec_case' may be used uninitialized in this function
1 \`rtx' redefined
1 object name conflicts; overriding AR_FLAGS to 'cq'
1 'noreturn' function does return
1 'lo' may be used uninitialized in this function
1 'k' may be used uninitialized in this function
1 'ilim' may be used uninitialized in this function
1 'ilim1' may be used uninitialized in this function
1 'hi' may be used uninitialized in this function
1 function returns address of local variable
1 'delta' may be used uninitialized in this function
1 'bs' may be used uninitialized in this function
1 'bd' may be used uninitialized in this function
1 'bb' may be used uninitialized in this function
1 assignment from incompatible pointer type
1 assignment discards qualifiers from pointer target type
Counting all warnings,
there are 12 warnings in stage3 of this bootstrap.
Number of warnings per file:
5 gcc/config/i386/i386.md
3 gcc/gcc.c
2 gcc/objc/lang-specs.h
1 gcc/java/jvspec.c
1 gcc/ada/tracebak.c
Number of warning types:
4 source missing a mode?
1 string length '844' is greater than the length '509' ISO C89 compilers are required to support
1 string length '819' is greater than the length '509' ISO C89 compilers are required to support
1 string length '783' is greater than the length '509' ISO C89 compilers are required to support
1 string length '695' is greater than the length '509' ISO C89 compilers are required to support
1 string length '608' is greater than the length '509' ISO C89 compilers are required to support
1 string length '603' is greater than the length '509' ISO C89 compilers are required to support
1 operand 1 missing mode?
1 comparison of unsigned expression < 0 is always false
More information about the Gcc-testresults
mailing list