Results for 3.4.2 testsuite on powerpc-yellowdog-linux-gnu
Joseph E. Sacco, Ph.D.
jsacco@earthlink.net
Sat Oct 2 13:18:00 GMT 2004
LAST_UPDATED: Obtained from CVS: -rgcc_3_4_2_release
=== acats tests ===
FAIL: c37213f
FAIL: c37215f
=== acats Summary ===
# of expected passes 1963
# of unexpected failures 2
# of unsupported tests 357
Native configuration is powerpc-yellowdog-linux-gnu
=== g77 tests ===
Running target unix
=== g77 Summary ===
# of expected passes 1800
# of unsupported tests 6
/usr/local/src/GNU/gcc-3.4.2/objdir/gcc/testsuite/../g77 version 3.4.2
=== gcc tests ===
Running target unix
FAIL: gcc.c-torture/execute/20030125-1.c execution, -O1
FAIL: gcc.c-torture/execute/20030125-1.c execution, -O2
FAIL: gcc.c-torture/execute/20030125-1.c execution, -O3
-fomit-frame-pointer
FAIL: gcc.c-torture/execute/20030125-1.c execution, -O3 -g
FAIL: gcc.c-torture/execute/20030125-1.c execution, -Os
FAIL: gcc.dg/20020103-1.c scan-assembler-not LC
FAIL: gcc.dg/builtins-18.c (test for excess errors)
FAIL: gcc.dg/builtins-20.c (test for excess errors)
FAIL: gcc.dg/cleanup-10.c execution test
FAIL: gcc.dg/cleanup-11.c execution test
FAIL: gcc.dg/cleanup-5.c execution test
FAIL: gcc.dg/cleanup-8.c execution test
FAIL: gcc.dg/cleanup-9.c execution test
FAIL: gcc.dg/ppc-sdata-1.c scan-assembler sdat@sdarel\\\\(13\\\\)
FAIL: gcc.dg/ppc-sdata-1.c scan-assembler sdat2@sda21\\\\(2\\\\)
=== gcc Summary ===
# of expected passes 24513
# of unexpected failures 15
# of expected failures 69
# of untested testcases 7
# of unsupported tests 304
/usr/local/src/GNU/gcc-3.4.2/objdir/gcc/xgcc version 3.4.2
=== g++ tests ===
Running target unix
XPASS: g++.dg/other/packed1.C execution test
XPASS: g++.dg/rtti/tinfo1.C scan-assembler _ZTIP9CTemplateIhE:
XPASS: g++.dg/rtti/tinfo1.C scan-assembler-not .globl[
\\t]+_ZTIP9CTemplateIhE
WARNING: g++.old-deja/g++.mike/p10769a.C compilation failed to produce
executable
WARNING: g++.old-deja/g++.other/enum5.C compilation failed to produce
executable
XPASS: g++.old-deja/g++.other/init5.C execution test
WARNING: g++.old-deja/g++.pt/friend44.C compilation failed to produce
executable
=== g++ Summary ===
# of expected passes 9651
# of unexpected successes 4
# of expected failures 67
# of unsupported tests 71
/usr/local/src/GNU/gcc-3.4.2/objdir/gcc/testsuite/../g++ version 3.4.2
=== objc tests ===
Running target unix
=== objc Summary ===
# of expected passes 1352
# of unsupported tests 8
/usr/local/src/GNU/gcc-3.4.2/objdir/gcc/xgcc version 3.4.2
=== libffi tests ===
Running target unix
=== libffi Summary ===
# of expected passes 212
# of unsupported tests 2
=== libjava tests ===
Running target unix
FAIL: linking simple
=== libjava Summary ===
# of expected passes 3260
# of unexpected failures 1
# of expected failures 11
# of untested testcases 8
=== libstdc++-v3 check-abi Summary ===
# of added symbols: 8
# of missing symbols: 0
# of incompatible symbols: 0
using:
/usr/local/src/GNU/gcc-3.4.2/libstdc++-v3/config/abi/powerpc-linux-gnu/baseline_symbols.txt
=== libstdc++ tests ===
Running target unix
XPASS: 22_locale/locale/cons/12658_thread.cc execution test
XPASS: 26_numerics/c99_classification_macros_c.cc (test for excess
errors)
=== libstdc++ Summary ===
# of expected passes 2709
# of unexpected successes 2
# of expected failures 5
Compiler version: 3.4.2
Platform: powerpc-yellowdog-linux-gnu
configure flags: --prefix=/usr/local/gcc/3.4.2 --enable-shared
--enable-threads=posix --disable-checking --with-system-zlib
--enable-__cxa_atexit --disable-libunwind-exceptions
--enable-java-awt=gtk --host=ppc-yellowdog-linux
--
Joseph E. Sacco, Ph.D. <jsacco[at]earthlink[dot]net>
More information about the Gcc-testresults
mailing list