Results for 4.0.0 20041127 (experimental) testsuite on x86_64-mandrake-linux-gnu
Eric Botcazou
eric@localhost.localhost
Sat Nov 27 19:55:00 GMT 2004
LAST_UPDATED: Sat Nov 27 13:15:12 UTC 2004
Native configuration is x86_64-mandrake-linux-gnu
=== libffi tests ===
Running target unix
FAIL: libffi.call/cls_12byte.c output pattern test, is 7 4 9 1 5 3: 8 9 12
FAIL: libffi.call/cls_16byte.c output pattern test, is 7 8 9 1 9 3: 8 17 12
FAIL: libffi.call/cls_18byte.c output pattern test, is 1 127 126 3 4 125 124 5: 5 252 250 8
FAIL: libffi.call/cls_19byte.c output pattern test, is 1 127 126 3 120 4 125 124 5 119: 5 252 250 8 239
FAIL: libffi.call/cls_1_1byte.c execution test
FAIL: libffi.call/cls_20byte.c output pattern test, is 1 2 3 4 5 7: 5 7 10
FAIL: libffi.call/cls_20byte1.c output pattern test, is 1 2 3 4 5 7: 5 7 10
FAIL: libffi.call/cls_24byte.c execution test
FAIL: libffi.call/cls_2byte.c output pattern test, is 12 127 1 13: 13 140
FAIL: libffi.call/cls_3_1byte.c output pattern test, is 12 13 14 178 179 180: 190 192 194
FAIL: libffi.call/cls_3byte1.c output pattern test, is 12 119 1 15: 13 134
FAIL: libffi.call/cls_3byte2.c output pattern test, is 15 125 9 19: 24 144
FAIL: libffi.call/cls_4_1byte.c output pattern test, is 12 13 14 15 178 179 180 181: 190 192 194 196
FAIL: libffi.call/cls_4byte.c output pattern test, is 127 120 12 128: 139 248
FAIL: libffi.call/cls_5byte.c output pattern test, is 127 120 1 12 128 9: 139 248 10
FAIL: libffi.call/cls_64byte.c execution test
FAIL: libffi.call/cls_6byte.c output pattern test, is 127 120 1 128 12 128 9 127: 139 248 10 255
FAIL: libffi.call/cls_7byte.c output pattern test, is 127 120 1 254 12 128 9 255: 139 248 10 509
FAIL: libffi.call/cls_8byte.c output pattern test, is 1 2 4 5: 5 7
FAIL: libffi.call/cls_9byte1.c output pattern test, is 7 8 1 9: 8 17
FAIL: libffi.call/cls_9byte2.c output pattern test, is 7 8 1 9: 8 17
FAIL: libffi.call/cls_align_double.c output pattern test, is 12 4951 127 1 9320 13: 13 14271 140
FAIL: libffi.call/cls_align_float.c output pattern test, is 12 4951 127 1 9320 13: 13 14271 140
FAIL: libffi.call/cls_align_longdouble.c output pattern test, is 12 4951 127 1 9320 13: 13 14271 140
FAIL: libffi.call/cls_align_pointer.c output pattern test, is 12 4951 127 1 9320 13: 13 14271 140
FAIL: libffi.call/cls_align_sint16.c output pattern test, is 12 4951 127 1 9320 13: 13 14271 140
FAIL: libffi.call/cls_align_sint32.c output pattern test, is 12 4951 127 1 9320 13: 13 14271 140
FAIL: libffi.call/cls_align_sint64.c output pattern test, is 12 4951 127 1 9320 13: 13 14271 140
FAIL: libffi.call/cls_align_uint16.c output pattern test, is 12 4951 127 1 9320 13: 13 14271 140
FAIL: libffi.call/cls_align_uint32.c output pattern test, is 12 4951 127 1 9320 13: 13 14271 140
FAIL: libffi.call/cls_align_uint64.c output pattern test, is 12 4951 127 1 9320 13: 13 14271 140
FAIL: libffi.call/nested_struct.c execution test
FAIL: libffi.call/nested_struct1.c output pattern test, is 9 2 6 1 2 3 4 5 6 3 1 8 3 2 4: 15 10 13 10 12 13
FAIL: libffi.call/nested_struct2.c output pattern test, is 1 7 12 127 99: 13 233 134
FAIL: libffi.call/nested_struct3.c output pattern test, is 1 7 12 127 99: 13 233 134
FAIL: libffi.call/problem1.c output pattern test, is 1 2 3 1 2 3: 2 4 6
FAIL: libffi.call/pyobjc-tc.c execution test
=== libffi Summary for unix ===
# of expected passes 175
# of unexpected failures 37
# of unsupported tests 2
Running target unix/-m32
=== libffi Summary for unix/-m32 ===
# of expected passes 216
# of unsupported tests 2
=== libffi Summary ===
# of expected passes 391
# of unexpected failures 37
# of unsupported tests 4
=== libjava tests ===
Running target unix
XPASS: pr13107_3 compilation from bytecode
XPASS: pr13107_3 -O3 compilation from bytecode
=== libjava Summary for unix ===
# of expected passes 3671
# of unexpected successes 2
# of expected failures 12
# of untested testcases 12
Running target unix/-m32
XPASS: pr13107_3 compilation from bytecode
XPASS: pr13107_3 -O3 compilation from bytecode
FAIL: /home/eric/build/gcc/native/amd64-mandrake-linux-gnu/libjava/testsuite/TestLeak.exe execution - /home/eric/build/gcc/native/amd64-mandrake-linux-gnu/libjava/testsuite/TestLeak.exe
=== libjava Summary for unix/-m32 ===
# of expected passes 3669
# of unexpected failures 1
# of unexpected successes 2
# of expected failures 12
# of untested testcases 13
=== libjava Summary ===
# of expected passes 7340
# of unexpected failures 1
# of unexpected successes 4
# of expected failures 24
# of untested testcases 25
=== libstdc++-v3 check-abi Summary ===
# of added symbols: 100
# of missing symbols: 53
# of incompatible symbols: 53
using: /home/eric/cvs/gcc/libstdc++-v3/config/abi/x86_64-linux-gnu/baseline_symbols.txt
=== libstdc++ tests ===
Running target unix
XPASS: 22_locale/locale/cons/12658_thread-1.cc execution test
FAIL: 23_containers/bitset/input/1.cc (test for excess errors)
WARNING: 23_containers/bitset/input/1.cc compilation failed to produce executable
FAIL: 23_containers/bitset/to_ulong/1.cc (test for excess errors)
WARNING: 23_containers/bitset/to_ulong/1.cc compilation failed to produce executable
XPASS: 26_numerics/cmath/c99_classification_macros_c.cc (test for excess errors)
FAIL: 26_numerics/complex/13450.cc execution test
FAIL: 27_io/basic_filebuf/open/char/3.cc (test for excess errors)
WARNING: 27_io/basic_filebuf/open/char/3.cc compilation failed to produce executable
FAIL: 27_io/basic_iostream/4.cc (test for excess errors)
WARNING: 27_io/basic_iostream/4.cc compilation failed to produce executable
FAIL: 27_io/basic_istream/ignore/char/6360.cc (test for excess errors)
WARNING: 27_io/basic_istream/ignore/char/6360.cc compilation failed to produce executable
FAIL: 27_io/basic_stringstream/str/char/2.cc (test for excess errors)
WARNING: 27_io/basic_stringstream/str/char/2.cc compilation failed to produce executable
XPASS: 27_io/fpos/14320-1.cc execution test
=== libstdc++ Summary for unix ===
# of expected passes 3092
# of unexpected failures 7
# of unexpected successes 3
# of expected failures 4
Running target unix/-m32
XPASS: 22_locale/locale/cons/12658_thread-1.cc execution test
FAIL: 23_containers/bitset/input/1.cc (test for excess errors)
WARNING: 23_containers/bitset/input/1.cc compilation failed to produce executable
FAIL: 23_containers/bitset/to_ulong/1.cc (test for excess errors)
WARNING: 23_containers/bitset/to_ulong/1.cc compilation failed to produce executable
XPASS: 26_numerics/cmath/c99_classification_macros_c.cc (test for excess errors)
FAIL: 27_io/basic_filebuf/open/char/3.cc (test for excess errors)
WARNING: 27_io/basic_filebuf/open/char/3.cc compilation failed to produce executable
FAIL: 27_io/basic_iostream/4.cc (test for excess errors)
WARNING: 27_io/basic_iostream/4.cc compilation failed to produce executable
FAIL: 27_io/basic_istream/ignore/char/6360.cc (test for excess errors)
WARNING: 27_io/basic_istream/ignore/char/6360.cc compilation failed to produce executable
FAIL: 27_io/basic_stringstream/str/char/2.cc (test for excess errors)
WARNING: 27_io/basic_stringstream/str/char/2.cc compilation failed to produce executable
=== libstdc++ Summary for unix/-m32 ===
# of expected passes 3093
# of unexpected failures 6
# of unexpected successes 2
# of expected failures 5
=== libstdc++ Summary ===
# of expected passes 6185
# of unexpected failures 13
# of unexpected successes 5
# of expected failures 9
=== gcc tests ===
Running target unix
FAIL: gcc.c-torture/execute/stdarg-3.c compilation, -Os
UNRESOLVED: gcc.c-torture/execute/stdarg-3.c execution, -Os
FAIL: gcc.c-torture/execute/ieee/fp-cmp-4q.c compilation, -O0
UNRESOLVED: gcc.c-torture/execute/ieee/fp-cmp-4q.c execution, -O0
FAIL: gcc.c-torture/execute/ieee/fp-cmp-4q.c compilation, -O1
UNRESOLVED: gcc.c-torture/execute/ieee/fp-cmp-4q.c execution, -O1
FAIL: gcc.c-torture/execute/ieee/fp-cmp-4q.c compilation, -O2
UNRESOLVED: gcc.c-torture/execute/ieee/fp-cmp-4q.c execution, -O2
FAIL: gcc.c-torture/execute/ieee/fp-cmp-4q.c compilation, -O3 -fomit-frame-pointer
UNRESOLVED: gcc.c-torture/execute/ieee/fp-cmp-4q.c execution, -O3 -fomit-frame-pointer
FAIL: gcc.c-torture/execute/ieee/fp-cmp-4q.c compilation, -O3 -g
UNRESOLVED: gcc.c-torture/execute/ieee/fp-cmp-4q.c execution, -O3 -g
FAIL: gcc.c-torture/execute/ieee/fp-cmp-4q.c compilation, -Os
UNRESOLVED: gcc.c-torture/execute/ieee/fp-cmp-4q.c execution, -Os
FAIL: gcc.c-torture/execute/ieee/fp-cmp-8q.c compilation, -O0
UNRESOLVED: gcc.c-torture/execute/ieee/fp-cmp-8q.c execution, -O0
FAIL: gcc.c-torture/execute/ieee/fp-cmp-8q.c compilation, -O1
UNRESOLVED: gcc.c-torture/execute/ieee/fp-cmp-8q.c execution, -O1
FAIL: gcc.c-torture/execute/ieee/fp-cmp-8q.c compilation, -O2
UNRESOLVED: gcc.c-torture/execute/ieee/fp-cmp-8q.c execution, -O2
FAIL: gcc.c-torture/execute/ieee/fp-cmp-8q.c compilation, -O3 -fomit-frame-pointer
UNRESOLVED: gcc.c-torture/execute/ieee/fp-cmp-8q.c execution, -O3 -fomit-frame-pointer
FAIL: gcc.c-torture/execute/ieee/fp-cmp-8q.c compilation, -O3 -g
UNRESOLVED: gcc.c-torture/execute/ieee/fp-cmp-8q.c execution, -O3 -g
FAIL: gcc.c-torture/execute/ieee/fp-cmp-8q.c compilation, -Os
UNRESOLVED: gcc.c-torture/execute/ieee/fp-cmp-8q.c execution, -Os
FAIL: gcc.dg/compat/vector-2 c_compat_x_tst.o compile
UNRESOLVED: gcc.dg/compat/vector-2 c_compat_x_tst.o-c_compat_y_tst.o link
UNRESOLVED: gcc.dg/compat/vector-2 c_compat_x_tst.o-c_compat_y_tst.o execute
FAIL: tmpdir-gcc.dg-struct-layout-1/t027 c_compat_x_tst.o-c_compat_y_tst.o execute
XPASS: gcc.dg/cpp/cmdlne-dI-M.c scan-file (^|\\\\n)cmdlne-dI-M.*:[^\\\\n]*cmdlne-dI-M.c
XPASS: gcc.dg/cpp/cmdlne-dM-M.c scan-file (^|\\\\n)cmdlne-dM-M[^\\\\n]*:[^\\\\n]*cmdlne-dM-M.c
FAIL: gcc.dg/debug/dwarf2/dwarf-die7.c scan-assembler 1.*DW_AT_inline
FAIL: gcc.dg/i386-sse-2.c (test for excess errors)
FAIL: gcc.dg/loop-3.c (test for excess errors)
FAIL: gcc.dg/uninit-H.c (test for bogus messages, line 30)
FAIL: gcc.dg/uninit-H.c (test for excess errors)
FAIL: gcc.dg/tree-ssa/loop-3.c scan-tree-dump-times int iter 1
FAIL: gcc.dg/vect/vect-27a.c scan-tree-dump-times vectorized 1 loops 1
FAIL: gcc.dg/vect/vect-29a.c scan-tree-dump-times vectorized 1 loops 1
FAIL: gcc.dg/vect/vect-48a.c scan-tree-dump-times vectorized 1 loops 1
FAIL: gcc.dg/vect/vect-56a.c scan-tree-dump-times vectorized 1 loops 1
FAIL: gcc.dg/vect/vect-72a.c scan-tree-dump-times vectorized 1 loops 1
FAIL: gcc.dg/vect/vect-77a.c scan-tree-dump-times vectorized 1 loops 1
=== gcc Summary for unix ===
# of expected passes 31625
# of unexpected failures 27
# of unexpected successes 2
# of expected failures 114
# of unresolved testcases 15
# of untested testcases 28
# of unsupported tests 403
Running target unix/-m32
FAIL: gcc.c-torture/execute/ieee/20010114-2.c execution, -O1
FAIL: gcc.c-torture/execute/ieee/20010114-2.c execution, -O2
FAIL: gcc.c-torture/execute/ieee/20010114-2.c execution, -Os
FAIL: gcc.c-torture/execute/ieee/20030331-1.c execution, -O1
FAIL: gcc.c-torture/execute/ieee/20030331-1.c execution, -O2
FAIL: gcc.c-torture/execute/ieee/20030331-1.c execution, -O3 -fomit-frame-pointer
FAIL: gcc.c-torture/execute/ieee/20030331-1.c execution, -O3 -g
FAIL: gcc.c-torture/execute/ieee/20030331-1.c execution, -Os
FAIL: gcc.c-torture/execute/ieee/980619-1.c execution, -O1
FAIL: gcc.c-torture/execute/ieee/980619-1.c execution, -O2
FAIL: gcc.c-torture/execute/ieee/980619-1.c execution, -O3 -fomit-frame-pointer
FAIL: gcc.c-torture/execute/ieee/980619-1.c execution, -O3 -fomit-frame-pointer -funroll-loops
FAIL: gcc.c-torture/execute/ieee/980619-1.c execution, -O3 -fomit-frame-pointer -funroll-all-loops -finline-functions
FAIL: gcc.c-torture/execute/ieee/980619-1.c execution, -O3 -g
FAIL: gcc.c-torture/execute/ieee/980619-1.c execution, -Os
XPASS: gcc.dg/cpp/cmdlne-dI-M.c scan-file (^|\\\\n)cmdlne-dI-M.*:[^\\\\n]*cmdlne-dI-M.c
XPASS: gcc.dg/cpp/cmdlne-dM-M.c scan-file (^|\\\\n)cmdlne-dM-M[^\\\\n]*:[^\\\\n]*cmdlne-dM-M.c
FAIL: gcc.dg/debug/dwarf2/dwarf-die7.c scan-assembler 1.*DW_AT_inline
FAIL: gcc.dg/i386-local.c scan-assembler magic[^\\\\n]*edi
WARNING: program timed out.
FAIL: gcc.misc-tests/gcov-9.c execution test
WARNING: program timed out.
FAIL: gcc.misc-tests/linkage.c compile
WARNING: program timed out.
FAIL: gcc.misc-tests/mg.c
=== gcc Summary for unix/-m32 ===
# of expected passes 31647
# of unexpected failures 20
# of unexpected successes 2
# of expected failures 114
# of untested testcases 28
# of unsupported tests 403
=== gcc Summary ===
# of expected passes 63272
# of unexpected failures 47
# of unexpected successes 4
# of expected failures 228
# of unresolved testcases 15
# of untested testcases 56
# of unsupported tests 806
WARNING: program timed out.
=== gfortran tests ===
Running target unix
FAIL: gfortran.dg/der_array_1.f90 -O0 execution test
FAIL: gfortran.dg/der_array_1.f90 -O1 execution test
FAIL: gfortran.dg/der_array_1.f90 -O2 execution test
FAIL: gfortran.dg/der_array_1.f90 -O3 -fomit-frame-pointer execution test
FAIL: gfortran.dg/der_array_1.f90 -O3 -fomit-frame-pointer -funroll-loops execution test
FAIL: gfortran.dg/der_array_1.f90 -O3 -fomit-frame-pointer -funroll-all-loops -finline-functions execution test
FAIL: gfortran.dg/der_array_1.f90 -O3 -g execution test
FAIL: gfortran.dg/der_array_1.f90 -Os execution test
FAIL: gfortran.dg/func_derived_1.f90 -O0 execution test
FAIL: gfortran.dg/func_derived_1.f90 -O1 execution test
FAIL: gfortran.dg/func_derived_1.f90 -O2 execution test
FAIL: gfortran.dg/func_derived_1.f90 -O3 -fomit-frame-pointer execution test
FAIL: gfortran.dg/func_derived_1.f90 -O3 -fomit-frame-pointer -funroll-loops execution test
FAIL: gfortran.dg/func_derived_1.f90 -O3 -fomit-frame-pointer -funroll-all-loops -finline-functions execution test
FAIL: gfortran.dg/func_derived_1.f90 -O3 -g execution test
FAIL: gfortran.dg/func_derived_1.f90 -Os execution test
XPASS: gfortran.dg/ret_pointer_1.f90 -O0 execution test
XPASS: gfortran.dg/ret_pointer_1.f90 -O1 execution test
XPASS: gfortran.dg/ret_pointer_1.f90 -O2 execution test
XPASS: gfortran.dg/ret_pointer_1.f90 -O3 -fomit-frame-pointer execution test
XPASS: gfortran.dg/ret_pointer_1.f90 -O3 -fomit-frame-pointer -funroll-loops execution test
XPASS: gfortran.dg/ret_pointer_1.f90 -O3 -fomit-frame-pointer -funroll-all-loops -finline-functions execution test
XPASS: gfortran.dg/ret_pointer_1.f90 -O3 -g execution test
XPASS: gfortran.dg/ret_pointer_1.f90 -Os execution test
FAIL: gfortran.fortran-torture/execute/forall_3.f90 execution, -O0
FAIL: gfortran.fortran-torture/execute/forall_3.f90 execution, -O2
FAIL: gfortran.fortran-torture/execute/forall_3.f90 execution, -O3 -fomit-frame-pointer
FAIL: gfortran.fortran-torture/execute/forall_3.f90 execution, -O3 -fomit-frame-pointer -funroll-loops
FAIL: gfortran.fortran-torture/execute/forall_3.f90 execution, -O3 -fomit-frame-pointer -funroll-all-loops -finline-functions
FAIL: gfortran.fortran-torture/execute/forall_3.f90 execution, -O3 -g
FAIL: gfortran.fortran-torture/execute/forall_3.f90 execution, -Os
FAIL: gfortran.fortran-torture/execute/intrinsic_pack.f90 execution, -O0
FAIL: gfortran.fortran-torture/execute/intrinsic_pack.f90 execution, -O1
FAIL: gfortran.fortran-torture/execute/intrinsic_pack.f90 execution, -O2
FAIL: gfortran.fortran-torture/execute/intrinsic_pack.f90 execution, -O3 -fomit-frame-pointer
FAIL: gfortran.fortran-torture/execute/intrinsic_pack.f90 execution, -O3 -fomit-frame-pointer -funroll-loops
FAIL: gfortran.fortran-torture/execute/intrinsic_pack.f90 execution, -O3 -fomit-frame-pointer -funroll-all-loops -finline-functions
FAIL: gfortran.fortran-torture/execute/intrinsic_pack.f90 execution, -O3 -g
FAIL: gfortran.fortran-torture/execute/intrinsic_pack.f90 execution, -Os
=== gfortran Summary for unix ===
# of expected passes 4629
# of unexpected failures 31
# of unexpected successes 8
# of expected failures 18
# of unsupported tests 8
Running target unix/-m32
XPASS: gfortran.dg/ret_pointer_1.f90 -O0 execution test
XPASS: gfortran.dg/ret_pointer_1.f90 -O1 execution test
XPASS: gfortran.dg/ret_pointer_1.f90 -O2 execution test
XPASS: gfortran.dg/ret_pointer_1.f90 -O3 -fomit-frame-pointer execution test
XPASS: gfortran.dg/ret_pointer_1.f90 -O3 -fomit-frame-pointer -funroll-loops execution test
XPASS: gfortran.dg/ret_pointer_1.f90 -O3 -fomit-frame-pointer -funroll-all-loops -finline-functions execution test
XPASS: gfortran.dg/ret_pointer_1.f90 -O3 -g execution test
XPASS: gfortran.dg/ret_pointer_1.f90 -Os execution test
FAIL: gfortran.fortran-torture/execute/forall_3.f90 execution, -O1
=== gfortran Summary for unix/-m32 ===
# of expected passes 4659
# of unexpected failures 1
# of unexpected successes 8
# of expected failures 18
# of unsupported tests 8
=== gfortran Summary ===
# of expected passes 9288
# of unexpected failures 32
# of unexpected successes 16
# of expected failures 36
# of unsupported tests 16
/home/eric/build/gcc/native/gcc/testsuite/../gfortran version 4.0.0 20041127 (experimental)
=== g++ tests ===
Running target unix
WARNING: g++.old-deja/g++.mike/p10769a.C compilation failed to produce executable
XPASS: g++.old-deja/g++.other/decl5.C (test for warnings, line 55)
XPASS: g++.old-deja/g++.other/decl5.C (test for warnings, line 56)
XPASS: g++.old-deja/g++.other/init5.C execution test
=== g++ Summary for unix ===
# of expected passes 10344
# of unexpected successes 3
# of expected failures 70
# of unsupported tests 84
Running target unix/-m32
FAIL: g++.dg/eh/simd-1.C (test for excess errors)
FAIL: g++.dg/eh/simd-2.C (test for excess errors)
WARNING: g++.old-deja/g++.mike/p10769a.C compilation failed to produce executable
XPASS: g++.old-deja/g++.other/decl5.C (test for warnings, line 55)
XPASS: g++.old-deja/g++.other/decl5.C (test for warnings, line 56)
XPASS: g++.old-deja/g++.other/init5.C execution test
=== g++ Summary for unix/-m32 ===
# of expected passes 10374
# of unexpected failures 2
# of unexpected successes 3
# of expected failures 70
# of unsupported tests 82
=== g++ Summary ===
# of expected passes 20718
# of unexpected failures 2
# of unexpected successes 6
# of expected failures 140
# of unsupported tests 166
/home/eric/build/gcc/native/gcc/testsuite/../g++ version 4.0.0 20041127 (experimental)
=== objc tests ===
Running target unix
=== objc Summary for unix ===
# of expected passes 1521
# of unsupported tests 10
Running target unix/-m32
=== objc Summary for unix/-m32 ===
# of expected passes 1521
# of unsupported tests 10
=== objc Summary ===
# of expected passes 3042
# of unsupported tests 20
/home/eric/build/gcc/native/gcc/xgcc version 4.0.0 20041127 (experimental)
Compiler version: 4.0.0 20041127 (experimental)
Platform: x86_64-mandrake-linux-gnu
configure flags: amd64-mandrake-linux-gnu --prefix=/home/eric/install/gcc/native --enable-__cxa_atexit --enable-checking=assert,misc,tree,rtl,rtlflag --disable-libmudflap --enable-languages=c,c++,f95,java,objc
BOOT_CFLAGS=-g -O2
More information about the Gcc-testresults
mailing list