Results for 4.0.0 20041127 (experimental) testsuite on i686-pc-linux-gnu
Laurent GUERBY
laurent@guerby.net
Sat Nov 27 09:39:00 GMT 2004
LAST_UPDATED: Sat Nov 27 01:09:42 UTC 2004
=== acats tests ===
FAIL: c32001e
FAIL: c330001
FAIL: c380004
FAIL: c432003
FAIL: c43214c
FAIL: c45273a
FAIL: c460007
FAIL: c52011a
FAIL: c64105b
FAIL: c74004a
FAIL: c95086b
FAIL: c953003
FAIL: c97114a
FAIL: c97117a
FAIL: c974012
FAIL: c980002
FAIL: ca11005
FAIL: cc1221d
FAIL: cd10002
FAIL: cd2a21e
FAIL: cd2a22i
FAIL: cd2a24j
FAIL: cd2a31a
FAIL: cd2b11a
FAIL: cd2b11b
FAIL: cdd2a02
FAIL: cxaa010
FAIL: cxaa017
FAIL: cxb4004
=== acats Summary ===
# of expected passes 2292
# of unexpected failures 29
Native configuration is i686-pc-linux-gnu
=== gcc tests ===
Running target unix
FAIL: gcc.dg/debug/dwarf2/dwarf-die7.c scan-assembler 1.*DW_AT_inline
FAIL: gcc.dg/20020531-1.c (test for excess errors)
=== gcc Summary ===
# of expected passes 31943
# of unexpected failures 2
# of expected failures 116
# of untested testcases 28
# of unsupported tests 295
/home/guerby/work/gcc/build/build-20041127T021502/gcc/xgcc version 4.0.0 20041127 (experimental)
Compiler version: 4.0.0 20041127 (experimental)
Platform: i686-pc-linux-gnu
configure flags: --prefix=/home/guerby/work/gcc/install/install-20041127T021502 --enable-__cxa_atexit --disable-nls --enable-threads=posix --enable-checking --enable-languages=c,ada
More information about the Gcc-testresults
mailing list