Results for 4.0.0 20041124 (experimental) testsuite on sparc64-sun-solaris2.9
Eric Botcazou
eric@localhost.localhost
Wed Nov 24 17:25:00 GMT 2004
LAST_UPDATED:
Native configuration is sparc64-sun-solaris2.9
=== g++ tests ===
Running target unix
WARNING: g++.old-deja/g++.mike/p10769a.C compilation failed to produce executable
=== g++ Summary ===
# of expected passes 10215
# of expected failures 75
# of unsupported tests 114
/opt/build/eric/gcc/gcc/testsuite/../g++ version 4.0.0 20041124 (experimental)
=== gcc tests ===
Running target unix
XPASS: gcc.c-torture/execute/20020227-1.c execution, -O2
XPASS: gcc.c-torture/execute/20020227-1.c execution, -Os
FAIL: tmpdir-gcc.dg-struct-layout-1/t027 c_compat_x_tst.o-c_compat_y_tst.o execute
FAIL: tmpdir-gcc.dg-struct-layout-1/t028 c_compat_x_tst.o-c_compat_y_tst.o execute
XPASS: gcc.dg/cpp/cmdlne-dI-M.c scan-file (^|\\\\n)cmdlne-dI-M.*:[^\\\\n]*cmdlne-dI-M.c
XPASS: gcc.dg/cpp/cmdlne-dM-M.c scan-file (^|\\\\n)cmdlne-dM-M[^\\\\n]*:[^\\\\n]*cmdlne-dM-M.c
FAIL: gcc.dg/debug/dwarf2/dwarf-die7.c scan-assembler 1.*DW_AT_inline
FAIL: largefile.c -O0 -g (test for excess errors)
FAIL: largefile.c -O0 (test for excess errors)
FAIL: largefile.c -O1 (test for excess errors)
FAIL: largefile.c -O2 (test for excess errors)
FAIL: largefile.c -O3 -fomit-frame-pointer (test for excess errors)
FAIL: largefile.c -O3 -g (test for excess errors)
FAIL: largefile.c -Os (test for excess errors)
=== gcc Summary ===
# of expected passes 31401
# of unexpected failures 10
# of unexpected successes 4
# of expected failures 100
# of untested testcases 35
# of unsupported tests 490
/opt/build/eric/gcc/gcc/xgcc version 4.0.0 20041124 (experimental)
=== gfortran tests ===
Running target unix
FAIL: gfortran.dg/der_array_1.f90 -O0 execution test
FAIL: gfortran.dg/der_array_1.f90 -O1 execution test
FAIL: gfortran.dg/der_array_1.f90 -O2 execution test
FAIL: gfortran.dg/der_array_1.f90 -O3 -fomit-frame-pointer execution test
FAIL: gfortran.dg/der_array_1.f90 -O3 -fomit-frame-pointer -funroll-loops execution test
FAIL: gfortran.dg/der_array_1.f90 -O3 -fomit-frame-pointer -funroll-all-loops -finline-functions execution test
FAIL: gfortran.dg/der_array_1.f90 -O3 -g execution test
FAIL: gfortran.dg/der_array_1.f90 -Os execution test
FAIL: gfortran.dg/func_derived_1.f90 -O0 execution test
FAIL: gfortran.dg/func_derived_1.f90 -O1 execution test
FAIL: gfortran.dg/func_derived_1.f90 -O2 execution test
FAIL: gfortran.dg/func_derived_1.f90 -O3 -fomit-frame-pointer execution test
FAIL: gfortran.dg/func_derived_1.f90 -O3 -fomit-frame-pointer -funroll-loops execution test
FAIL: gfortran.dg/func_derived_1.f90 -O3 -fomit-frame-pointer -funroll-all-loops -finline-functions execution test
FAIL: gfortran.dg/func_derived_1.f90 -O3 -g execution test
FAIL: gfortran.dg/func_derived_1.f90 -Os execution test
XPASS: gfortran.dg/ret_pointer_1.f90 -O0 execution test
XPASS: gfortran.dg/ret_pointer_1.f90 -O1 execution test
XPASS: gfortran.dg/ret_pointer_1.f90 -O2 execution test
XPASS: gfortran.dg/ret_pointer_1.f90 -O3 -fomit-frame-pointer execution test
XPASS: gfortran.dg/ret_pointer_1.f90 -O3 -fomit-frame-pointer -funroll-loops execution test
XPASS: gfortran.dg/ret_pointer_1.f90 -O3 -fomit-frame-pointer -funroll-all-loops -finline-functions execution test
XPASS: gfortran.dg/ret_pointer_1.f90 -O3 -g execution test
XPASS: gfortran.dg/ret_pointer_1.f90 -Os execution test
FAIL: gfortran.dg/g77/980628-10.f -O0 execution test
FAIL: gfortran.dg/g77/980628-10.f -O1 execution test
FAIL: gfortran.dg/g77/980628-10.f -O2 execution test
FAIL: gfortran.dg/g77/980628-10.f -O3 -fomit-frame-pointer execution test
FAIL: gfortran.dg/g77/980628-10.f -O3 -fomit-frame-pointer -funroll-loops execution test
FAIL: gfortran.dg/g77/980628-10.f -O3 -fomit-frame-pointer -funroll-all-loops -finline-functions execution test
FAIL: gfortran.dg/g77/980628-10.f -O3 -g execution test
FAIL: gfortran.dg/g77/980628-10.f -Os execution test
FAIL: gfortran.dg/g77/980628-2.f -O0 execution test
FAIL: gfortran.dg/g77/980628-2.f -O1 execution test
FAIL: gfortran.dg/g77/980628-2.f -O2 execution test
FAIL: gfortran.dg/g77/980628-2.f -O3 -fomit-frame-pointer execution test
FAIL: gfortran.dg/g77/980628-2.f -O3 -fomit-frame-pointer -funroll-loops execution test
FAIL: gfortran.dg/g77/980628-2.f -O3 -fomit-frame-pointer -funroll-all-loops -finline-functions execution test
FAIL: gfortran.dg/g77/980628-2.f -O3 -g execution test
FAIL: gfortran.dg/g77/980628-2.f -Os execution test
FAIL: gfortran.dg/g77/980628-3.f -O0 execution test
FAIL: gfortran.dg/g77/980628-3.f -O1 execution test
FAIL: gfortran.dg/g77/980628-3.f -O2 execution test
FAIL: gfortran.dg/g77/980628-3.f -O3 -fomit-frame-pointer execution test
FAIL: gfortran.dg/g77/980628-3.f -O3 -fomit-frame-pointer -funroll-loops execution test
FAIL: gfortran.dg/g77/980628-3.f -O3 -fomit-frame-pointer -funroll-all-loops -finline-functions execution test
FAIL: gfortran.dg/g77/980628-3.f -O3 -g execution test
FAIL: gfortran.dg/g77/980628-3.f -Os execution test
FAIL: gfortran.dg/g77/980628-9.f -O0 execution test
FAIL: gfortran.dg/g77/980628-9.f -O1 execution test
FAIL: gfortran.dg/g77/980628-9.f -O2 execution test
FAIL: gfortran.dg/g77/980628-9.f -O3 -fomit-frame-pointer execution test
FAIL: gfortran.dg/g77/980628-9.f -O3 -fomit-frame-pointer -funroll-loops execution test
FAIL: gfortran.dg/g77/980628-9.f -O3 -fomit-frame-pointer -funroll-all-loops -finline-functions execution test
FAIL: gfortran.dg/g77/980628-9.f -O3 -g execution test
FAIL: gfortran.dg/g77/980628-9.f -Os execution test
FAIL: gfortran.fortran-torture/execute/direct_io.f90 execution, -O0
FAIL: gfortran.fortran-torture/execute/direct_io.f90 execution, -O1
FAIL: gfortran.fortran-torture/execute/direct_io.f90 execution, -O2
FAIL: gfortran.fortran-torture/execute/direct_io.f90 execution, -O3 -fomit-frame-pointer
FAIL: gfortran.fortran-torture/execute/direct_io.f90 execution, -O3 -fomit-frame-pointer -funroll-loops
FAIL: gfortran.fortran-torture/execute/direct_io.f90 execution, -O3 -fomit-frame-pointer -funroll-all-loops -finline-functions
FAIL: gfortran.fortran-torture/execute/direct_io.f90 execution, -O3 -g
FAIL: gfortran.fortran-torture/execute/direct_io.f90 execution, -Os
FAIL: gfortran.fortran-torture/execute/forall_3.f90 execution, -O0
FAIL: gfortran.fortran-torture/execute/forall_3.f90 execution, -O1
FAIL: gfortran.fortran-torture/execute/inquire_3.f90 execution, -O0
FAIL: gfortran.fortran-torture/execute/inquire_3.f90 execution, -O1
FAIL: gfortran.fortran-torture/execute/inquire_3.f90 execution, -O2
FAIL: gfortran.fortran-torture/execute/inquire_3.f90 execution, -O3 -fomit-frame-pointer
FAIL: gfortran.fortran-torture/execute/inquire_3.f90 execution, -O3 -fomit-frame-pointer -funroll-loops
FAIL: gfortran.fortran-torture/execute/inquire_3.f90 execution, -O3 -fomit-frame-pointer -funroll-all-loops -finline-functions
FAIL: gfortran.fortran-torture/execute/inquire_3.f90 execution, -O3 -g
FAIL: gfortran.fortran-torture/execute/inquire_3.f90 execution, -Os
FAIL: gfortran.fortran-torture/execute/inquire_4.f90 execution, -O0
FAIL: gfortran.fortran-torture/execute/inquire_4.f90 execution, -O1
FAIL: gfortran.fortran-torture/execute/inquire_4.f90 execution, -O2
FAIL: gfortran.fortran-torture/execute/inquire_4.f90 execution, -O3 -fomit-frame-pointer
FAIL: gfortran.fortran-torture/execute/inquire_4.f90 execution, -O3 -fomit-frame-pointer -funroll-loops
FAIL: gfortran.fortran-torture/execute/inquire_4.f90 execution, -O3 -fomit-frame-pointer -funroll-all-loops -finline-functions
FAIL: gfortran.fortran-torture/execute/inquire_4.f90 execution, -O3 -g
FAIL: gfortran.fortran-torture/execute/inquire_4.f90 execution, -Os
FAIL: gfortran.fortran-torture/execute/intrinsic_nearest.f90 execution, -O0
FAIL: gfortran.fortran-torture/execute/intrinsic_nearest.f90 execution, -O1
FAIL: gfortran.fortran-torture/execute/intrinsic_nearest.f90 execution, -O2
FAIL: gfortran.fortran-torture/execute/intrinsic_nearest.f90 execution, -O3 -fomit-frame-pointer
FAIL: gfortran.fortran-torture/execute/intrinsic_nearest.f90 execution, -O3 -fomit-frame-pointer -funroll-loops
FAIL: gfortran.fortran-torture/execute/intrinsic_nearest.f90 execution, -O3 -fomit-frame-pointer -funroll-all-loops -finline-functions
FAIL: gfortran.fortran-torture/execute/intrinsic_nearest.f90 execution, -O3 -g
FAIL: gfortran.fortran-torture/execute/intrinsic_nearest.f90 execution, -Os
FAIL: gfortran.fortran-torture/execute/intrinsic_pack.f90 execution, -O0
FAIL: gfortran.fortran-torture/execute/intrinsic_pack.f90 execution, -O1
FAIL: gfortran.fortran-torture/execute/intrinsic_pack.f90 execution, -O2
FAIL: gfortran.fortran-torture/execute/intrinsic_pack.f90 execution, -O3 -fomit-frame-pointer
FAIL: gfortran.fortran-torture/execute/intrinsic_pack.f90 execution, -O3 -fomit-frame-pointer -funroll-loops
FAIL: gfortran.fortran-torture/execute/intrinsic_pack.f90 execution, -O3 -fomit-frame-pointer -funroll-all-loops -finline-functions
FAIL: gfortran.fortran-torture/execute/intrinsic_pack.f90 execution, -O3 -g
FAIL: gfortran.fortran-torture/execute/intrinsic_pack.f90 execution, -Os
FAIL: gfortran.fortran-torture/execute/read_eof.f90 execution, -O0
FAIL: gfortran.fortran-torture/execute/read_eof.f90 execution, -O1
FAIL: gfortran.fortran-torture/execute/read_eof.f90 execution, -O2
FAIL: gfortran.fortran-torture/execute/read_eof.f90 execution, -O3 -fomit-frame-pointer
FAIL: gfortran.fortran-torture/execute/read_eof.f90 execution, -O3 -fomit-frame-pointer -funroll-loops
FAIL: gfortran.fortran-torture/execute/read_eof.f90 execution, -O3 -fomit-frame-pointer -funroll-all-loops -finline-functions
FAIL: gfortran.fortran-torture/execute/read_eof.f90 execution, -O3 -g
FAIL: gfortran.fortran-torture/execute/read_eof.f90 execution, -Os
FAIL: gfortran.fortran-torture/execute/seq_io.f90 execution, -O0
FAIL: gfortran.fortran-torture/execute/seq_io.f90 execution, -O1
FAIL: gfortran.fortran-torture/execute/seq_io.f90 execution, -O2
FAIL: gfortran.fortran-torture/execute/seq_io.f90 execution, -O3 -fomit-frame-pointer
FAIL: gfortran.fortran-torture/execute/seq_io.f90 execution, -O3 -fomit-frame-pointer -funroll-loops
FAIL: gfortran.fortran-torture/execute/seq_io.f90 execution, -O3 -fomit-frame-pointer -funroll-all-loops -finline-functions
FAIL: gfortran.fortran-torture/execute/seq_io.f90 execution, -O3 -g
FAIL: gfortran.fortran-torture/execute/seq_io.f90 execution, -Os
=== gfortran Summary ===
# of expected passes 4554
# of unexpected failures 106
# of unexpected successes 8
# of expected failures 18
# of unsupported tests 8
/opt/build/eric/gcc/gcc/testsuite/../gfortran version 4.0.0 20041124 (experimental)
=== objc tests ===
Running target unix
=== objc Summary ===
# of expected passes 1521
# of unsupported tests 10
/opt/build/eric/gcc/gcc/xgcc version 4.0.0 20041124 (experimental)
=== libffi tests ===
Running target unix
=== libffi Summary ===
# of expected passes 216
# of unsupported tests 2
=== libstdc++ tests ===
Running target unix
FAIL: 26_numerics/complex/13450.cc (test for excess errors)
WARNING: 26_numerics/complex/13450.cc compilation failed to produce executable
FAIL: 26_numerics/complex/complex_value.cc (test for excess errors)
WARNING: 26_numerics/complex/complex_value.cc compilation failed to produce executable
FAIL: 26_numerics/complex/pow.cc (test for excess errors)
WARNING: 26_numerics/complex/pow.cc compilation failed to produce executable
WARNING: program timed out.
FAIL: thread/pthread7-rope.cc execution test
=== libstdc++ Summary ===
# of expected passes 3079
# of unexpected failures 4
# of expected failures 6
Compiler version: 4.0.0 20041124 (experimental)
Platform: sparc64-sun-solaris2.9
configure flags: sparc64-sun-solaris2.9 --prefix=/opt/build/eric/local/gcc-4.0 --with-gmp=/opt/build/eric/local --with-mpfr=/opt/build/eric/local --enable-checking=assert,misc,rtlflag --disable-multilib --enable-languages=c,c++,f95,java,objc
BOOT_CFLAGS=-g -O2
More information about the Gcc-testresults
mailing list