Results for 4.0.0 20041118 (experimental) testsuite on i686-unknown-openbsd3.1
Andrew Thomas Pinski
pinskia@physics.uc.edu
Thu Nov 18 09:54:00 GMT 2004
LAST_UPDATED: Thu Nov 18 05:02:18 UTC 2004
Native configuration is i686-unknown-openbsd3.1
=== g++ tests ===
Running target unix
FAIL: g++.dg/abi/local1.C execution test
FAIL: g++.dg/lookup/redecl1.C (test for errors, line 3)
FAIL: g++.dg/lookup/struct1.C (test for errors, line 5)
FAIL: g++.dg/lookup/struct1.C (test for errors, line 6)
FAIL: g++.dg/lookup/struct1.C (test for errors, line 8)
FAIL: g++.dg/lookup/struct1.C (test for errors, line 9)
FAIL: g++.dg/lookup/struct1.C (test for excess errors)
FAIL: g++.dg/template/recurse.C (test for excess errors)
FAIL: g++.dg/warn/effc3.C (test for warnings, line 44)
FAIL: g++.old-deja/g++.jason/access23.C (test for errors, line 20)
FAIL: g++.old-deja/g++.jason/access23.C (test for errors, line 21)
FAIL: g++.old-deja/g++.jason/access23.C (test for errors, line 26)
FAIL: g++.old-deja/g++.jason/access23.C (test for errors, line 27)
FAIL: g++.old-deja/g++.jason/access23.C (test for errors, line 30)
FAIL: g++.old-deja/g++.jason/access23.C (test for errors, line 31)
FAIL: g++.old-deja/g++.jason/access23.C (test for errors, line 36)
FAIL: g++.old-deja/g++.jason/access23.C (test for errors, line 54)
FAIL: g++.old-deja/g++.jason/access23.C (test for errors, line 55)
FAIL: g++.old-deja/g++.jason/access23.C (test for errors, line 56)
FAIL: g++.old-deja/g++.jason/access23.C (test for errors, line 57)
FAIL: g++.old-deja/g++.jason/access23.C (test for errors, line 68)
FAIL: g++.old-deja/g++.jason/access23.C (test for errors, line 69)
FAIL: g++.old-deja/g++.jason/access23.C (test for errors, line 70)
FAIL: g++.old-deja/g++.jason/access23.C (test for errors, line 71)
FAIL: g++.old-deja/g++.jason/access23.C (test for errors, line 72)
FAIL: g++.old-deja/g++.jason/access23.C (test for errors, line 73)
FAIL: g++.old-deja/g++.jason/access23.C (test for errors, line 76)
FAIL: g++.old-deja/g++.jason/access23.C (test for errors, line 77)
FAIL: g++.old-deja/g++.jason/access23.C (test for errors, line 78)
FAIL: g++.old-deja/g++.jason/access23.C (test for errors, line 79)
FAIL: g++.old-deja/g++.jason/delete1.C (test for errors, line 5)
FAIL: g++.old-deja/g++.law/profile1.C (test for excess errors)
WARNING: g++.old-deja/g++.law/profile1.C compilation failed to produce executable
FAIL: g++.old-deja/g++.mike/net2.C (test for errors, line 6)
FAIL: g++.old-deja/g++.mike/net2.C (test for errors, line 8)
WARNING: g++.old-deja/g++.mike/p10769a.C compilation failed to produce executable
FAIL: g++.old-deja/g++.mike/p700.C (test for errors, line 654)
FAIL: g++.old-deja/g++.mike/p700.C (test for errors, line 655)
FAIL: g++.old-deja/g++.mike/p700.C (test for errors, line 656)
FAIL: g++.old-deja/g++.mike/p700.C (test for errors, line 657)
FAIL: g++.old-deja/g++.mike/p700.C (test for errors, line 658)
FAIL: g++.old-deja/g++.mike/p700.C (test for errors, line 659)
FAIL: g++.old-deja/g++.other/access4.C (test for errors, line 10)
FAIL: g++.old-deja/g++.other/access7.C (test for errors, line 8)
FAIL: g++.old-deja/g++.other/access7.C (test for errors, line 23)
FAIL: g++.old-deja/g++.other/access7.C (test for errors, line 30)
FAIL: g++.old-deja/g++.other/access7.C (test for errors, line 31)
FAIL: g++.old-deja/g++.other/access7.C (test for errors, line 32)
FAIL: g++.old-deja/g++.other/overload11.C (test for errors, line 83)
FAIL: g++.old-deja/g++.other/overload11.C (test for errors, line 85)
FAIL: g++.old-deja/g++.other/overload11.C (test for errors, line 86)
FAIL: g++.old-deja/g++.other/overload11.C (test for errors, line 88)
FAIL: g++.old-deja/g++.other/overload11.C (test for errors, line 89)
FAIL: g++.old-deja/g++.other/pmf7.C (test for errors, line 15)
FAIL: g++.old-deja/g++.other/vaarg3.C (test for errors, line 23)
FAIL: g++.old-deja/g++.other/vaarg3.C (test for errors, line 24)
FAIL: g++.old-deja/g++.other/vaarg3.C (test for errors, line 25)
FAIL: g++.old-deja/g++.other/vaarg3.C (test for errors, line 26)
FAIL: g++.old-deja/g++.pt/expr8.C (test for errors, line 23)
FAIL: g++.old-deja/g++.pt/expr8.C (test for errors, line 24)
FAIL: g++.old-deja/g++.pt/niklas01a.C (test for errors, line 6)
FAIL: g++.old-deja/g++.warn/impint2.C (test for warnings, line 19)
FAIL: g++.old-deja/g++.warn/impint2.C (test for warnings, line 21)
FAIL: g++.old-deja/g++.warn/impint2.C (test for warnings, line 43)
FAIL: g++.old-deja/g++.warn/impint2.C (test for warnings, line 44)
=== g++ Summary ===
# of expected passes 10061
# of unexpected failures 63
# of expected failures 75
# of unsupported tests 90
/export/gates/pinskia/src/gnu/gcc/src/objdir.openbsd/gcc/testsuite/../g++ version 4.0.0 20041118 (experimental)
=== gcc tests ===
Running target unix
FAIL: gcc.c-torture/execute/conversion.c execution, -O0
FAIL: gcc.c-torture/execute/conversion.c execution, -O1
FAIL: gcc.c-torture/execute/conversion.c execution, -O2
FAIL: gcc.c-torture/execute/conversion.c execution, -Os
FAIL: gcc.c-torture/execute/ieee/rbug.c execution, -O0
FAIL: gcc.c-torture/execute/ieee/rbug.c execution, -O1
FAIL: gcc.c-torture/execute/ieee/rbug.c execution, -O2
FAIL: tmpdir-gcc.dg-struct-layout-1/t001 c_compat_x_tst.o-c_compat_y_tst.o execute
FAIL: tmpdir-gcc.dg-struct-layout-1/t025 c_compat_x_tst.o-c_compat_y_tst.o execute
FAIL: tmpdir-gcc.dg-struct-layout-1/t027 c_compat_x_tst.o-c_compat_y_tst.o execute
FAIL: tmpdir-gcc.dg-struct-layout-1/t028 c_compat_x_tst.o-c_compat_y_tst.o execute
FAIL: gcc.dg/20020531-1.c (test for excess errors)
FAIL: gcc.dg/20021014-1.c (test for excess errors)
WARNING: gcc.dg/20021014-1.c compilation failed to produce executable
FAIL: gcc.dg/i386-3dnow-1.c (test for excess errors)
FAIL: gcc.dg/i386-3dnow-2.c (test for excess errors)
FAIL: gcc.dg/i386-3dnowA-1.c (test for excess errors)
FAIL: gcc.dg/i386-3dnowA-2.c (test for excess errors)
FAIL: gcc.dg/i386-mmx-4.c (test for excess errors)
WARNING: gcc.dg/i386-mmx-4.c compilation failed to produce executable
FAIL: gcc.dg/i386-sse-6.c (test for excess errors)
WARNING: gcc.dg/i386-sse-6.c compilation failed to produce executable
FAIL: gcc.dg/i386-sse-7.c (test for excess errors)
WARNING: gcc.dg/i386-sse-7.c compilation failed to produce executable
FAIL: gcc.dg/intmax_t-1.c (test for excess errors)
FAIL: gcc.dg/nest.c (test for excess errors)
WARNING: gcc.dg/nest.c compilation failed to produce executable
FAIL: gcc.dg/wchar_t-1.c (test for excess errors)
FAIL: gcc.dg/wint_t-1.c (test for excess errors)
FAIL: largefile.c (test for excess errors)
FAIL: largefile.c (test for excess errors)
FAIL: largefile.c (test for excess errors)
FAIL: largefile.c (test for excess errors)
FAIL: largefile.c (test for excess errors)
FAIL: largefile.c (test for excess errors)
FAIL: largefile.c (test for excess errors)
FAIL: gcc.dg/special/weak-1.c execution test
FAIL: gcc.dg/vect/pr18400.c (test for excess errors)
WARNING: gcc.dg/vect/pr18400.c compilation failed to produce executable
FAIL: gcc.dg/vect/vect-11.c (test for excess errors)
WARNING: gcc.dg/vect/vect-11.c compilation failed to produce executable
FAIL: gcc.dg/vect/vect-12.c (test for excess errors)
WARNING: gcc.dg/vect/vect-12.c compilation failed to produce executable
FAIL: gcc.dg/vect/vect-13.c (test for excess errors)
WARNING: gcc.dg/vect/vect-13.c compilation failed to produce executable
FAIL: gcc.dg/vect/vect-16.c (test for excess errors)
WARNING: gcc.dg/vect/vect-16.c compilation failed to produce executable
FAIL: gcc.dg/vect/vect-2.c (test for excess errors)
WARNING: gcc.dg/vect/vect-2.c compilation failed to produce executable
FAIL: gcc.dg/vect/vect-20.c (test for excess errors)
WARNING: gcc.dg/vect/vect-20.c compilation failed to produce executable
FAIL: gcc.dg/vect/vect-21.c (test for excess errors)
WARNING: gcc.dg/vect/vect-21.c compilation failed to produce executable
FAIL: gcc.dg/vect/vect-22.c (test for excess errors)
WARNING: gcc.dg/vect/vect-22.c compilation failed to produce executable
FAIL: gcc.dg/vect/vect-25.c (test for excess errors)
WARNING: gcc.dg/vect/vect-25.c compilation failed to produce executable
FAIL: gcc.dg/vect/vect-26.c (test for excess errors)
WARNING: gcc.dg/vect/vect-26.c compilation failed to produce executable
FAIL: gcc.dg/vect/vect-27a.c (test for excess errors)
WARNING: gcc.dg/vect/vect-27a.c compilation failed to produce executable
FAIL: gcc.dg/vect/vect-28.c (test for excess errors)
WARNING: gcc.dg/vect/vect-28.c compilation failed to produce executable
FAIL: gcc.dg/vect/vect-29a.c (test for excess errors)
WARNING: gcc.dg/vect/vect-29a.c compilation failed to produce executable
FAIL: gcc.dg/vect/vect-3.c (test for excess errors)
WARNING: gcc.dg/vect/vect-3.c compilation failed to produce executable
FAIL: gcc.dg/vect/vect-30.c (test for excess errors)
WARNING: gcc.dg/vect/vect-30.c compilation failed to produce executable
FAIL: gcc.dg/vect/vect-31.c (test for excess errors)
WARNING: gcc.dg/vect/vect-31.c compilation failed to produce executable
FAIL: gcc.dg/vect/vect-32.c (test for excess errors)
WARNING: gcc.dg/vect/vect-32.c compilation failed to produce executable
FAIL: gcc.dg/vect/vect-34.c (test for excess errors)
WARNING: gcc.dg/vect/vect-34.c compilation failed to produce executable
FAIL: gcc.dg/vect/vect-36.c (test for excess errors)
WARNING: gcc.dg/vect/vect-36.c compilation failed to produce executable
FAIL: gcc.dg/vect/vect-38.c (test for excess errors)
WARNING: gcc.dg/vect/vect-38.c compilation failed to produce executable
FAIL: gcc.dg/vect/vect-4.c (test for excess errors)
WARNING: gcc.dg/vect/vect-4.c compilation failed to produce executable
FAIL: gcc.dg/vect/vect-40.c (test for excess errors)
WARNING: gcc.dg/vect/vect-40.c compilation failed to produce executable
FAIL: gcc.dg/vect/vect-42.c (test for excess errors)
WARNING: gcc.dg/vect/vect-42.c compilation failed to produce executable
FAIL: gcc.dg/vect/vect-43.c (test for excess errors)
WARNING: gcc.dg/vect/vect-43.c compilation failed to produce executable
FAIL: gcc.dg/vect/vect-46.c (test for excess errors)
WARNING: gcc.dg/vect/vect-46.c compilation failed to produce executable
FAIL: gcc.dg/vect/vect-48a.c (test for excess errors)
WARNING: gcc.dg/vect/vect-48a.c compilation failed to produce executable
FAIL: gcc.dg/vect/vect-5.c (test for excess errors)
WARNING: gcc.dg/vect/vect-5.c compilation failed to produce executable
FAIL: gcc.dg/vect/vect-56a.c (test for excess errors)
WARNING: gcc.dg/vect/vect-56a.c compilation failed to produce executable
FAIL: gcc.dg/vect/vect-6.c (test for excess errors)
WARNING: gcc.dg/vect/vect-6.c compilation failed to produce executable
FAIL: gcc.dg/vect/vect-62.c (test for excess errors)
WARNING: gcc.dg/vect/vect-62.c compilation failed to produce executable
FAIL: gcc.dg/vect/vect-63.c (test for excess errors)
WARNING: gcc.dg/vect/vect-63.c compilation failed to produce executable
FAIL: gcc.dg/vect/vect-64.c (test for excess errors)
WARNING: gcc.dg/vect/vect-64.c compilation failed to produce executable
FAIL: gcc.dg/vect/vect-65.c (test for excess errors)
WARNING: gcc.dg/vect/vect-65.c compilation failed to produce executable
FAIL: gcc.dg/vect/vect-66.c (test for excess errors)
WARNING: gcc.dg/vect/vect-66.c compilation failed to produce executable
FAIL: gcc.dg/vect/vect-67.c (test for excess errors)
WARNING: gcc.dg/vect/vect-67.c compilation failed to produce executable
FAIL: gcc.dg/vect/vect-68.c (test for excess errors)
WARNING: gcc.dg/vect/vect-68.c compilation failed to produce executable
FAIL: gcc.dg/vect/vect-69.c (test for excess errors)
WARNING: gcc.dg/vect/vect-69.c compilation failed to produce executable
FAIL: gcc.dg/vect/vect-7.c (test for excess errors)
WARNING: gcc.dg/vect/vect-7.c compilation failed to produce executable
FAIL: gcc.dg/vect/vect-72a.c (test for excess errors)
WARNING: gcc.dg/vect/vect-72a.c compilation failed to produce executable
FAIL: gcc.dg/vect/vect-73.c (test for excess errors)
WARNING: gcc.dg/vect/vect-73.c compilation failed to produce executable
FAIL: gcc.dg/vect/vect-74.c (test for excess errors)
WARNING: gcc.dg/vect/vect-74.c compilation failed to produce executable
FAIL: gcc.dg/vect/vect-75.c (test for excess errors)
WARNING: gcc.dg/vect/vect-75.c compilation failed to produce executable
FAIL: gcc.dg/vect/vect-76.c (test for excess errors)
WARNING: gcc.dg/vect/vect-76.c compilation failed to produce executable
FAIL: gcc.dg/vect/vect-77a.c (test for excess errors)
WARNING: gcc.dg/vect/vect-77a.c compilation failed to produce executable
FAIL: gcc.dg/vect/vect-8.c (test for excess errors)
WARNING: gcc.dg/vect/vect-8.c compilation failed to produce executable
FAIL: gcc.dg/vect/vect-9.c (test for excess errors)
WARNING: gcc.dg/vect/vect-9.c compilation failed to produce executable
FAIL: gcc.dg/vect/vect-all.c (test for excess errors)
WARNING: gcc.dg/vect/vect-all.c compilation failed to produce executable
=== gcc Summary ===
# of expected passes 31334
# of unexpected failures 80
# of expected failures 114
# of untested testcases 35
# of unsupported tests 319
/export/gates/pinskia/src/gnu/gcc/src/objdir.openbsd/gcc/xgcc version 4.0.0 20041118 (experimental)
=== objc tests ===
Running target unix
FAIL: objc.dg/comp-types-4.m (test for warnings, line 67)
FAIL: objc.dg/comp-types-4.m (test for warnings, line 68)
FAIL: objc.dg/comp-types-4.m (test for warnings, line 69)
FAIL: objc.dg/comp-types-4.m (test for warnings, line 70)
FAIL: objc.dg/local-decl-2.m (test for warnings, line 37)
FAIL: objc.dg/local-decl-2.m (test for warnings, line 39)
=== objc Summary ===
# of expected passes 1515
# of unexpected failures 6
# of unsupported tests 10
/export/gates/pinskia/src/gnu/gcc/src/objdir.openbsd/gcc/xgcc version 4.0.0 20041118 (experimental)
=== libstdc++ tests ===
Running target unix
FAIL: 26_numerics/complex/13450.cc (test for excess errors)
WARNING: 26_numerics/complex/13450.cc compilation failed to produce executable
FAIL: 26_numerics/complex/complex_value.cc (test for excess errors)
WARNING: 26_numerics/complex/complex_value.cc compilation failed to produce executable
FAIL: 26_numerics/complex/pow.cc (test for excess errors)
WARNING: 26_numerics/complex/pow.cc compilation failed to produce executable
FAIL: 27_io/basic_filebuf/close/12790-1.cc execution test
FAIL: 27_io/basic_filebuf/close/char/1.cc execution test
WARNING: program timed out.
FAIL: 27_io/basic_filebuf/close/char/9964.cc execution test
FAIL: 27_io/basic_filebuf/imbue/char/2.cc execution test
FAIL: 27_io/basic_filebuf/is_open/char/1.cc execution test
FAIL: 27_io/basic_filebuf/open/char/1.cc execution test
WARNING: program timed out.
FAIL: 27_io/basic_filebuf/open/char/9507.cc execution test
FAIL: 27_io/basic_filebuf/sbumpc/char/9825.cc execution test
FAIL: 27_io/basic_filebuf/seekoff/12790-1.cc execution test
FAIL: 27_io/basic_filebuf/seekoff/12790-2.cc execution test
FAIL: 27_io/basic_filebuf/seekoff/12790-3.cc execution test
FAIL: 27_io/basic_filebuf/seekoff/12790-4.cc execution test
FAIL: 27_io/basic_filebuf/seekoff/char/1-in.cc execution test
FAIL: 27_io/basic_filebuf/seekoff/char/1-io.cc execution test
FAIL: 27_io/basic_filebuf/seekoff/char/1-out.cc execution test
FAIL: 27_io/basic_filebuf/seekoff/char/11543.cc execution test
FAIL: 27_io/basic_filebuf/seekoff/char/2-in.cc execution test
FAIL: 27_io/basic_filebuf/seekoff/char/2-io.cc execution test
FAIL: 27_io/basic_filebuf/seekoff/char/2-out.cc execution test
FAIL: 27_io/basic_filebuf/seekoff/char/3-in.cc execution test
FAIL: 27_io/basic_filebuf/seekoff/char/3-io.cc execution test
FAIL: 27_io/basic_filebuf/seekoff/char/3-out.cc execution test
FAIL: 27_io/basic_filebuf/seekpos/12790-1.cc execution test
FAIL: 27_io/basic_filebuf/seekpos/12790-2.cc execution test
FAIL: 27_io/basic_filebuf/seekpos/12790-3.cc execution test
FAIL: 27_io/basic_filebuf/seekpos/char/1-in.cc execution test
FAIL: 27_io/basic_filebuf/seekpos/char/1-io.cc execution test
FAIL: 27_io/basic_filebuf/seekpos/char/1-out.cc execution test
FAIL: 27_io/basic_filebuf/seekpos/char/2-in.cc execution test
FAIL: 27_io/basic_filebuf/seekpos/char/2-io.cc execution test
FAIL: 27_io/basic_filebuf/seekpos/char/2-out.cc execution test
FAIL: 27_io/basic_filebuf/seekpos/char/3-in.cc execution test
FAIL: 27_io/basic_filebuf/seekpos/char/3-io.cc execution test
FAIL: 27_io/basic_filebuf/seekpos/char/3-out.cc execution test
WARNING: program timed out.
FAIL: 27_io/basic_filebuf/showmanyc/char/9533-1.cc execution test
FAIL: 27_io/basic_filebuf/sputbackc/char/1-in.cc execution test
FAIL: 27_io/basic_filebuf/sputbackc/char/1-io.cc execution test
FAIL: 27_io/basic_filebuf/sputbackc/char/2-in.cc execution test
FAIL: 27_io/basic_filebuf/sputbackc/char/2-io.cc execution test
FAIL: 27_io/basic_filebuf/sungetc/char/1-in.cc execution test
FAIL: 27_io/basic_filebuf/sungetc/char/1-io.cc execution test
FAIL: 27_io/basic_filebuf/sungetc/char/2-in.cc execution test
FAIL: 27_io/basic_filebuf/sungetc/char/2-io.cc execution test
WARNING: program timed out.
FAIL: 27_io/basic_filebuf/underflow/char/10097.cc execution test
FAIL: 27_io/basic_istream/seekg/char/fstream.cc execution test
FAIL: 27_io/basic_istream/tellg/char/1.cc execution test
FAIL: 27_io/basic_istream/tellg/char/fstream.cc execution test
FAIL: 27_io/basic_ostream/seekp/char/2346-fstream.cc execution test
FAIL: 27_io/basic_ostream/tellp/char/1.cc execution test
FAIL: 27_io/basic_streambuf/in_avail/char/9701-3.cc execution test
WARNING: program timed out.
FAIL: 27_io/objects/char/7.cc execution test
WARNING: program timed out.
FAIL: 27_io/objects/char/9661-1.cc execution test
=== libstdc++ Summary ===
# of expected passes 2166
# of unexpected failures 55
# of expected failures 4
Compiler version: 4.0.0 20041118 (experimental)
Platform: i686-unknown-openbsd3.1
configure flags: --target=i686-unknown-openbsd3.1 --host=i686-unknown-openbsd3.1 --build=i686-unknown-openbsd3.1 --disable-nls --verbose --enable-cpp --prefix=/home/gates/pinskia/openbsd --enable-shared --disable-libmudflap --enable-languages=c,c++,objc
More information about the Gcc-testresults
mailing list