Results for 4.0.0 20041024 (experimental) testsuite on i586-ncr-sysv4.3.03
mike.meyer@ncr.com
mike.meyer@ncr.com
Fri Nov 12 18:04:00 GMT 2004
A successful make bootstrap of GCC 4.0.0-20041024 on NCR MP-RAS
Output from config.guess:
i586-ncr-sysv4.3.03
This required an update of config.guess to recognize the hardware platform.
Output from gcc -v:
Reading specs from /usr/oss/lib/gcc/i586-ncr-sysv4.3.03/4.0.0/specs
Configured with: /var/oss/src/gcc-4.0-20041024/configure --prefix=/usr/oss : (reconfigured) /var/oss/src/gcc-4.0-20041024/configure --prefix=/usr/oss
Thread model: single
gcc version 4.0.0 20041024 (experimental)
In order to build, needed to restore configuration for NCR MP-RAS support in the following file:
gcc/config.gcc: (added following lines)
973,981d972
< i[34567]86-ncr-sysv4.3*) # NCR MP-RAS - ix86 running system V.4
< xm_defines="SMALL_ARG_MAX"
< tm_file="\${tm_file} i386/unix.h i386/att.h dbxelf.h elfos.h svr4.h i386/sysv4.h i386/sysv4-cpp.h"
< extra_parts="crtbegin.o crtend.o"
< tmake_file=i386/t-crtpic
< use_fixproto=yes
< gnu_ld=yes
< gas=yes
< ;;
LAST_UPDATED: Obtained from CVS: -D2004-10-24 17:43 UTC
Native configuration is i586-ncr-sysv4.3.03
=== g++ tests ===
Running target unix
FAIL: g++.dg/expr/cast2.C (test for errors, line 4)
XPASS: g++.dg/rtti/tinfo1.C scan-assembler _ZTIP9CTemplateIhE:
XPASS: g++.dg/rtti/tinfo1.C scan-assembler-not .globl[ \\t]+_ZTIP9CTemplateIhE
XPASS: g++.dg/rtti/tinfo1.C scan-assembler-not .section[^\\n\\r]*_ZTIP9CTemplateIhE[^\\n\\r]*
FAIL: g++.dg/pch/empty.C -g (test for excess errors)
FAIL: g++.dg/pch/empty.C -O2 -g (test for excess errors)
FAIL: g++.dg/pch/empty.C -O2 (test for excess errors)
FAIL: g++.dg/pch/externc-1.C -g (test for excess errors)
FAIL: g++.dg/pch/externc-1.C -O2 -g (test for excess errors)
FAIL: g++.dg/pch/externc-1.C -O2 (test for excess errors)
FAIL: g++.dg/pch/static-1.C -g (test for excess errors)
FAIL: g++.dg/pch/static-1.C -O2 -g (test for excess errors)
FAIL: g++.dg/pch/static-1.C -O2 (test for excess errors)
FAIL: g++.dg/pch/system-1.C -g (test for excess errors)
FAIL: g++.dg/pch/system-1.C -O2 -g (test for excess errors)
FAIL: g++.dg/pch/system-1.C -O2 (test for excess errors)
FAIL: g++.dg/pch/system-2.C -g (test for excess errors)
FAIL: g++.dg/pch/system-2.C -O2 -g (test for excess errors)
FAIL: g++.dg/pch/system-2.C -O2 (test for excess errors)
FAIL: g++.dg/pch/uninst.C -g (test for excess errors)
FAIL: g++.dg/pch/uninst.C -O2 -g (test for excess errors)
FAIL: g++.dg/pch/uninst.C -O2 (test for excess errors)
FAIL: g++.dg/pch/wchar-1.C -g (test for excess errors)
FAIL: g++.dg/pch/wchar-1.C -O2 -g (test for excess errors)
FAIL: g++.dg/pch/wchar-1.C -O2 (test for excess errors)
FAIL: g++.old-deja/g++.law/profile1.C (test for excess errors)
WARNING: g++.old-deja/g++.law/profile1.C compilation failed to produce executable
WARNING: g++.old-deja/g++.mike/p10769a.C compilation failed to produce executable
WARNING: g++.old-deja/g++.other/enum5.C compilation failed to produce executable
=== g++ Summary ===
# of expected passes 10185
# of unexpected failures 23
# of unexpected successes 3
# of expected failures 76
# of untested testcases 21
# of unsupported tests 68
/usr/oss/build/gcc/testsuite/../g++ version 4.0.0 20041024 (experimental)
=== gcc tests ===
Running target unix
XPASS: gcc.c-torture/compile/pr17529.c -O0 (test for excess errors)
FAIL: gcc.dg/debug/dwarf2/dwarf-die7.c scan-assembler 1.*DW_AT_inline
FAIL: gcc.dg/builtins-18.c (test for excess errors)
FAIL: gcc.dg/builtins-20.c (test for excess errors)
FAIL: gcc.dg/c90-const-expr-3.c (test for excess errors)
FAIL: gcc.dg/c99-const-expr-3.c (test for excess errors)
FAIL: gcc.dg/nest.c (test for excess errors)
WARNING: gcc.dg/nest.c compilation failed to produce executable
FAIL: gcc.dg/wint_t-1.c (test for excess errors)
FAIL: gcc.dg/pch/common-1.c -O0 -g (test for excess errors)
FAIL: gcc.dg/pch/common-1.c -O0 (test for excess errors)
FAIL: gcc.dg/pch/common-1.c -O1 (test for excess errors)
FAIL: gcc.dg/pch/common-1.c -O2 (test for excess errors)
FAIL: gcc.dg/pch/common-1.c -O3 -fomit-frame-pointer (test for excess errors)
FAIL: gcc.dg/pch/common-1.c -O3 -g (test for excess errors)
FAIL: gcc.dg/pch/common-1.c -Os (test for excess errors)
FAIL: gcc.dg/pch/cpp-1.c -O0 -g (test for excess errors)
FAIL: gcc.dg/pch/cpp-1.c -O0 (test for excess errors)
FAIL: gcc.dg/pch/cpp-1.c -O1 (test for excess errors)
FAIL: gcc.dg/pch/cpp-1.c -O2 (test for excess errors)
FAIL: gcc.dg/pch/cpp-1.c -O3 -fomit-frame-pointer (test for excess errors)
FAIL: gcc.dg/pch/cpp-1.c -O3 -g (test for excess errors)
FAIL: gcc.dg/pch/cpp-1.c -Os (test for excess errors)
FAIL: gcc.dg/pch/cpp-2.c -O0 -g (test for excess errors)
FAIL: gcc.dg/pch/cpp-2.c -O0 (test for excess errors)
FAIL: gcc.dg/pch/cpp-2.c -O1 (test for excess errors)
FAIL: gcc.dg/pch/cpp-2.c -O2 (test for excess errors)
FAIL: gcc.dg/pch/cpp-2.c -O3 -fomit-frame-pointer (test for excess errors)
FAIL: gcc.dg/pch/cpp-2.c -O3 -g (test for excess errors)
FAIL: gcc.dg/pch/cpp-2.c -Os (test for excess errors)
FAIL: gcc.dg/pch/decl-1.c -O0 -g (test for excess errors)
FAIL: gcc.dg/pch/decl-1.c -O0 (test for excess errors)
FAIL: gcc.dg/pch/decl-1.c -O1 (test for excess errors)
FAIL: gcc.dg/pch/decl-1.c -O2 (test for excess errors)
FAIL: gcc.dg/pch/decl-1.c -O3 -fomit-frame-pointer (test for excess errors)
FAIL: gcc.dg/pch/decl-1.c -O3 -g (test for excess errors)
FAIL: gcc.dg/pch/decl-1.c -Os (test for excess errors)
FAIL: gcc.dg/pch/decl-2.c -O0 -g (test for excess errors)
FAIL: gcc.dg/pch/decl-2.c -O0 (test for excess errors)
FAIL: gcc.dg/pch/decl-2.c -O1 (test for excess errors)
FAIL: gcc.dg/pch/decl-2.c -O2 (test for excess errors)
FAIL: gcc.dg/pch/decl-2.c -O3 -fomit-frame-pointer (test for excess errors)
FAIL: gcc.dg/pch/decl-2.c -O3 -g (test for excess errors)
FAIL: gcc.dg/pch/decl-2.c -Os (test for excess errors)
FAIL: gcc.dg/pch/decl-3.c -O0 -g (test for excess errors)
FAIL: gcc.dg/pch/decl-3.c -O0 (test for excess errors)
FAIL: gcc.dg/pch/decl-3.c -O1 (test for excess errors)
FAIL: gcc.dg/pch/decl-3.c -O2 (test for excess errors)
FAIL: gcc.dg/pch/decl-3.c -O3 -fomit-frame-pointer (test for excess errors)
FAIL: gcc.dg/pch/decl-3.c -O3 -g (test for excess errors)
FAIL: gcc.dg/pch/decl-3.c -Os (test for excess errors)
FAIL: gcc.dg/pch/decl-4.c -O0 -g (test for excess errors)
FAIL: gcc.dg/pch/decl-4.c -O0 (test for excess errors)
FAIL: gcc.dg/pch/decl-4.c -O1 (test for excess errors)
FAIL: gcc.dg/pch/decl-4.c -O2 (test for excess errors)
FAIL: gcc.dg/pch/decl-4.c -O3 -fomit-frame-pointer (test for excess errors)
FAIL: gcc.dg/pch/decl-4.c -O3 -g (test for excess errors)
FAIL: gcc.dg/pch/decl-4.c -Os (test for excess errors)
FAIL: gcc.dg/pch/decl-5.c -O0 -g (test for excess errors)
FAIL: gcc.dg/pch/decl-5.c -O0 (test for excess errors)
FAIL: gcc.dg/pch/decl-5.c -O1 (test for excess errors)
FAIL: gcc.dg/pch/decl-5.c -O2 (test for excess errors)
FAIL: gcc.dg/pch/decl-5.c -O3 -fomit-frame-pointer (test for excess errors)
FAIL: gcc.dg/pch/decl-5.c -O3 -g (test for excess errors)
FAIL: gcc.dg/pch/decl-5.c -Os (test for excess errors)
FAIL: gcc.dg/pch/empty.c -O0 -g (test for excess errors)
FAIL: gcc.dg/pch/empty.c -O0 (test for excess errors)
FAIL: gcc.dg/pch/empty.c -O1 (test for excess errors)
FAIL: gcc.dg/pch/empty.c -O2 (test for excess errors)
FAIL: gcc.dg/pch/empty.c -O3 -fomit-frame-pointer (test for excess errors)
FAIL: gcc.dg/pch/empty.c -O3 -g (test for excess errors)
FAIL: gcc.dg/pch/empty.c -Os (test for excess errors)
FAIL: gcc.dg/pch/except-1.c -O0 -g (test for excess errors)
FAIL: gcc.dg/pch/except-1.c -O0 (test for excess errors)
FAIL: gcc.dg/pch/except-1.c -O1 (test for excess errors)
FAIL: gcc.dg/pch/except-1.c -O2 (test for excess errors)
FAIL: gcc.dg/pch/except-1.c -O3 -fomit-frame-pointer (test for excess errors)
FAIL: gcc.dg/pch/except-1.c -O3 -g (test for excess errors)
FAIL: gcc.dg/pch/except-1.c -Os (test for excess errors)
FAIL: gcc.dg/pch/global-1.c -O0 -g (test for excess errors)
FAIL: gcc.dg/pch/global-1.c -O0 (test for excess errors)
FAIL: gcc.dg/pch/global-1.c -O1 (test for excess errors)
FAIL: gcc.dg/pch/global-1.c -O2 (test for excess errors)
FAIL: gcc.dg/pch/global-1.c -O3 -fomit-frame-pointer (test for excess errors)
FAIL: gcc.dg/pch/global-1.c -O3 -g (test for excess errors)
FAIL: gcc.dg/pch/global-1.c -Os (test for excess errors)
FAIL: gcc.dg/pch/import-1.c -O0 -g (test for excess errors)
FAIL: gcc.dg/pch/import-1.c -O0 (test for excess errors)
FAIL: gcc.dg/pch/import-1.c -O1 (test for excess errors)
FAIL: gcc.dg/pch/import-1.c -O2 (test for excess errors)
FAIL: gcc.dg/pch/import-1.c -O3 -fomit-frame-pointer (test for excess errors)
FAIL: gcc.dg/pch/import-1.c -O3 -g (test for excess errors)
FAIL: gcc.dg/pch/import-1.c -Os (test for excess errors)
FAIL: gcc.dg/pch/inline-1.c -O0 -g (test for excess errors)
FAIL: gcc.dg/pch/inline-1.c -O0 (test for excess errors)
FAIL: gcc.dg/pch/inline-1.c -O1 (test for excess errors)
FAIL: gcc.dg/pch/inline-1.c -O2 (test for excess errors)
FAIL: gcc.dg/pch/inline-1.c -O3 -fomit-frame-pointer (test for excess errors)
FAIL: gcc.dg/pch/inline-1.c -O3 -g (test for excess errors)
FAIL: gcc.dg/pch/inline-1.c -Os (test for excess errors)
FAIL: gcc.dg/pch/inline-2.c -O0 -g (test for excess errors)
FAIL: gcc.dg/pch/inline-2.c -O0 (test for excess errors)
FAIL: gcc.dg/pch/inline-2.c -O1 (test for excess errors)
FAIL: gcc.dg/pch/inline-2.c -O2 (test for excess errors)
FAIL: gcc.dg/pch/inline-2.c -O3 -fomit-frame-pointer (test for excess errors)
FAIL: gcc.dg/pch/inline-2.c -O3 -g (test for excess errors)
FAIL: gcc.dg/pch/inline-2.c -Os (test for excess errors)
FAIL: gcc.dg/pch/inline-3.c -O0 -g (test for excess errors)
FAIL: gcc.dg/pch/inline-3.c -O0 (test for excess errors)
FAIL: gcc.dg/pch/inline-3.c -O1 (test for excess errors)
FAIL: gcc.dg/pch/inline-3.c -O2 (test for excess errors)
FAIL: gcc.dg/pch/inline-3.c -O3 -fomit-frame-pointer (test for excess errors)
FAIL: gcc.dg/pch/inline-3.c -O3 -g (test for excess errors)
FAIL: gcc.dg/pch/inline-3.c -Os (test for excess errors)
FAIL: gcc.dg/pch/inline-4.c -O0 -g (test for excess errors)
FAIL: gcc.dg/pch/inline-4.c -O0 (test for excess errors)
FAIL: gcc.dg/pch/inline-4.c -O1 (test for excess errors)
FAIL: gcc.dg/pch/inline-4.c -O2 (test for excess errors)
FAIL: gcc.dg/pch/inline-4.c -O3 -fomit-frame-pointer (test for excess errors)
FAIL: gcc.dg/pch/inline-4.c -O3 -g (test for excess errors)
FAIL: gcc.dg/pch/inline-4.c -Os (test for excess errors)
FAIL: gcc.dg/pch/macro-1.c -O0 -g (test for excess errors)
FAIL: gcc.dg/pch/macro-1.c -O0 (test for excess errors)
FAIL: gcc.dg/pch/macro-1.c -O1 (test for excess errors)
FAIL: gcc.dg/pch/macro-1.c -O2 (test for excess errors)
FAIL: gcc.dg/pch/macro-1.c -O3 -fomit-frame-pointer (test for excess errors)
FAIL: gcc.dg/pch/macro-1.c -O3 -g (test for excess errors)
FAIL: gcc.dg/pch/macro-1.c -Os (test for excess errors)
FAIL: gcc.dg/pch/macro-2.c -O0 -g (test for excess errors)
FAIL: gcc.dg/pch/macro-2.c -O0 (test for excess errors)
FAIL: gcc.dg/pch/macro-2.c -O1 (test for excess errors)
FAIL: gcc.dg/pch/macro-2.c -O2 (test for excess errors)
FAIL: gcc.dg/pch/macro-2.c -O3 -fomit-frame-pointer (test for excess errors)
FAIL: gcc.dg/pch/macro-2.c -O3 -g (test for excess errors)
FAIL: gcc.dg/pch/macro-2.c -Os (test for excess errors)
FAIL: gcc.dg/pch/macro-3.c -O0 -g (test for excess errors)
FAIL: gcc.dg/pch/macro-3.c -O0 (test for excess errors)
FAIL: gcc.dg/pch/macro-3.c -O1 (test for excess errors)
FAIL: gcc.dg/pch/macro-3.c -O2 (test for excess errors)
FAIL: gcc.dg/pch/macro-3.c -O3 -fomit-frame-pointer (test for excess errors)
FAIL: gcc.dg/pch/macro-3.c -O3 -g (test for excess errors)
FAIL: gcc.dg/pch/macro-3.c -Os (test for excess errors)
FAIL: gcc.dg/pch/macro-4.c -O0 -g (test for excess errors)
FAIL: gcc.dg/pch/macro-4.c -O0 (test for excess errors)
FAIL: gcc.dg/pch/macro-4.c -O1 (test for excess errors)
FAIL: gcc.dg/pch/macro-4.c -O2 (test for excess errors)
FAIL: gcc.dg/pch/macro-4.c -O3 -fomit-frame-pointer (test for excess errors)
FAIL: gcc.dg/pch/macro-4.c -O3 -g (test for excess errors)
FAIL: gcc.dg/pch/macro-4.c -Os (test for excess errors)
FAIL: gcc.dg/pch/save-temps-1.c -O0 -g (test for excess errors)
FAIL: gcc.dg/pch/save-temps-1.c -O0 (test for excess errors)
FAIL: gcc.dg/pch/save-temps-1.c -O1 (test for excess errors)
FAIL: gcc.dg/pch/save-temps-1.c -O2 (test for excess errors)
FAIL: gcc.dg/pch/save-temps-1.c -O3 -fomit-frame-pointer (test for excess errors)
FAIL: gcc.dg/pch/save-temps-1.c -O3 -g (test for excess errors)
FAIL: gcc.dg/pch/save-temps-1.c -Os (test for excess errors)
FAIL: gcc.dg/pch/static-1.c -O0 -g (test for excess errors)
FAIL: gcc.dg/pch/static-1.c -O0 (test for excess errors)
FAIL: gcc.dg/pch/static-1.c -O1 (test for excess errors)
FAIL: gcc.dg/pch/static-1.c -O2 (test for excess errors)
FAIL: gcc.dg/pch/static-1.c -O3 -fomit-frame-pointer (test for excess errors)
FAIL: gcc.dg/pch/static-1.c -O3 -g (test for excess errors)
FAIL: gcc.dg/pch/static-1.c -Os (test for excess errors)
FAIL: gcc.dg/pch/static-2.c -O0 -g (test for excess errors)
FAIL: gcc.dg/pch/static-2.c -O0 (test for excess errors)
FAIL: gcc.dg/pch/static-2.c -O1 (test for excess errors)
FAIL: gcc.dg/pch/static-2.c -O2 (test for excess errors)
FAIL: gcc.dg/pch/static-2.c -O3 -fomit-frame-pointer (test for excess errors)
FAIL: gcc.dg/pch/static-2.c -O3 -g (test for excess errors)
FAIL: gcc.dg/pch/static-2.c -Os (test for excess errors)
FAIL: gcc.dg/pch/static-3.c -O0 -g (test for excess errors)
FAIL: gcc.dg/pch/static-3.c -O0 (test for excess errors)
FAIL: gcc.dg/pch/static-3.c -O1 (test for excess errors)
FAIL: gcc.dg/pch/static-3.c -O2 (test for excess errors)
FAIL: gcc.dg/pch/static-3.c -O3 -fomit-frame-pointer (test for excess errors)
FAIL: gcc.dg/pch/static-3.c -O3 -g (test for excess errors)
FAIL: gcc.dg/pch/static-3.c -Os (test for excess errors)
FAIL: gcc.dg/pch/struct-1.c -O0 -g (test for excess errors)
FAIL: gcc.dg/pch/struct-1.c -O0 (test for excess errors)
FAIL: gcc.dg/pch/struct-1.c -O1 (test for excess errors)
FAIL: gcc.dg/pch/struct-1.c -O2 (test for excess errors)
FAIL: gcc.dg/pch/struct-1.c -O3 -fomit-frame-pointer (test for excess errors)
FAIL: gcc.dg/pch/struct-1.c -O3 -g (test for excess errors)
FAIL: gcc.dg/pch/struct-1.c -Os (test for excess errors)
FAIL: gcc.dg/pch/system-1.c -O0 -g (test for excess errors)
FAIL: gcc.dg/pch/system-1.c -O0 (test for excess errors)
FAIL: gcc.dg/pch/system-1.c -O1 (test for excess errors)
FAIL: gcc.dg/pch/system-1.c -O2 (test for excess errors)
FAIL: gcc.dg/pch/system-1.c -O3 -fomit-frame-pointer (test for excess errors)
FAIL: gcc.dg/pch/system-1.c -O3 -g (test for excess errors)
FAIL: gcc.dg/pch/system-1.c -Os (test for excess errors)
FAIL: gcc.dg/pch/valid-1b.c -O0 -g (test for excess errors)
FAIL: gcc.dg/pch/valid-1b.c -O0 (test for excess errors)
FAIL: gcc.dg/pch/valid-1b.c -O1 (test for excess errors)
FAIL: gcc.dg/pch/valid-1b.c -O2 (test for excess errors)
FAIL: gcc.dg/pch/valid-1b.c -O3 -fomit-frame-pointer (test for excess errors)
FAIL: gcc.dg/pch/valid-1b.c -O3 -g (test for excess errors)
FAIL: gcc.dg/pch/valid-1b.c -Os (test for excess errors)
FAIL: gcc.dg/pch/valid-4.c -O0 -g (test for errors, line 5)
FAIL: gcc.dg/pch/valid-4.c -O0 -g (test for excess errors)
FAIL: gcc.dg/pch/valid-4.c -O0 (test for errors, line 5)
FAIL: gcc.dg/pch/valid-4.c -O0 (test for excess errors)
FAIL: gcc.dg/pch/valid-4.c -O1 (test for errors, line 5)
FAIL: gcc.dg/pch/valid-4.c -O1 (test for excess errors)
FAIL: gcc.dg/pch/valid-4.c -O2 (test for errors, line 5)
FAIL: gcc.dg/pch/valid-4.c -O2 (test for excess errors)
FAIL: gcc.dg/pch/valid-4.c -O3 -fomit-frame-pointer (test for errors, line 5)
FAIL: gcc.dg/pch/valid-4.c -O3 -fomit-frame-pointer (test for excess errors)
FAIL: gcc.dg/pch/valid-4.c -O3 -g (test for errors, line 5)
FAIL: gcc.dg/pch/valid-4.c -O3 -g (test for excess errors)
FAIL: gcc.dg/pch/valid-4.c -Os (test for errors, line 5)
FAIL: gcc.dg/pch/valid-4.c -Os (test for excess errors)
FAIL: gcc.dg/pch/valid-5.c -O0 -g (test for excess errors)
FAIL: gcc.dg/pch/valid-5.c -O0 (test for excess errors)
FAIL: gcc.dg/pch/valid-5.c -O1 (test for excess errors)
FAIL: gcc.dg/pch/valid-5.c -O2 (test for excess errors)
FAIL: gcc.dg/pch/valid-5.c -O3 -fomit-frame-pointer (test for excess errors)
FAIL: gcc.dg/pch/valid-5.c -O3 -g (test for excess errors)
FAIL: gcc.dg/pch/valid-5.c -Os (test for excess errors)
FAIL: gcc.dg/pch/valid-6.c -O0 -g (test for excess errors)
FAIL: gcc.dg/pch/valid-6.c -O0 -g assembly comparison
FAIL: gcc.dg/pch/valid-6.c -O0 (test for excess errors)
FAIL: gcc.dg/pch/valid-6.c -O0 assembly comparison
FAIL: gcc.dg/pch/valid-6.c -O1 (test for excess errors)
FAIL: gcc.dg/pch/valid-6.c -O1 assembly comparison
FAIL: gcc.dg/pch/valid-6.c -O2 (test for excess errors)
FAIL: gcc.dg/pch/valid-6.c -O2 assembly comparison
FAIL: gcc.dg/pch/valid-6.c -O3 -fomit-frame-pointer (test for excess errors)
FAIL: gcc.dg/pch/valid-6.c -O3 -fomit-frame-pointer assembly comparison
FAIL: gcc.dg/pch/valid-6.c -O3 -g (test for excess errors)
FAIL: gcc.dg/pch/valid-6.c -O3 -g assembly comparison
FAIL: gcc.dg/pch/valid-6.c -Os (test for excess errors)
FAIL: gcc.dg/pch/valid-6.c -Os assembly comparison
FAIL: largefile.c -O0 -g (test for excess errors)
FAIL: largefile.c -O0 (test for excess errors)
FAIL: largefile.c -O1 (test for excess errors)
FAIL: largefile.c -O2 (test for excess errors)
FAIL: largefile.c -O3 -fomit-frame-pointer (test for excess errors)
FAIL: largefile.c -O3 -g (test for excess errors)
FAIL: largefile.c -Os (test for excess errors)
FAIL: gcc.dg/torture/builtin-convert-1.c -O1 (test for excess errors)
FAIL: gcc.dg/torture/builtin-convert-1.c -O2 (test for excess errors)
FAIL: gcc.dg/torture/builtin-convert-1.c -O3 -fomit-frame-pointer (test for excess errors)
FAIL: gcc.dg/torture/builtin-convert-1.c -O3 -g (test for excess errors)
FAIL: gcc.dg/torture/builtin-convert-1.c -Os (test for excess errors)
FAIL: gcc.dg/torture/builtin-convert-2.c -O1 (test for excess errors)
FAIL: gcc.dg/torture/builtin-convert-2.c -O2 (test for excess errors)
FAIL: gcc.dg/torture/builtin-convert-2.c -O3 -fomit-frame-pointer (test for excess errors)
FAIL: gcc.dg/torture/builtin-convert-2.c -O3 -g (test for excess errors)
FAIL: gcc.dg/torture/builtin-convert-2.c -Os (test for excess errors)
FAIL: gcc.dg/torture/builtin-convert-3.c -O1 (test for excess errors)
FAIL: gcc.dg/torture/builtin-convert-3.c -O2 (test for excess errors)
FAIL: gcc.dg/torture/builtin-convert-3.c -O3 -fomit-frame-pointer (test for excess errors)
FAIL: gcc.dg/torture/builtin-convert-3.c -O3 -g (test for excess errors)
FAIL: gcc.dg/torture/builtin-convert-3.c -Os (test for excess errors)
FAIL: gcc.dg/torture/builtin-power-1.c -O0 (test for excess errors)
FAIL: gcc.dg/torture/builtin-power-1.c -O1 (test for excess errors)
FAIL: gcc.dg/torture/builtin-power-1.c -O2 (test for excess errors)
FAIL: gcc.dg/torture/builtin-power-1.c -O3 -fomit-frame-pointer (test for excess errors)
FAIL: gcc.dg/torture/builtin-power-1.c -O3 -g (test for excess errors)
FAIL: gcc.dg/torture/builtin-power-1.c -Os (test for excess errors)
XPASS: gcc.dg/tree-ssa/20030922-2.c scan-tree-dump-times if 2
FAIL: gcc.dg/vect/vect-2.c execution test
FAIL: gcc.dg/vect/vect-3.c execution test
FAIL: gcc.dg/vect/vect-31.c execution test
FAIL: gcc.dg/vect/vect-32.c execution test
FAIL: gcc.dg/vect/vect-34.c execution test
FAIL: gcc.dg/vect/vect-36.c execution test
FAIL: gcc.dg/vect/vect-4.c execution test
FAIL: gcc.dg/vect/vect-40.c execution test
FAIL: gcc.dg/vect/vect-42.c execution test
FAIL: gcc.dg/vect/vect-43.c execution test
FAIL: gcc.dg/vect/vect-46.c execution test
FAIL: gcc.dg/vect/vect-5.c execution test
FAIL: gcc.dg/vect/vect-6.c execution test
FAIL: gcc.dg/vect/vect-62.c execution test
FAIL: gcc.dg/vect/vect-64.c execution test
FAIL: gcc.dg/vect/vect-65.c execution test
FAIL: gcc.dg/vect/vect-66.c execution test
FAIL: gcc.dg/vect/vect-68.c execution test
FAIL: gcc.dg/vect/vect-7.c execution test
FAIL: gcc.dg/vect/vect-73.c execution test
FAIL: gcc.dg/vect/vect-all.c execution test
=== gcc Summary ===
# of expected passes 30685
# of unexpected failures 280
# of unexpected successes 2
# of expected failures 112
# of untested testcases 238
# of unsupported tests 300
/usr/oss/build/gcc/xgcc version 4.0.0 20041024 (experimental)
=== objc tests ===
Running target unix
=== objc Summary ===
# of expected passes 1424
# of unsupported tests 8
/usr/oss/build/gcc/xgcc version 4.0.0 20041024 (experimental)
=== libstdc++ tests ===
Running target unix
FAIL: 26_numerics/complex/13450.cc (test for excess errors)
WARNING: 26_numerics/complex/13450.cc compilation failed to produce executable
FAIL: 26_numerics/complex/complex_value.cc (test for excess errors)
WARNING: 26_numerics/complex/complex_value.cc compilation failed to produce executable
FAIL: 26_numerics/complex/pow.cc (test for excess errors)
WARNING: 26_numerics/complex/pow.cc compilation failed to produce executable
FAIL: ext/malloc_allocator/check_allocate_max_size.cc (test for excess errors)
WARNING: ext/malloc_allocator/check_allocate_max_size.cc compilation failed to produce executable
FAIL: ext/malloc_allocator/check_deallocate_null.cc (test for excess errors)
WARNING: ext/malloc_allocator/check_deallocate_null.cc compilation failed to produce executable
=== libstdc++ Summary ===
# of expected passes 2164
# of unexpected failures 5
# of expected failures 4
Compiler version: 4.0.0 20041024 (experimental)
Platform: i586-ncr-sysv4.3.03
configure flags: --prefix=/usr/oss --enable-languages=c,c++,java,objc
More information about the Gcc-testresults
mailing list