Results for 3.4.3 testsuite on i586-ncr-sysv4.3.03
mike.meyer@ncr.com
mike.meyer@ncr.com
Fri Nov 12 17:48:00 GMT 2004
A successful make bootstrap of GCC 3.4.3 on NCR MP-RAS
Output from config.guess:
i586-ncr-sysv4.3.03
This required an update of config.guess to recognize hardware platform.
Output from gcc -v:
Reading specs from /usr/oss/lib/gcc/i586-ncr-sysv4.3.03/3.4.3/specs
Configured with: /usr/oss/src/gcc-3.4.3/configure --prefix=/usr/oss --enable-obsolete --with-as=/usr/oss/bin/as --with-ld=/usr/oss/bin/ld --with-gnu-as --with-gnu-ld
Thread model: single
gcc version 3.4.3
LAST_UPDATED: Obtained from CVS: -rgcc_3_4_3_release
Native configuration is i586-ncr-sysv4.3.03
=== g++ tests ===
Running target unix
FAIL: g++.dg/eh/simd-2.C (test for excess errors)
WARNING: g++.dg/eh/simd-2.C compilation failed to produce executable
XPASS: g++.dg/rtti/tinfo1.C scan-assembler _ZTIP9CTemplateIhE:
XPASS: g++.dg/rtti/tinfo1.C scan-assembler-not .globl[ \\t]+_ZTIP9CTemplateIhE
FAIL: g++.old-deja/g++.law/profile1.C (test for excess errors)
WARNING: g++.old-deja/g++.law/profile1.C compilation failed to produce executable
WARNING: g++.old-deja/g++.mike/p10769a.C compilation failed to produce executable
WARNING: g++.old-deja/g++.other/enum5.C compilation failed to produce executable
WARNING: g++.old-deja/g++.pt/friend44.C compilation failed to produce executable
=== g++ Summary ===
# of expected passes 9699
# of unexpected failures 2
# of unexpected successes 2
# of expected failures 72
# of unsupported tests 57
/usr/oss/build.gcc-3.4.3/gcc/testsuite/../g++ version 3.4.3
=== g77 tests ===
Running target unix
FAIL: g77.f-torture/execute/12884.f execution, -O0
FAIL: g77.f-torture/execute/12884.f execution, -O1
FAIL: g77.f-torture/execute/12884.f execution, -O2
FAIL: g77.f-torture/execute/12884.f execution, -O3 -fomit-frame-pointer
FAIL: g77.f-torture/execute/12884.f execution, -O3 -g
FAIL: g77.f-torture/execute/12884.f execution, -Os
FAIL: g77.f-torture/execute/f90-intrinsic-numeric.f execution, -O0
FAIL: g77.f-torture/execute/f90-intrinsic-numeric.f execution, -O1
FAIL: g77.f-torture/execute/f90-intrinsic-numeric.f execution, -O2
FAIL: g77.f-torture/execute/f90-intrinsic-numeric.f execution, -O3 -fomit-frame-pointer
FAIL: g77.f-torture/execute/f90-intrinsic-numeric.f execution, -O3 -g
FAIL: g77.f-torture/execute/f90-intrinsic-numeric.f execution, -Os
FAIL: g77.f-torture/execute/intrinsic77.f execution, -O0
FAIL: g77.f-torture/execute/intrinsic77.f execution, -O1
FAIL: g77.f-torture/execute/intrinsic77.f execution, -O2
FAIL: g77.f-torture/execute/intrinsic77.f execution, -O3 -fomit-frame-pointer
FAIL: g77.f-torture/execute/intrinsic77.f execution, -O3 -g
FAIL: g77.f-torture/execute/intrinsic77.f execution, -Os
=== g77 Summary ===
# of expected passes 1794
# of unexpected failures 18
# of unsupported tests 6
/usr/oss/build.gcc-3.4.3/gcc/testsuite/../g77 version 3.4.3
=== gcc tests ===
Running target unix
FAIL: gcc.c-torture/execute/va-arg-25.c execution, -Os
FAIL: gcc.dg/compat/vector-1 c_compat_x_tst.o compile
FAIL: gcc.dg/compat/vector-1 c_compat_y_tst.o compile
UNRESOLVED: gcc.dg/compat/vector-1 c_compat_x_tst.o-c_compat_y_tst.o link
UNRESOLVED: gcc.dg/compat/vector-1 c_compat_x_tst.o-c_compat_y_tst.o execute
FAIL: gcc.dg/compat/vector-2 c_compat_x_tst.o compile
FAIL: gcc.dg/compat/vector-2 c_compat_y_tst.o compile
UNRESOLVED: gcc.dg/compat/vector-2 c_compat_x_tst.o-c_compat_y_tst.o link
UNRESOLVED: gcc.dg/compat/vector-2 c_compat_x_tst.o-c_compat_y_tst.o execute
FAIL: gcc.dg/builtins-20.c (test for excess errors)
FAIL: gcc.dg/nest.c (test for excess errors)
WARNING: gcc.dg/nest.c compilation failed to produce executable
FAIL: gcc.dg/wint_t-1.c (test for excess errors)
=== gcc Summary ===
# of expected passes 24868
# of unexpected failures 8
# of expected failures 70
# of unresolved testcases 4
# of untested testcases 7
# of unsupported tests 212
/usr/oss/build.gcc-3.4.3/gcc/xgcc version 3.4.3
=== objc tests ===
Running target unix
=== objc Summary ===
# of expected passes 1352
# of unsupported tests 8
/usr/oss/build.gcc-3.4.3/gcc/xgcc version 3.4.3
=== libstdc++ tests ===
Running target unix
=== libstdc++ Summary ===
# of expected passes 2027
# of expected failures 4
# of unsupported tests 8
Compiler version: 3.4.3
Platform: i586-ncr-sysv4.3.03
configure flags: --prefix=/usr/oss --enable-obsolete --with-as=/usr/oss/bin/as --with-ld=/usr/oss/bin/ld --with-gnu-as --with-gnu-ld
More information about the Gcc-testresults
mailing list