Results for 3.4.3 testsuite on hppa-unknown-linux-gnu
John David Anglin
dave@gsyprf11.external.hp.com
Mon Nov 8 02:18:00 GMT 2004
LAST_UPDATED: Sun Nov 7 18:26:00 UTC 2004
=== acats tests ===
=== acats Summary ===
# of expected passes 1965
# of unexpected failures 0
# of unsupported tests 357
Native configuration is hppa-unknown-linux-gnu
=== g++ tests ===
Running target unix
XPASS: g++.dg/other/packed1.C execution test
XPASS: g++.dg/rtti/tinfo1.C scan-assembler _ZTIP9CTemplateIhE:
XPASS: g++.dg/rtti/tinfo1.C scan-assembler-not .globl[ \\t]+_ZTIP9CTemplateIhE
WARNING: g++.old-deja/g++.mike/p10769a.C compilation failed to produce executable
WARNING: g++.old-deja/g++.other/enum5.C compilation failed to produce executable
XPASS: g++.old-deja/g++.other/init5.C execution test
WARNING: g++.old-deja/g++.pt/friend44.C compilation failed to produce executable
=== g++ Summary ===
# of expected passes 9630
# of unexpected successes 4
# of expected failures 71
# of unsupported tests 83
/home/dave/gcc-3.4/objdir/gcc/testsuite/../g++ version 3.4.3
=== g77 tests ===
Running target unix
=== g77 Summary ===
# of expected passes 1812
# of unsupported tests 6
/home/dave/gcc-3.4/objdir/gcc/testsuite/../g77 version 3.4.3
=== gcc tests ===
Running target unix
=== gcc Summary ===
# of expected passes 24466
# of expected failures 69
# of untested testcases 7
# of unsupported tests 349
/home/dave/gcc-3.4/objdir/gcc/xgcc version 3.4.3
=== objc tests ===
Running target unix
=== objc Summary ===
# of expected passes 1352
# of unsupported tests 8
/home/dave/gcc-3.4/objdir/gcc/xgcc version 3.4.3
=== libstdc++-v3 check-abi Summary ===
# of added symbols: 19
# of missing symbols: 0
# of incompatible symbols: 0
using: /home/dave/gcc-3.4/gcc/libstdc++-v3/config/abi/hppa-linux-gnu/baseline_symbols.txt
=== libstdc++ tests ===
Running target unix
FAIL: 22_locale/ctype/is/wchar_t/2.cc execution test
FAIL: 22_locale/ctype/is/wchar_t/wrapped_env.cc execution test
FAIL: 22_locale/ctype/is/wchar_t/wrapped_locale.cc execution test
FAIL: 22_locale/messages/members/char/1.cc execution test
FAIL: 22_locale/messages/members/char/2.cc execution test
FAIL: 22_locale/messages/members/char/wrapped_env.cc execution test
FAIL: 22_locale/messages/members/char/wrapped_locale.cc execution test
FAIL: 22_locale/messages_byname/named_equivalence.cc execution test
FAIL: 22_locale/money_get/get/wchar_t/1.cc execution test
FAIL: 22_locale/money_get/get/wchar_t/11.cc execution test
FAIL: 22_locale/money_get/get/wchar_t/12.cc execution test
FAIL: 22_locale/money_get/get/wchar_t/13.cc execution test
FAIL: 22_locale/money_get/get/wchar_t/17.cc execution test
FAIL: 22_locale/money_get/get/wchar_t/3.cc execution test
FAIL: 22_locale/money_get/get/wchar_t/wrapped_env.cc execution test
FAIL: 22_locale/money_get/get/wchar_t/wrapped_locale.cc execution test
XPASS: 26_numerics/c99_classification_macros_c.cc (test for excess errors)
=== libstdc++ Summary ===
# of expected passes 2706
# of unexpected failures 16
# of unexpected successes 1
# of expected failures 6
Compiler version: 3.4.3
Platform: hppa-unknown-linux-gnu
configure flags: --with-gnu-as --with-as=/home/dave/opt/gnu/bin/as --with-gnu-ld --with-ld=/home/dave/opt/gnu/bin/ld --enable-shared --disable-nls --prefix=/home/dave/opt/gnu/gcc/gcc-3.4.3 --with-local-prefix=/home/dave/opt/gnu --enable-threads=posix --enable-__cxa_atexit --disable-checking --host=hppa-linux
More information about the Gcc-testresults
mailing list