Results for [trunk] 4.0.020041106(experimental) testsuite on i686-pc-linux-gnu
Autocrasher
autocrasher@devphil.com
Sat Nov 6 15:00:00 GMT 2004
The configure/build/test log and regression plots can be
found at http://www.devphil.com/build/
Host was an x86-type system.
This particular run used standard (previously installed) binutils.
- The Autocrasher (Phil's Builder Bot, version 2.1)
LAST_UPDATED: Sat Nov 6 06:41:20 UTC 2004
Native configuration is i686-pc-linux-gnu
=== g++ tests ===
Running target unix
WARNING: g++.old-deja/g++.mike/p10769a.C compilation failed to produce executable
XPASS: g++.old-deja/g++.other/init5.C execution test
=== g++ Summary ===
# of expected passes 10357
# of unexpected successes 1
# of expected failures 72
# of unsupported tests 50
/mnt/build/build-2004-11-06-014001-trunk/gcc/testsuite/../g++ version 4.0.0 20041106 (experimental)
=== gcc tests ===
Running target unix
FAIL: gcc.dg/debug/dwarf2/dwarf-die7.c scan-assembler 1.*DW_AT_inline
=== gcc Summary ===
# of expected passes 31628
# of unexpected failures 1
# of expected failures 115
# of untested testcases 28
# of unsupported tests 283
/mnt/build/build-2004-11-06-014001-trunk/gcc/xgcc version 4.0.0 20041106 (experimental)
=== libstdc++-v3 check-abi Summary ===
# of added symbols: 99
# of missing symbols: 46
# of incompatible symbols: 46
using: /home/pme/src/trunk/libstdc++-v3/config/abi/i486-linux-gnu/baseline_symbols.txt
=== libstdc++ tests ===
Running target unix
XPASS: 22_locale/locale/cons/12658_thread-1.cc execution test
XPASS: 26_numerics/cmath/c99_classification_macros_c.cc (test for excess errors)
=== libstdc++ Summary ===
# of expected passes 3028
# of unexpected successes 2
# of expected failures 5
Compiler version: 4.0.020041106(experimental)
Platform: i686-pc-linux-gnu
configure flags: --prefix=/mnt/build/install-2004-11-06-014001-trunk --enable-threads=posix --enable-__cxa_atexit --with-dwarf2 --enable-languages=c++,f95 --enable-languages=c,c++,f95
More information about the Gcc-testresults
mailing list