Results for 3.5.0 20040513 (experimental) testsuite on i686-pc-linux-gnu
rasky@develer.com
rasky@develer.com
Mon May 24 07:51:00 GMT 2004
LAST_UPDATED: Tue Dec 16 01:44:43 UTC 2003
Native configuration is i686-pc-linux-gnu
=== g++ tests ===
Running target unix
XPASS: g++.dg/eh/elide1.C execution test
FAIL: g++.dg/parse/error16.C (test for errors, line 10)
FAIL: g++.dg/parse/error16.C (test for errors, line 11)
FAIL: g++.dg/parse/error16.C (test for excess errors)
FAIL: g++.dg/parse/stack1.C (test for excess errors)
FAIL: 258: expected branch percentages not found: 25
FAIL: g++.dg/gcov/gcov-1.C gcov: 0 failures in line counts, 1 in branch percentages, 0 in return percentages
FAIL: 23:is 2:should be 1
FAIL: g++.dg/gcov/gcov-2.C gcov: 1 failures in line counts, 0 in branch percentages, 0 in return percentages
FAIL: ./uninst.H (test for excess errors)
FAIL: g++.dg/pch/uninst.C (test for excess errors)
FAIL: ./uninst.H (test for excess errors)
FAIL: g++.dg/pch/uninst.C (test for excess errors)
FAIL: ./uninst.H (test for excess errors)
FAIL: g++.dg/pch/uninst.C (test for excess errors)
FAIL: g++.old-deja/g++.brendan/crash13.C (test for errors, line 34)
FAIL: g++.old-deja/g++.bugs/900205_03.C (test for errors, line 21)
FAIL: g++.old-deja/g++.bugs/900205_03.C (test for errors, line 24)
FAIL: g++.old-deja/g++.bugs/900205_03.C (test for errors, line 44)
FAIL: g++.old-deja/g++.bugs/900205_03.C (test for errors, line 47)
FAIL: g++.old-deja/g++.law/friend5.C (test for errors, line 19)
FAIL: g++.old-deja/g++.law/friend5.C (test for errors, line 24)
WARNING: g++.old-deja/g++.mike/p10769a.C compilation failed to produce executable
FAIL: g++.old-deja/g++.mike/p646.C (test for warnings, line 104)
FAIL: g++.old-deja/g++.mike/p646.C (test for warnings, line 112)
FAIL: g++.old-deja/g++.mike/p646.C (test for warnings, line 120)
FAIL: g++.old-deja/g++.mike/p646.C (test for warnings, line 127)
FAIL: g++.old-deja/g++.mike/p646.C (test for warnings, line 133)
WARNING: g++.old-deja/g++.other/enum5.C compilation failed to produce executable
FAIL: g++.old-deja/g++.other/warn7.C (test for warnings, line 38)
WARNING: g++.old-deja/g++.pt/friend44.C compilation failed to produce executable
=== g++ Summary ===
# of expected passes 9754
# of unexpected failures 27
# of unexpected successes 1
# of expected failures 83
# of unsupported tests 41
/home/rasky/gcc/mainline/out/gcc/testsuite/../g++ version 3.5.0 20040513 (experimental)
=== gcc tests ===
Running target unix
FAIL: gcc.c-torture/execute/va-arg-25.c execution, -Os
FAIL: gcc.dg/debug/dwarf2/dwarf-die7.c scan-assembler 1.*DW_AT_inline
FAIL: gcc.dg/c90-const-expr-3.c (test for excess errors)
FAIL: gcc.dg/c99-const-expr-3.c (test for excess errors)
XPASS: gcc.dg/i386-ssetype-1.c scan-assembler-not movdqa
XPASS: gcc.dg/i386-ssetype-3.c scan-assembler-not movdqa
XPASS: gcc.dg/setjmp-1.c spurious clobbered warning (test for bogus messages, line 16)
FAIL: 209: expected branch percentages not found: 25
FAIL: gcc.misc-tests/gcov-4b.c gcov: 0 failures in line counts, 1 in branch percentages, 0 in return percentages
=== gcc Summary ===
# of expected passes 26141
# of unexpected failures 6
# of unexpected successes 3
# of expected failures 65
# of untested testcases 28
# of unsupported tests 203
/home/rasky/gcc/mainline/out/gcc/xgcc version 3.5.0 20040513 (experimental)
=== libffi tests ===
Running target unix
=== libffi Summary ===
# of expected passes 212
# of unsupported tests 2
=== libjava tests ===
Running target unix
=== libjava Summary ===
# of expected passes 3363
# of expected failures 14
# of untested testcases 16
=== libmudflap tests ===
Running target unix
FAIL: libmudflap.c/fail1-frag.c (test for excess errors)
FAIL: libmudflap.c/fail10-frag.c (test for excess errors)
FAIL: libmudflap.c/fail11-frag.c (test for excess errors)
FAIL: libmudflap.c/fail12-frag.c (test for excess errors)
FAIL: libmudflap.c/fail13-frag.c (test for excess errors)
FAIL: libmudflap.c/fail14-frag.c (test for excess errors)
FAIL: libmudflap.c/fail15-frag.c (test for excess errors)
FAIL: libmudflap.c/fail16-frag.c (test for excess errors)
FAIL: libmudflap.c/fail17-frag.c (test for excess errors)
FAIL: libmudflap.c/fail18-frag.c (test for excess errors)
FAIL: libmudflap.c/fail19-frag.c (test for excess errors)
FAIL: libmudflap.c/fail2-frag.c (test for excess errors)
FAIL: libmudflap.c/fail20-frag.c (test for excess errors)
FAIL: libmudflap.c/fail21-frag.c (test for excess errors)
FAIL: libmudflap.c/fail22-frag.c (test for excess errors)
FAIL: libmudflap.c/fail23-frag.c (test for excess errors)
FAIL: libmudflap.c/fail25-frag.c (test for excess errors)
FAIL: libmudflap.c/fail26-frag.c (test for excess errors)
FAIL: libmudflap.c/fail27-frag.c (test for excess errors)
FAIL: libmudflap.c/fail28-frag.c (test for excess errors)
FAIL: libmudflap.c/fail29-frag.c (test for excess errors)
FAIL: libmudflap.c/fail3-frag.c (test for excess errors)
FAIL: libmudflap.c/fail30-frag.c (test for excess errors)
FAIL: libmudflap.c/fail31-frag.c (test for excess errors)
FAIL: libmudflap.c/fail4-frag.c (test for excess errors)
FAIL: libmudflap.c/fail5-frag.c (test for excess errors)
FAIL: libmudflap.c/fail6-frag.c (test for excess errors)
FAIL: libmudflap.c/fail7-frag.c (test for excess errors)
FAIL: libmudflap.c/fail8-frag.c (test for excess errors)
FAIL: libmudflap.c/fail9-frag.c (test for excess errors)
FAIL: libmudflap.c/hook-allocstuff.c (test for excess errors)
FAIL: libmudflap.c/pass-stratcliff.c (test for excess errors)
FAIL: libmudflap.c/pass1-frag.c (test for excess errors)
FAIL: libmudflap.c/pass10-frag.c (test for excess errors)
FAIL: libmudflap.c/pass11-frag.c (test for excess errors)
FAIL: libmudflap.c/pass12-frag.c (test for excess errors)
FAIL: libmudflap.c/pass13-frag.c (test for excess errors)
FAIL: libmudflap.c/pass14-frag.c (test for excess errors)
FAIL: libmudflap.c/pass15-frag.c (test for excess errors)
FAIL: libmudflap.c/pass16-frag.c (test for excess errors)
FAIL: libmudflap.c/pass17-frag.c (test for excess errors)
FAIL: libmudflap.c/pass18-frag.c (test for excess errors)
FAIL: libmudflap.c/pass19-frag.c (test for excess errors)
FAIL: libmudflap.c/pass2-frag.c (test for excess errors)
FAIL: libmudflap.c/pass20-frag.c (test for excess errors)
FAIL: libmudflap.c/pass21-frag.c (test for excess errors)
FAIL: libmudflap.c/pass22-frag.c (test for excess errors)
FAIL: libmudflap.c/pass23-frag.c (test for excess errors)
FAIL: libmudflap.c/pass24-frag.c (test for excess errors)
FAIL: libmudflap.c/pass25-frag.c (test for excess errors)
FAIL: libmudflap.c/pass26-frag.c (test for excess errors)
FAIL: libmudflap.c/pass29-frag.c (test for excess errors)
FAIL: libmudflap.c/pass3-frag.c (test for excess errors)
FAIL: libmudflap.c/pass30-frag.c (test for excess errors)
FAIL: libmudflap.c/pass32-frag.c (test for excess errors)
FAIL: libmudflap.c/pass33-frag.c (test for excess errors)
FAIL: libmudflap.c/pass34-frag.c (test for excess errors)
FAIL: libmudflap.c/pass35-frag.c (test for excess errors)
FAIL: libmudflap.c/pass36-frag.c (test for excess errors)
FAIL: libmudflap.c/pass38-frag.c (test for excess errors)
FAIL: libmudflap.c/pass4-frag.c (test for excess errors)
FAIL: libmudflap.c/pass42-frag.c (test for excess errors)
FAIL: libmudflap.c/pass43-frag.c (test for excess errors)
FAIL: libmudflap.c/pass44-frag.c (test for excess errors)
FAIL: libmudflap.c/pass45-frag.c (test for excess errors)
FAIL: libmudflap.c/pass46-frag.c (test for excess errors)
FAIL: libmudflap.c/pass5-frag.c (test for excess errors)
FAIL: libmudflap.c/pass6-frag.c (test for excess errors)
FAIL: libmudflap.c/pass7-frag.c (test for excess errors)
FAIL: libmudflap.c/pass8-frag.c (test for excess errors)
FAIL: libmudflap.c/pass9-frag.c (test for excess errors)
FAIL: libmudflap.c/fail1-frag.c (-static) (test for excess errors)
FAIL: libmudflap.c/fail10-frag.c (-static) (test for excess errors)
FAIL: libmudflap.c/fail11-frag.c (-static) (test for excess errors)
FAIL: libmudflap.c/fail12-frag.c (-static) (test for excess errors)
FAIL: libmudflap.c/fail13-frag.c (-static) (test for excess errors)
FAIL: libmudflap.c/fail14-frag.c (-static) (test for excess errors)
FAIL: libmudflap.c/fail15-frag.c (-static) (test for excess errors)
FAIL: libmudflap.c/fail16-frag.c (-static) (test for excess errors)
FAIL: libmudflap.c/fail17-frag.c (-static) (test for excess errors)
FAIL: libmudflap.c/fail18-frag.c (-static) (test for excess errors)
FAIL: libmudflap.c/fail19-frag.c (-static) (test for excess errors)
FAIL: libmudflap.c/fail2-frag.c (-static) (test for excess errors)
FAIL: libmudflap.c/fail20-frag.c (-static) (test for excess errors)
FAIL: libmudflap.c/fail21-frag.c (-static) (test for excess errors)
FAIL: libmudflap.c/fail22-frag.c (-static) (test for excess errors)
FAIL: libmudflap.c/fail23-frag.c (-static) (test for excess errors)
FAIL: libmudflap.c/fail25-frag.c (-static) (test for excess errors)
FAIL: libmudflap.c/fail26-frag.c (-static) (test for excess errors)
FAIL: libmudflap.c/fail27-frag.c (-static) (test for excess errors)
FAIL: libmudflap.c/fail28-frag.c (-static) (test for excess errors)
FAIL: libmudflap.c/fail29-frag.c (-static) (test for excess errors)
FAIL: libmudflap.c/fail3-frag.c (-static) (test for excess errors)
FAIL: libmudflap.c/fail30-frag.c (-static) (test for excess errors)
FAIL: libmudflap.c/fail31-frag.c (-static) (test for excess errors)
FAIL: libmudflap.c/fail4-frag.c (-static) (test for excess errors)
FAIL: libmudflap.c/fail5-frag.c (-static) (test for excess errors)
FAIL: libmudflap.c/fail6-frag.c (-static) (test for excess errors)
FAIL: libmudflap.c/fail7-frag.c (-static) (test for excess errors)
FAIL: libmudflap.c/fail8-frag.c (-static) (test for excess errors)
FAIL: libmudflap.c/fail9-frag.c (-static) (test for excess errors)
FAIL: libmudflap.c/hook-allocstuff.c (-static) (test for excess errors)
FAIL: libmudflap.c/pass-stratcliff.c (-static) (test for excess errors)
FAIL: libmudflap.c/pass1-frag.c (-static) (test for excess errors)
FAIL: libmudflap.c/pass10-frag.c (-static) (test for excess errors)
FAIL: libmudflap.c/pass11-frag.c (-static) (test for excess errors)
FAIL: libmudflap.c/pass12-frag.c (-static) (test for excess errors)
FAIL: libmudflap.c/pass13-frag.c (-static) (test for excess errors)
FAIL: libmudflap.c/pass14-frag.c (-static) (test for excess errors)
FAIL: libmudflap.c/pass15-frag.c (-static) (test for excess errors)
FAIL: libmudflap.c/pass16-frag.c (-static) (test for excess errors)
FAIL: libmudflap.c/pass17-frag.c (-static) (test for excess errors)
FAIL: libmudflap.c/pass18-frag.c (-static) (test for excess errors)
FAIL: libmudflap.c/pass19-frag.c (-static) (test for excess errors)
FAIL: libmudflap.c/pass2-frag.c (-static) (test for excess errors)
FAIL: libmudflap.c/pass20-frag.c (-static) (test for excess errors)
FAIL: libmudflap.c/pass21-frag.c (-static) (test for excess errors)
FAIL: libmudflap.c/pass22-frag.c (-static) (test for excess errors)
FAIL: libmudflap.c/pass23-frag.c (-static) (test for excess errors)
FAIL: libmudflap.c/pass24-frag.c (-static) (test for excess errors)
FAIL: libmudflap.c/pass25-frag.c (-static) (test for excess errors)
FAIL: libmudflap.c/pass26-frag.c (-static) (test for excess errors)
FAIL: libmudflap.c/pass29-frag.c (-static) (test for excess errors)
FAIL: libmudflap.c/pass3-frag.c (-static) (test for excess errors)
FAIL: libmudflap.c/pass30-frag.c (-static) (test for excess errors)
FAIL: libmudflap.c/pass32-frag.c (-static) (test for excess errors)
FAIL: libmudflap.c/pass33-frag.c (-static) (test for excess errors)
FAIL: libmudflap.c/pass34-frag.c (-static) (test for excess errors)
FAIL: libmudflap.c/pass35-frag.c (-static) (test for excess errors)
FAIL: libmudflap.c/pass36-frag.c (-static) (test for excess errors)
FAIL: libmudflap.c/pass38-frag.c (-static) (test for excess errors)
FAIL: libmudflap.c/pass4-frag.c (-static) (test for excess errors)
FAIL: libmudflap.c/pass42-frag.c (-static) (test for excess errors)
FAIL: libmudflap.c/pass43-frag.c (-static) (test for excess errors)
FAIL: libmudflap.c/pass44-frag.c (-static) (test for excess errors)
FAIL: libmudflap.c/pass45-frag.c (-static) (test for excess errors)
FAIL: libmudflap.c/pass46-frag.c (-static) (test for excess errors)
FAIL: libmudflap.c/pass5-frag.c (-static) (test for excess errors)
FAIL: libmudflap.c/pass6-frag.c (-static) (test for excess errors)
FAIL: libmudflap.c/pass7-frag.c (-static) (test for excess errors)
FAIL: libmudflap.c/pass8-frag.c (-static) (test for excess errors)
FAIL: libmudflap.c/pass9-frag.c (-static) (test for excess errors)
FAIL: libmudflap.c/fail1-frag.c (-O2) (test for excess errors)
FAIL: libmudflap.c/fail10-frag.c (-O2) (test for excess errors)
FAIL: libmudflap.c/fail11-frag.c (-O2) (test for excess errors)
FAIL: libmudflap.c/fail12-frag.c (-O2) (test for excess errors)
FAIL: libmudflap.c/fail13-frag.c (-O2) (test for excess errors)
FAIL: libmudflap.c/fail14-frag.c (-O2) (test for excess errors)
FAIL: libmudflap.c/fail15-frag.c (-O2) (test for excess errors)
FAIL: libmudflap.c/fail16-frag.c (-O2) (test for excess errors)
FAIL: libmudflap.c/fail17-frag.c (-O2) (test for excess errors)
FAIL: libmudflap.c/fail18-frag.c (-O2) (test for excess errors)
FAIL: libmudflap.c/fail19-frag.c (-O2) (test for excess errors)
FAIL: libmudflap.c/fail2-frag.c (-O2) (test for excess errors)
FAIL: libmudflap.c/fail20-frag.c (-O2) (test for excess errors)
FAIL: libmudflap.c/fail21-frag.c (-O2) (test for excess errors)
FAIL: libmudflap.c/fail22-frag.c (-O2) (test for excess errors)
FAIL: libmudflap.c/fail23-frag.c (-O2) (test for excess errors)
FAIL: libmudflap.c/fail25-frag.c (-O2) (test for excess errors)
FAIL: libmudflap.c/fail26-frag.c (-O2) (test for excess errors)
FAIL: libmudflap.c/fail27-frag.c (-O2) (test for excess errors)
FAIL: libmudflap.c/fail28-frag.c (-O2) (test for excess errors)
FAIL: libmudflap.c/fail29-frag.c (-O2) (test for excess errors)
FAIL: libmudflap.c/fail3-frag.c (-O2) (test for excess errors)
FAIL: libmudflap.c/fail30-frag.c (-O2) (test for excess errors)
FAIL: libmudflap.c/fail31-frag.c (-O2) (test for excess errors)
FAIL: libmudflap.c/fail4-frag.c (-O2) (test for excess errors)
FAIL: libmudflap.c/fail5-frag.c (-O2) (test for excess errors)
FAIL: libmudflap.c/fail6-frag.c (-O2) (test for excess errors)
FAIL: libmudflap.c/fail7-frag.c (-O2) (test for excess errors)
FAIL: libmudflap.c/fail8-frag.c (-O2) (test for excess errors)
FAIL: libmudflap.c/fail9-frag.c (-O2) (test for excess errors)
FAIL: libmudflap.c/hook-allocstuff.c (-O2) (test for excess errors)
FAIL: libmudflap.c/pass-stratcliff.c (-O2) (test for excess errors)
FAIL: libmudflap.c/pass1-frag.c (-O2) (test for excess errors)
FAIL: libmudflap.c/pass10-frag.c (-O2) (test for excess errors)
FAIL: libmudflap.c/pass11-frag.c (-O2) (test for excess errors)
FAIL: libmudflap.c/pass12-frag.c (-O2) (test for excess errors)
FAIL: libmudflap.c/pass13-frag.c (-O2) (test for excess errors)
FAIL: libmudflap.c/pass14-frag.c (-O2) (test for excess errors)
FAIL: libmudflap.c/pass15-frag.c (-O2) (test for excess errors)
FAIL: libmudflap.c/pass16-frag.c (-O2) (test for excess errors)
FAIL: libmudflap.c/pass17-frag.c (-O2) (test for excess errors)
FAIL: libmudflap.c/pass18-frag.c (-O2) (test for excess errors)
FAIL: libmudflap.c/pass19-frag.c (-O2) (test for excess errors)
FAIL: libmudflap.c/pass2-frag.c (-O2) (test for excess errors)
FAIL: libmudflap.c/pass20-frag.c (-O2) (test for excess errors)
FAIL: libmudflap.c/pass21-frag.c (-O2) (test for excess errors)
FAIL: libmudflap.c/pass22-frag.c (-O2) (test for excess errors)
FAIL: libmudflap.c/pass23-frag.c (-O2) (test for excess errors)
FAIL: libmudflap.c/pass24-frag.c (-O2) (test for excess errors)
FAIL: libmudflap.c/pass25-frag.c (-O2) (test for excess errors)
FAIL: libmudflap.c/pass26-frag.c (-O2) (test for excess errors)
FAIL: libmudflap.c/pass29-frag.c (-O2) (test for excess errors)
FAIL: libmudflap.c/pass3-frag.c (-O2) (test for excess errors)
FAIL: libmudflap.c/pass30-frag.c (-O2) (test for excess errors)
FAIL: libmudflap.c/pass32-frag.c (-O2) (test for excess errors)
FAIL: libmudflap.c/pass33-frag.c (-O2) (test for excess errors)
FAIL: libmudflap.c/pass34-frag.c (-O2) (test for excess errors)
FAIL: libmudflap.c/pass35-frag.c (-O2) (test for excess errors)
FAIL: libmudflap.c/pass36-frag.c (-O2) (test for excess errors)
FAIL: libmudflap.c/pass38-frag.c (-O2) (test for excess errors)
FAIL: libmudflap.c/pass4-frag.c (-O2) (test for excess errors)
FAIL: libmudflap.c/pass42-frag.c (-O2) (test for excess errors)
FAIL: libmudflap.c/pass43-frag.c (-O2) (test for excess errors)
FAIL: libmudflap.c/pass44-frag.c (-O2) (test for excess errors)
FAIL: libmudflap.c/pass45-frag.c (-O2) (test for excess errors)
FAIL: libmudflap.c/pass46-frag.c (-O2) (test for excess errors)
FAIL: libmudflap.c/pass5-frag.c (-O2) (test for excess errors)
FAIL: libmudflap.c/pass6-frag.c (-O2) (test for excess errors)
FAIL: libmudflap.c/pass7-frag.c (-O2) (test for excess errors)
FAIL: libmudflap.c/pass8-frag.c (-O2) (test for excess errors)
FAIL: libmudflap.c/pass9-frag.c (-O2) (test for excess errors)
FAIL: libmudflap.c/fail1-frag.c (-O3) (test for excess errors)
FAIL: libmudflap.c/fail10-frag.c (-O3) (test for excess errors)
FAIL: libmudflap.c/fail11-frag.c (-O3) (test for excess errors)
FAIL: libmudflap.c/fail12-frag.c (-O3) (test for excess errors)
FAIL: libmudflap.c/fail13-frag.c (-O3) (test for excess errors)
FAIL: libmudflap.c/fail14-frag.c (-O3) (test for excess errors)
FAIL: libmudflap.c/fail15-frag.c (-O3) (test for excess errors)
FAIL: libmudflap.c/fail16-frag.c (-O3) (test for excess errors)
FAIL: libmudflap.c/fail17-frag.c (-O3) (test for excess errors)
FAIL: libmudflap.c/fail18-frag.c (-O3) (test for excess errors)
FAIL: libmudflap.c/fail19-frag.c (-O3) (test for excess errors)
FAIL: libmudflap.c/fail2-frag.c (-O3) (test for excess errors)
FAIL: libmudflap.c/fail20-frag.c (-O3) (test for excess errors)
FAIL: libmudflap.c/fail21-frag.c (-O3) (test for excess errors)
FAIL: libmudflap.c/fail22-frag.c (-O3) (test for excess errors)
FAIL: libmudflap.c/fail23-frag.c (-O3) (test for excess errors)
FAIL: libmudflap.c/fail25-frag.c (-O3) (test for excess errors)
FAIL: libmudflap.c/fail26-frag.c (-O3) (test for excess errors)
FAIL: libmudflap.c/fail27-frag.c (-O3) (test for excess errors)
FAIL: libmudflap.c/fail28-frag.c (-O3) (test for excess errors)
FAIL: libmudflap.c/fail29-frag.c (-O3) (test for excess errors)
FAIL: libmudflap.c/fail3-frag.c (-O3) (test for excess errors)
FAIL: libmudflap.c/fail30-frag.c (-O3) (test for excess errors)
FAIL: libmudflap.c/fail31-frag.c (-O3) (test for excess errors)
FAIL: libmudflap.c/fail4-frag.c (-O3) (test for excess errors)
FAIL: libmudflap.c/fail5-frag.c (-O3) (test for excess errors)
FAIL: libmudflap.c/fail6-frag.c (-O3) (test for excess errors)
FAIL: libmudflap.c/fail7-frag.c (-O3) (test for excess errors)
FAIL: libmudflap.c/fail8-frag.c (-O3) (test for excess errors)
FAIL: libmudflap.c/fail9-frag.c (-O3) (test for excess errors)
FAIL: libmudflap.c/hook-allocstuff.c (-O3) (test for excess errors)
FAIL: libmudflap.c/pass-stratcliff.c (-O3) (test for excess errors)
FAIL: libmudflap.c/pass1-frag.c (-O3) (test for excess errors)
FAIL: libmudflap.c/pass10-frag.c (-O3) (test for excess errors)
FAIL: libmudflap.c/pass11-frag.c (-O3) (test for excess errors)
FAIL: libmudflap.c/pass12-frag.c (-O3) (test for excess errors)
FAIL: libmudflap.c/pass13-frag.c (-O3) (test for excess errors)
FAIL: libmudflap.c/pass14-frag.c (-O3) (test for excess errors)
FAIL: libmudflap.c/pass15-frag.c (-O3) (test for excess errors)
FAIL: libmudflap.c/pass16-frag.c (-O3) (test for excess errors)
FAIL: libmudflap.c/pass17-frag.c (-O3) (test for excess errors)
FAIL: libmudflap.c/pass18-frag.c (-O3) (test for excess errors)
FAIL: libmudflap.c/pass19-frag.c (-O3) (test for excess errors)
FAIL: libmudflap.c/pass2-frag.c (-O3) (test for excess errors)
FAIL: libmudflap.c/pass20-frag.c (-O3) (test for excess errors)
FAIL: libmudflap.c/pass21-frag.c (-O3) (test for excess errors)
FAIL: libmudflap.c/pass22-frag.c (-O3) (test for excess errors)
FAIL: libmudflap.c/pass23-frag.c (-O3) (test for excess errors)
FAIL: libmudflap.c/pass24-frag.c (-O3) (test for excess errors)
FAIL: libmudflap.c/pass25-frag.c (-O3) (test for excess errors)
FAIL: libmudflap.c/pass26-frag.c (-O3) (test for excess errors)
FAIL: libmudflap.c/pass29-frag.c (-O3) (test for excess errors)
FAIL: libmudflap.c/pass3-frag.c (-O3) (test for excess errors)
FAIL: libmudflap.c/pass30-frag.c (-O3) (test for excess errors)
FAIL: libmudflap.c/pass32-frag.c (-O3) (test for excess errors)
FAIL: libmudflap.c/pass33-frag.c (-O3) (test for excess errors)
FAIL: libmudflap.c/pass34-frag.c (-O3) (test for excess errors)
FAIL: libmudflap.c/pass35-frag.c (-O3) (test for excess errors)
FAIL: libmudflap.c/pass36-frag.c (-O3) (test for excess errors)
FAIL: libmudflap.c/pass38-frag.c (-O3) (test for excess errors)
FAIL: libmudflap.c/pass4-frag.c (-O3) (test for excess errors)
FAIL: libmudflap.c/pass42-frag.c (-O3) (test for excess errors)
FAIL: libmudflap.c/pass43-frag.c (-O3) (test for excess errors)
FAIL: libmudflap.c/pass44-frag.c (-O3) (test for excess errors)
FAIL: libmudflap.c/pass45-frag.c (-O3) (test for excess errors)
FAIL: libmudflap.c/pass46-frag.c (-O3) (test for excess errors)
FAIL: libmudflap.c/pass5-frag.c (-O3) (test for excess errors)
FAIL: libmudflap.c/pass6-frag.c (-O3) (test for excess errors)
FAIL: libmudflap.c/pass7-frag.c (-O3) (test for excess errors)
FAIL: libmudflap.c/pass8-frag.c (-O3) (test for excess errors)
FAIL: libmudflap.c/pass9-frag.c (-O3) (test for excess errors)
FAIL: libmudflap.c++/fail24-frag.cxx (test for excess errors)
FAIL: libmudflap.c++/pass27-frag.cxx (test for excess errors)
FAIL: libmudflap.c++/pass28-frag.cxx (test for excess errors)
FAIL: libmudflap.c++/pass31-frag.cxx (test for excess errors)
FAIL: libmudflap.c++/pass41-frag.cxx (test for excess errors)
WARNING: libmudflap.c++/pass41-frag.cxx compilation failed to produce executable
FAIL: libmudflap.c++/fail24-frag.cxx (-static) (test for excess errors)
FAIL: libmudflap.c++/pass27-frag.cxx (-static) (test for excess errors)
FAIL: libmudflap.c++/pass28-frag.cxx (-static) (test for excess errors)
FAIL: libmudflap.c++/pass31-frag.cxx (-static) (test for excess errors)
FAIL: libmudflap.c++/pass41-frag.cxx (-static) (test for excess errors)
WARNING: libmudflap.c++/pass41-frag.cxx (-static) compilation failed to produce executable
FAIL: libmudflap.c++/fail24-frag.cxx (-O2) (test for excess errors)
FAIL: libmudflap.c++/pass27-frag.cxx (-O2) (test for excess errors)
FAIL: libmudflap.c++/pass28-frag.cxx (-O2) (test for excess errors)
FAIL: libmudflap.c++/pass31-frag.cxx (-O2) (test for excess errors)
FAIL: libmudflap.c++/pass41-frag.cxx (-O2) (test for excess errors)
WARNING: libmudflap.c++/pass41-frag.cxx (-O2) compilation failed to produce executable
FAIL: libmudflap.c++/fail24-frag.cxx (-O3) (test for excess errors)
FAIL: libmudflap.c++/pass27-frag.cxx (-O3) (test for excess errors)
FAIL: libmudflap.c++/pass28-frag.cxx (-O3) (test for excess errors)
FAIL: libmudflap.c++/pass31-frag.cxx (-O3) (test for excess errors)
FAIL: libmudflap.c++/pass41-frag.cxx (-O3) (test for excess errors)
WARNING: libmudflap.c++/pass41-frag.cxx (-O3) compilation failed to produce executable
FAIL: libmudflap.cth/pass37-frag.c (test for excess errors)
FAIL: libmudflap.cth/pass39-frag.c (test for excess errors)
FAIL: libmudflap.cth/pass40-frag.c (test for excess errors)
FAIL: libmudflap.cth/pass37-frag.c (-static -DSTATIC) (test for excess errors)
FAIL: libmudflap.cth/pass39-frag.c (-static -DSTATIC) (test for excess errors)
FAIL: libmudflap.cth/pass40-frag.c (-static -DSTATIC) (test for excess errors)
FAIL: libmudflap.cth/pass37-frag.c (-O2) (test for excess errors)
FAIL: libmudflap.cth/pass39-frag.c (-O2) (test for excess errors)
FAIL: libmudflap.cth/pass40-frag.c (-O2) (test for excess errors)
FAIL: libmudflap.cth/pass37-frag.c (-O3) (test for excess errors)
FAIL: libmudflap.cth/pass39-frag.c (-O3) (test for excess errors)
FAIL: libmudflap.cth/pass40-frag.c (-O3) (test for excess errors)
=== libmudflap Summary ===
# of expected passes 772
# of unexpected failures 316
=== libstdc++-v3 check-abi Summary ===
# of added symbols: 302
# of missing symbols: 283
# of incompatible symbols: 283
=== libstdc++ tests ===
Running target unix
FAIL: 22_locale/collate/compare/wchar_t/wrapped_env.cc (test for excess errors)
FAIL: 22_locale/collate/compare/wchar_t/wrapped_locale.cc (test for excess errors)
FAIL: 22_locale/collate/hash/wchar_t/wrapped_env.cc (test for excess errors)
FAIL: 22_locale/collate/hash/wchar_t/wrapped_locale.cc (test for excess errors)
FAIL: 22_locale/collate/transform/wchar_t/wrapped_env.cc (test for excess errors)
FAIL: 22_locale/collate/transform/wchar_t/wrapped_locale.cc (test for excess errors)
XPASS: 26_numerics/c99_classification_macros_c.cc (test for excess errors)
FAIL: backward/header_deque_h.cc (test for excess errors)
FAIL: backward/header_hash_map_h.cc (test for excess errors)
FAIL: backward/header_hash_set_h.cc (test for excess errors)
FAIL: backward/header_iterator_h.cc (test for excess errors)
FAIL: backward/header_slist_h.cc (test for excess errors)
FAIL: backward/header_tempbuf_h.cc (test for excess errors)
FAIL: thread/pthread7-rope.cc (test for excess errors)
=== libstdc++ Summary ===
# of expected passes 2654
# of unexpected failures 13
# of unexpected successes 1
# of expected failures 5
Compiler version: 3.5.0 20040513 (experimental)
Platform: i686-pc-linux-gnu
configure flags: --enable-languages=c,c++,java
More information about the Gcc-testresults
mailing list