Results for 3.5.0 20040505 (experimental) testsuite on sparc-sun-solaris2.6
Eric Botcazou
eric@localhost.localdomain
Wed May 5 15:42:00 GMT 2004
LAST_UPDATED: Wed May 5 03:57:21 UTC 2004
Native configuration is sparc-sun-solaris2.6
=== g++ tests ===
Running target unix
WARNING: g++.old-deja/g++.mike/p10769a.C compilation failed to produce executable
WARNING: g++.old-deja/g++.other/enum5.C compilation failed to produce executable
FAIL: g++.old-deja/g++.other/warn7.C (test for warnings, line 38)
WARNING: g++.old-deja/g++.pt/friend44.C compilation failed to produce executable
=== g++ Summary ===
# of expected passes 9467
# of unexpected failures 1
# of expected failures 84
# of unsupported tests 83
/opt/build/eric/gcc/gcc/testsuite/../g++ version 3.5.0 20040505 (experimental)
=== g77 tests ===
Running target unix
=== g77 Summary ===
# of expected passes 1788
# of unsupported tests 6
/opt/build/eric/gcc/gcc/testsuite/../g77 version 3.5.0 20040505 (experimental)
=== gcc tests ===
Running target unix
XPASS: gcc.dg/cpp/cmdlne-dI-M.c scan-file (^|\\\\n)cmdlne-dI-M.*:[^\\\\n]*cmdlne-dI-M.c
XPASS: gcc.dg/cpp/cmdlne-dM-M.c scan-file (^|\\\\n)cmdlne-dM-M[^\\\\n]*:[^\\\\n]*cmdlne-dM-M.c
FAIL: gcc.dg/c90-const-expr-3.c (test for excess errors)
FAIL: gcc.dg/c99-const-expr-3.c (test for excess errors)
WARNING: gcc.dg/titype-1.c compilation failed to produce executable
UNRESOLVED: gcc.dg/visibility-1.c
UNRESOLVED: gcc.dg/visibility-2.c
UNRESOLVED: gcc.dg/visibility-3.c
UNRESOLVED: gcc.dg/visibility-4.c
UNRESOLVED: gcc.dg/visibility-5.c
UNRESOLVED: gcc.dg/visibility-6.c
UNRESOLVED: gcc.dg/visibility-7.c
UNRESOLVED: gcc.dg/visibility-8.c
FAIL: largefile.c -O0 -g (test for excess errors)
FAIL: largefile.c -O0 (test for excess errors)
FAIL: largefile.c -O1 (test for excess errors)
FAIL: largefile.c -O2 (test for excess errors)
FAIL: largefile.c -O3 -fomit-frame-pointer (test for excess errors)
FAIL: largefile.c -O3 -g (test for excess errors)
FAIL: largefile.c -Os (test for excess errors)
=== gcc Summary ===
# of expected passes 24767
# of unexpected failures 9
# of unexpected successes 2
# of expected failures 56
# of unresolved testcases 8
# of untested testcases 35
# of unsupported tests 342
/opt/build/eric/gcc/gcc/xgcc version 3.5.0 20040505 (experimental)
=== objc tests ===
Running target unix
=== objc Summary ===
# of expected passes 1339
# of unsupported tests 8
/opt/build/eric/gcc/gcc/xgcc version 3.5.0 20040505 (experimental)
=== libffi tests ===
Running target unix
=== libffi Summary ===
# of expected passes 212
# of unsupported tests 2
=== libjava tests ===
Running target unix
FAIL: Array_3 execution - gij test
FAIL: Array_3 execution - gij test
FAIL: FileHandleGcTest execution - gij test
FAIL: FileHandleGcTest execution - gij test
=== libjava Summary ===
# of expected passes 3323
# of unexpected failures 4
# of expected failures 14
# of untested testcases 20
=== libstdc++ tests ===
Running target unix
FAIL: 22_locale/ctype/is/char/1.cc execution test
FAIL: 27_io/basic_filebuf/sgetn/char/1-in.cc execution test
FAIL: 27_io/basic_filebuf/sgetn/char/1-io.cc execution test
FAIL: 27_io/basic_filebuf/sgetn/char/2-in.cc execution test
FAIL: 27_io/basic_filebuf/sgetn/char/2-io.cc execution test
FAIL: 27_io/basic_istream/readsome/char/6746-2.cc execution test
FAIL: thread/pthread1.cc (test for excess errors)
WARNING: thread/pthread1.cc compilation failed to produce executable
FAIL: thread/pthread2.cc (test for excess errors)
WARNING: thread/pthread2.cc compilation failed to produce executable
FAIL: thread/pthread3.cc (test for excess errors)
WARNING: thread/pthread3.cc compilation failed to produce executable
FAIL: thread/pthread4.cc (test for excess errors)
WARNING: thread/pthread4.cc compilation failed to produce executable
FAIL: thread/pthread5.cc (test for excess errors)
WARNING: thread/pthread5.cc compilation failed to produce executable
FAIL: thread/pthread6.cc (test for excess errors)
WARNING: thread/pthread6.cc compilation failed to produce executable
FAIL: thread/pthread7-rope.cc (test for excess errors)
WARNING: thread/pthread7-rope.cc compilation failed to produce executable
=== libstdc++ Summary ===
# of expected passes 1978
# of unexpected failures 13
# of expected failures 5
Compiler version: 3.5.0 20040505 (experimental)
Platform: sparc-sun-solaris2.6
configure flags: --prefix=/opt/build/eric/local/gcc-3.5.0 --disable-checking --enable-languages=c,c++,f77,java,objc
BOOT_CFLAGS=-g -O2
More information about the Gcc-testresults
mailing list