Results for 3.5.0 20040327 (experimental) testsuite on i686-pc-linux-gnu
David Kredba
kredba@ibot.cas.cz
Sun Mar 28 07:50:00 GMT 2004
LAST_UPDATED: Obtained from CVS: -D2004-03-27 01:29 UTC
=== acats tests ===
=== acats Summary ===
# of expected passes 2322
# of unexpected failures 0
Native configuration is i686-pc-linux-gnu
=== gcc tests ===
Running target unix
FAIL: gcc.c-torture/execute/va-arg-25.c execution, -Os
FAIL: gcc.dg/c90-const-expr-3.c (test for excess errors)
FAIL: gcc.dg/c99-const-expr-3.c (test for excess errors)
=== gcc Summary ===
# of expected passes 25746
# of unexpected failures 3
# of expected failures 62
# of untested testcases 7
# of unsupported tests 186
/home/dave/gcc/gcc/gcc/xgcc version 3.5.0 20040327 (experimental)
=== g++ tests ===
Running target unix
FAIL: g++.dg/bprob/g++-bprob-1.C compilation, -g -fprofile-arcs
UNRESOLVED: g++.dg/bprob/g++-bprob-1.C execution, -g -fprofile-arcs
UNRESOLVED: g++.dg/bprob/g++-bprob-1.C compilation, -g
-fbranch-probabilities
UNRESOLVED: g++.dg/bprob/g++-bprob-1.C execution, -g
-fbranch-probabilities
FAIL: g++.dg/bprob/g++-bprob-1.C compilation, -O3 -g -fprofile-arcs
UNRESOLVED: g++.dg/bprob/g++-bprob-1.C execution, -O3 -g -fprofile-arcs
UNRESOLVED: g++.dg/bprob/g++-bprob-1.C compilation, -O3 -g
-fbranch-probabilities
UNRESOLVED: g++.dg/bprob/g++-bprob-1.C execution, -O3 -g
-fbranch-probabilities
WARNING: g++.old-deja/g++.mike/p10769a.C compilation failed to produce
executable
WARNING: g++.old-deja/g++.other/enum5.C compilation failed to produce
executable
XPASS: g++.old-deja/g++.other/init5.C execution test
WARNING: g++.old-deja/g++.pt/friend44.C compilation failed to produce
executable
=== g++ Summary ===
# of expected passes 9722
# of unexpected failures 2
# of unexpected successes 1
# of expected failures 78
# of unresolved testcases 6
# of unsupported tests 37
/home/dave/gcc/gcc/gcc/testsuite/../g++ version 3.5.0 20040327
(experimental)
=== g77 tests ===
Running target unix
=== g77 Summary ===
# of expected passes 1800
/home/dave/gcc/gcc/gcc/testsuite/../g77 version 3.5.0 20040327
(experimental)
=== objc tests ===
Running target unix
=== objc Summary ===
# of expected passes 1339
# of unsupported tests 8
/home/dave/gcc/gcc/gcc/xgcc version 3.5.0 20040327 (experimental)
Compiler version: 3.5.0 20040327 (experimental)
Platform: i686-pc-linux-gnu
configure flags: --prefix=/opt --enable-shared --enable-threads=posix
--enable-checking --enable-long-long --enable-__cxa_atexit
--enable-clocale=gnu --with-system-zlib --enable-libada
--enable-languages=c,ada,c++,f77,objc
--
David Kredba <kredba at ibot.cas.cz>
GPG: ID 1024/BB7FB39D
Fingerprint: F0B3312596BEDCF91DFB 0699E06AACD75B6B02DE
More information about the Gcc-testresults
mailing list